000
CDUS42 KCAE 190617
CLICUB


CLIMATE REPORT
NATIONAL WEATHER SERVICE COLUMBIA SC
116 AM EST MON FEB 19 2018


...................................

...THE HAMILTON - OWENS AIRPORT SC CLIMATE SUMMARY FOR FEBRUARY 18 2018...

CLIMATE NORMAL PERIOD 1981 TO 2010
CLIMATE RECORD PERIOD 9999 TO 9999


WEATHER ITEM   OBSERVED TIME   NORMAL DEPARTURE LAST
                VALUE   (LST)  VALUE  FROM      YEAR
                                      NORMAL
......................................................
TEMPERATURE (F)
 YESTERDAY
  MAXIMUM         69    350 PM  61      8       68
  MINIMUM         52    745 AM  39     13       41
  AVERAGE         61            50     11       55

PRECIPITATION (IN)
  YESTERDAY        T             0.15  -0.15      T
  MONTH TO DATE    1.09          2.18  -1.09     1.55
  SINCE DEC 1      6.73          9.01  -2.28    11.07
  SINCE JAN 1      3.40          5.81  -2.41     7.69

DEGREE DAYS
 HEATING
  YESTERDAY        4            15    -11       10
  MONTH TO DATE  178           297   -119      176
  SINCE DEC 1   1299          1418   -119      962
  SINCE JUL 1   1652          1789   -137     1223

 COOLING
  YESTERDAY        0             0      0        0
  MONTH TO DATE   15             0     15        4
  SINCE DEC 1     16             5     11        7
  SINCE JAN 1     16             1     15        6
......................................................


WIND (MPH)
  HIGHEST WIND SPEED    13   HIGHEST WIND DIRECTION     S (160)
  HIGHEST GUST SPEED    16   HIGHEST GUST DIRECTION     S (170)
  AVERAGE WIND SPEED     4.4


SKY COVER
  AVERAGE SKY COVER 0.7


WEATHER CONDITIONS
 THE FOLLOWING WEATHER WAS RECORDED YESTERDAY.
  LIGHT RAIN


RELATIVE HUMIDITY (PERCENT)
 HIGHEST    93           800 AM
 LOWEST     42           300 PM

..........................................................


THE HAMILTON - OWENS AIRPORT SC CLIMATE NORMALS FOR TODAY
                         NORMAL    RECORD    YEAR
 MAXIMUM TEMPERATURE (F)   61        MM        MM
 MINIMUM TEMPERATURE (F)   39        MM        MM


SUNRISE AND SUNSET
FEBRUARY 19 2018......SUNRISE   704 AM EST   SUNSET   612 PM EST
FEBRUARY 20 2018......SUNRISE   703 AM EST   SUNSET   613 PM EST


-  INDICATES NEGATIVE NUMBERS.
R  INDICATES RECORD WAS SET OR TIED.
MM INDICATES DATA IS MISSING.
T  INDICATES TRACE AMOUNT.




$$
