000
CDUS42 KCAE 222228
CLICUB


CLIMATE REPORT
NATIONAL WEATHER SERVICE COLUMBIA SC
527 PM EST WED NOV 22 2017


...................................

...THE HAMILTON - OWENS AIRPORT SC CLIMATE SUMMARY FOR NOVEMBER 22 2017...
VALID TODAY AS OF 0500 PM LOCAL TIME.

CLIMATE NORMAL PERIOD 1981 TO 2010
CLIMATE RECORD PERIOD 9999 TO 9999


WEATHER ITEM   OBSERVED TIME   NORMAL DEPARTURE LAST
                VALUE   (LST)  VALUE  FROM      YEAR
                                      NORMAL
......................................................
TEMPERATURE (F)
 TODAY
  MAXIMUM         68    336 PM  66      2       63
  MINIMUM         52    728 AM  43      9       33
  AVERAGE         60            54      6       48

PRECIPITATION (IN)
  TODAY            0.06          0.10  -0.04     0.00
  MONTH TO DATE    1.22          2.13  -0.91     0.97
  SINCE SEP 1      6.67          9.49  -2.82    11.31
  SINCE JAN 1     42.87         41.34   1.53    39.04

DEGREE DAYS
 HEATING
  TODAY            5            11     -6       17
  MONTH TO DATE  186           185      1      177
  SINCE SEP 1    247           274    -27      205
  SINCE JUL 1    247           274    -27      205

 COOLING
  TODAY            0             0      0        0
  MONTH TO DATE   25            11     14        9
  SINCE SEP 1    591           435    156      604
  SINCE JAN 1   2691          2253    438     2838
......................................................


WIND (MPH)
  HIGHEST WIND SPEED     8   HIGHEST WIND DIRECTION    NE (50)
  HIGHEST GUST SPEED    13   HIGHEST GUST DIRECTION    NE (40)
  AVERAGE WIND SPEED     2.2


SKY COVER
  AVERAGE SKY COVER 0.6


WEATHER CONDITIONS
 THE FOLLOWING WEATHER WAS RECORDED TODAY.
  HEAVY RAIN
  RAIN
  LIGHT RAIN
  FOG
  FOG W/VISIBILITY <= 1/4 MILE


RELATIVE HUMIDITY (PERCENT)
 HIGHEST   100           300 AM
 LOWEST     45           200 PM
 AVERAGE    73

..........................................................


THE HAMILTON - OWENS AIRPORT SC CLIMATE NORMALS FOR TOMORROW
                         NORMAL
 MAXIMUM TEMPERATURE (F)   65
 MINIMUM TEMPERATURE (F)   43


SUNRISE AND SUNSET
NOVEMBER 22 2017......SUNRISE   703 AM EST   SUNSET   517 PM EST
NOVEMBER 23 2017......SUNRISE   704 AM EST   SUNSET   517 PM EST


-  INDICATES NEGATIVE NUMBERS.
R  INDICATES RECORD WAS SET OR TIED.
MM INDICATES DATA IS MISSING.
T  INDICATES TRACE AMOUNT.




$$
