787
CDUS42 KCAE 110622
CLICUB


CLIMATE REPORT
NATIONAL WEATHER SERVICE COLUMBIA SC
122 AM EST THU FEB 11 2016


...................................

...THE HAMILTON - OWENS AIRPORT SC CLIMATE SUMMARY FOR FEBRUARY 10 2016...

CLIMATE NORMAL PERIOD 1981 TO 2010
CLIMATE RECORD PERIOD 9999 TO 9999


WEATHER ITEM   OBSERVED TIME   NORMAL DEPARTURE LAST
                VALUE   (LST)  VALUE  FROM      YEAR
                                      NORMAL
......................................................
TEMPERATURE (F)
 YESTERDAY
  MAXIMUM         40    327 PM  59    -19       56
  MINIMUM         28    805 AM  38    -10       40
  AVERAGE         34            49    -15       48

PRECIPITATION (IN)
  YESTERDAY        0.00          0.12  -0.12      T
  MONTH TO DATE    1.79          1.07   0.72     0.77
  SINCE DEC 1      8.58          7.90   0.68     8.35
  SINCE JAN 1      3.34          4.70  -1.36     4.17

DEGREE DAYS
 HEATING
  YESTERDAY       31            16     15       17
  MONTH TO DATE  153           172    -19      176
  SINCE DEC 1    960          1293   -333     1224
  SINCE JUL 1   1207          1664   -457     1699

 COOLING
  YESTERDAY        0             0      0        0
  MONTH TO DATE    3             0      3        0
  SINCE DEC 1     59             5     54        0
  SINCE JAN 1      3             1      2        0
......................................................


WIND (MPH)
  HIGHEST WIND SPEED    22   HIGHEST WIND DIRECTION     W (260)
  HIGHEST GUST SPEED    31   HIGHEST GUST DIRECTION     W (280)
  AVERAGE WIND SPEED    11.6


SKY COVER
  AVERAGE SKY COVER 0.1


WEATHER CONDITIONS
 THE FOLLOWING WEATHER WAS RECORDED YESTERDAY.
  NO SIGNIFICANT WEATHER WAS OBSERVED.


RELATIVE HUMIDITY (PERCENT)
 HIGHEST    58           200 AM
 LOWEST     25           400 PM

..........................................................


THE HAMILTON - OWENS AIRPORT SC CLIMATE NORMALS FOR TODAY
                         NORMAL    RECORD    YEAR
 MAXIMUM TEMPERATURE (F)   60        MM        MM
 MINIMUM TEMPERATURE (F)   38        MM        MM


SUNRISE AND SUNSET
FEBRUARY 11 2016......SUNRISE   713 AM EST   SUNSET   604 PM EST
FEBRUARY 12 2016......SUNRISE   712 AM EST   SUNSET   605 PM EST


-  INDICATES NEGATIVE NUMBERS.
R  INDICATES RECORD WAS SET OR TIED.
MM INDICATES DATA IS MISSING.
T  INDICATES TRACE AMOUNT.




$$
