000
CDUS42 KCAE 192120
CLICUB


CLIMATE REPORT
NATIONAL WEATHER SERVICE COLUMBIA SC
520 PM EDT TUE SEP 19 2017


...................................

...THE HAMILTON - OWENS AIRPORT SC CLIMATE SUMMARY FOR SEPTEMBER 19 2017...
VALID TODAY AS OF 0500 PM LOCAL TIME.

CLIMATE NORMAL PERIOD 1981 TO 2010
CLIMATE RECORD PERIOD 9999 TO 9999


WEATHER ITEM   OBSERVED TIME   NORMAL DEPARTURE LAST
                VALUE   (LST)  VALUE  FROM      YEAR
                                      NORMAL
......................................................
TEMPERATURE (F)
 TODAY
  MAXIMUM         89    353 PM  85      4       92
  MINIMUM         68    519 AM  65      3       69
  AVERAGE         79            75      4       81

PRECIPITATION (IN)
  TODAY            0.00          0.13  -0.13     0.23
  MONTH TO DATE    3.90          2.70   1.20     4.87
  SINCE SEP 1      3.90          2.70   1.20     4.87
  SINCE JAN 1     40.10         34.55   5.55    32.60

DEGREE DAYS
 HEATING
  TODAY            0             0      0        0
  MONTH TO DATE    0             0      0        0
  SINCE SEP 1      0             0      0        0
  SINCE JUL 1      0             0      0        0

 COOLING
  TODAY           14            10      4       16
  MONTH TO DATE  201           237    -36      290
  SINCE SEP 1    201           237    -36      290
  SINCE JAN 1   2301          2055    246     2524
......................................................


WIND (MPH)
  HIGHEST WIND SPEED     9   HIGHEST WIND DIRECTION    NW (320)
  HIGHEST GUST SPEED    13   HIGHEST GUST DIRECTION    NW (320)
  AVERAGE WIND SPEED     1.0


SKY COVER
  AVERAGE SKY COVER 0.2


WEATHER CONDITIONS
 THE FOLLOWING WEATHER WAS RECORDED TODAY.
  NO SIGNIFICANT WEATHER WAS OBSERVED.


RELATIVE HUMIDITY (PERCENT)
 HIGHEST    90          1200 AM
 LOWEST     41           400 PM
 AVERAGE    66

..........................................................


THE HAMILTON - OWENS AIRPORT SC CLIMATE NORMALS FOR TOMORROW
                         NORMAL
 MAXIMUM TEMPERATURE (F)   85
 MINIMUM TEMPERATURE (F)   65


SUNRISE AND SUNSET
SEPTEMBER 19 2017.....SUNRISE   710 AM EDT   SUNSET   725 PM EDT
SEPTEMBER 20 2017.....SUNRISE   711 AM EDT   SUNSET   723 PM EDT


-  INDICATES NEGATIVE NUMBERS.
R  INDICATES RECORD WAS SET OR TIED.
MM INDICATES DATA IS MISSING.
T  INDICATES TRACE AMOUNT.




$$
