000
CDUS42 KCAE 250607
CLICUB


CLIMATE REPORT
NATIONAL WEATHER SERVICE COLUMBIA SC
207 AM EDT SAT MAR 25 2017


...................................

...THE HAMILTON - OWENS AIRPORT SC CLIMATE SUMMARY FOR MARCH 24 2017...

CLIMATE NORMAL PERIOD 1981 TO 2010
CLIMATE RECORD PERIOD 9999 TO 9999


WEATHER ITEM   OBSERVED TIME   NORMAL DEPARTURE LAST
                VALUE   (LST)  VALUE  FROM      YEAR
                                      NORMAL
......................................................
TEMPERATURE (F)
 YESTERDAY
  MAXIMUM         76    416 PM  71      5       82
  MINIMUM         48    646 AM  47      1       MM
  AVERAGE         62            59      3       MM

PRECIPITATION (IN)
  YESTERDAY        0.00          0.11  -0.11     0.00
  MONTH TO DATE    2.19          3.01  -0.82     0.92
  SINCE MAR 1      2.19          3.01  -0.82     0.92
  SINCE JAN 1      9.89         10.29  -0.40     5.84

DEGREE DAYS
 HEATING
  YESTERDAY        3             7     -4       MM
  MONTH TO DATE  269           233     36      130
  SINCE MAR 1    269           233     36      130
  SINCE JUL 1   1533          2162   -629     1630

 COOLING
  YESTERDAY        0             1     -1       MM
  MONTH TO DATE   14             4     10       55
  SINCE MAR 1     14             4     10       55
  SINCE JAN 1     32             7     25       58
......................................................


WIND (MPH)
  HIGHEST WIND SPEED    14   HIGHEST WIND DIRECTION     S (160)
  HIGHEST GUST SPEED    23   HIGHEST GUST DIRECTION    SE (140)
  AVERAGE WIND SPEED     4.1


SKY COVER
  AVERAGE SKY COVER 0.5


WEATHER CONDITIONS
 THE FOLLOWING WEATHER WAS RECORDED YESTERDAY.
  NO SIGNIFICANT WEATHER WAS OBSERVED.


RELATIVE HUMIDITY (PERCENT)
 HIGHEST    66           900 AM
 LOWEST     31           200 PM

..........................................................


THE HAMILTON - OWENS AIRPORT SC CLIMATE NORMALS FOR TODAY
                         NORMAL    RECORD    YEAR
 MAXIMUM TEMPERATURE (F)   71        MM        MM
 MINIMUM TEMPERATURE (F)   47        MM        MM


SUNRISE AND SUNSET
MARCH 25 2017.........SUNRISE   721 AM EDT   SUNSET   740 PM EDT
MARCH 26 2017.........SUNRISE   719 AM EDT   SUNSET   740 PM EDT


-  INDICATES NEGATIVE NUMBERS.
R  INDICATES RECORD WAS SET OR TIED.
MM INDICATES DATA IS MISSING.
T  INDICATES TRACE AMOUNT.




$$
