020
CDUS42 KCAE 300611
CLICUB


CLIMATE REPORT
NATIONAL WEATHER SERVICE COLUMBIA SC
211 AM EDT MON MAY 30 2016


...................................

...THE HAMILTON - OWENS AIRPORT SC CLIMATE SUMMARY FOR MAY 29 2016...

CLIMATE NORMAL PERIOD 1981 TO 2010
CLIMATE RECORD PERIOD 9999 TO 9999


WEATHER ITEM   OBSERVED TIME   NORMAL DEPARTURE LAST
                VALUE   (LST)  VALUE  FROM      YEAR
                                      NORMAL
......................................................
TEMPERATURE (F)
 YESTERDAY
  MAXIMUM         78    347 PM  87     -9       88
  MINIMUM         68   1212 PM  65      3       67
  AVERAGE         73            76     -3       78

PRECIPITATION (IN)
  YESTERDAY        0.52          0.12   0.40     0.00
  MONTH TO DATE    4.51          2.73   1.78     1.41
  SINCE MAR 1      9.06          9.30  -0.24     7.06
  SINCE JAN 1     13.98         16.58  -2.60    14.98

DEGREE DAYS
 HEATING
  YESTERDAY        0             0      0        0
  MONTH TO DATE    6            11     -5        6
  SINCE MAR 1    217           383   -166      255
  SINCE JUL 1   1717          2312   -595     2381

 COOLING
  YESTERDAY        8            11     -3       13
  MONTH TO DATE  221           217      4      268
  SINCE MAR 1    406           313     93      402
  SINCE JAN 1    409           316     93      402
......................................................


WIND (MPH)
  HIGHEST WIND SPEED    13   HIGHEST WIND DIRECTION     N (360)
  HIGHEST GUST SPEED    23   HIGHEST GUST DIRECTION     N (10)
  AVERAGE WIND SPEED     6.0


SKY COVER
  AVERAGE SKY COVER 0.9


WEATHER CONDITIONS
 THE FOLLOWING WEATHER WAS RECORDED YESTERDAY.
  HEAVY RAIN
  RAIN
  LIGHT RAIN
  FOG


RELATIVE HUMIDITY (PERCENT)
 HIGHEST    90          1200 AM
 LOWEST     69           400 PM

..........................................................


THE HAMILTON - OWENS AIRPORT SC CLIMATE NORMALS FOR TODAY
                         NORMAL    RECORD    YEAR
 MAXIMUM TEMPERATURE (F)   87        MM        MM
 MINIMUM TEMPERATURE (F)   65        MM        MM


SUNRISE AND SUNSET
MAY 30 2016...........SUNRISE   614 AM EDT   SUNSET   829 PM EDT
MAY 31 2016...........SUNRISE   614 AM EDT   SUNSET   830 PM EDT


-  INDICATES NEGATIVE NUMBERS.
R  INDICATES RECORD WAS SET OR TIED.
MM INDICATES DATA IS MISSING.
T  INDICATES TRACE AMOUNT.




$$
