000
CDUS42 KCAE 270556
CLICUB


CLIMATE REPORT
NATIONAL WEATHER SERVICE COLUMBIA SC
1256 AM EST THU NOV 27 2014


...................................

...THE HAMILTON - OWENS AIRPORT SC CLIMATE SUMMARY FOR NOVEMBER 26 2014...

CLIMATE NORMAL PERIOD 1981 TO 2010
CLIMATE RECORD PERIOD 9999 TO 9999


WEATHER ITEM   OBSERVED TIME   RECORD YEAR NORMAL DEPARTURE LAST
                VALUE   (LST)  VALUE       VALUE  FROM      YEAR
                                                  NORMAL
..................................................................
TEMPERATURE (F)
 YESTERDAY
  MAXIMUM         58    415 PM  MM      MM  65     -7       70
  MINIMUM         41   1159 PM  MM      MM  42     -1       42
  AVERAGE         50                        53     -3       56

PRECIPITATION (IN)
  YESTERDAY        0.75         MM      MM   0.10   0.65     0.54
  MONTH TO DATE    4.50                      2.56   1.94     1.71
  SINCE SEP 1     12.62                      9.92   2.70     3.81
  SINCE JAN 1     42.28                     41.77   0.51    46.70

DEGREE DAYS
 HEATING
  YESTERDAY       15                        12      3        9
  MONTH TO DATE  340                       231    109      261
  SINCE SEP 1    400                       320     80      321
  SINCE JUL 1    400                       320     80      321

 COOLING
  YESTERDAY        0                         0      0        0
  MONTH TO DATE    8                        11     -3       19
  SINCE SEP 1    488                       435     53      495
  SINCE JAN 1   2415                      2253    162     2223
..................................................................


WIND (MPH)
  HIGHEST WIND SPEED    14   HIGHEST WIND DIRECTION    NW (300)
  HIGHEST GUST SPEED    20   HIGHEST GUST DIRECTION     N (350)
  AVERAGE WIND SPEED     4.5


SKY COVER
  AVERAGE SKY COVER 0.6


WEATHER CONDITIONS
 THE FOLLOWING WEATHER WAS RECORDED YESTERDAY.
  HEAVY RAIN
  RAIN
  LIGHT RAIN
  FOG


RELATIVE HUMIDITY (PERCENT)
 HIGHEST    93          1200 AM
 LOWEST     55           500 PM

..........................................................


THE HAMILTON - OWENS AIRPORT SC CLIMATE NORMALS FOR TODAY
                         NORMAL    RECORD    YEAR
 MAXIMUM TEMPERATURE (F)   64        MM        MM
 MINIMUM TEMPERATURE (F)   42        MM        MM


SUNRISE AND SUNSET
NOVEMBER 27 2014......SUNRISE   708 AM EST   SUNSET   515 PM EST
NOVEMBER 28 2014......SUNRISE   708 AM EST   SUNSET   515 PM EST


-  INDICATES NEGATIVE NUMBERS.
R  INDICATES RECORD WAS SET OR TIED.
MM INDICATES DATA IS MISSING.
T  INDICATES TRACE AMOUNT.




$$
