000
CDUS43 KUNR 270837
CLICUT


CLIMATE REPORT
NATIONAL WEATHER SERVICE RAPID CITY SD
236 AM MDT THU AUG 27 2015


...................................

...THE CUSTER COUNTY AIRPORT SD CLIMATE SUMMARY FOR AUGUST 26 2015...

CLIMATE NORMAL PERIOD 1981 TO 2010
CLIMATE RECORD PERIOD 9999 TO 9999


WEATHER ITEM   OBSERVED TIME   NORMAL DEPARTURE LAST
                VALUE   (LST)  VALUE  FROM      YEAR
                                      NORMAL
......................................................
TEMPERATURE (F)
 YESTERDAY
  MAXIMUM         86   1205 PM  76     10       76
  MINIMUM         54    547 AM  48      6       48
  AVERAGE         70            62      8       62

PRECIPITATION (IN)
  YESTERDAY       MM             0.08  MM        0.09
  MONTH TO DATE    2.03          1.77   0.26     1.76
  SINCE JUN 1     10.83          7.43   3.40     6.65
  SINCE JAN 1     20.14         14.54   5.60    14.37

DEGREE DAYS
 HEATING
  YESTERDAY        0             4     -4        3
  MONTH TO DATE   90            69     21       32
  SINCE JUN 1    248           350   -102      384
  SINCE JUL 1    146           130     16      111

 COOLING
  YESTERDAY        5             1      4        0
  MONTH TO DATE   71            47     24       44
  SINCE JUN 1    168           153     15      130
  SINCE JAN 1    168           154     14      134
......................................................


WIND (MPH)
  HIGHEST WIND SPEED    16   HIGHEST WIND DIRECTION    SW (210)
  HIGHEST GUST SPEED    28   HIGHEST GUST DIRECTION    SW (230)
  AVERAGE WIND SPEED     6.8


SKY COVER
  AVERAGE SKY COVER 0.0


WEATHER CONDITIONS
 THE FOLLOWING WEATHER WAS RECORDED YESTERDAY.
  THUNDERSTORM
  HEAVY RAIN
  LIGHT RAIN
  FOG


RELATIVE HUMIDITY (PERCENT)
 HIGHEST    77
 LOWEST     23
 AVERAGE    50

..........................................................




SUNRISE AND SUNSET
AUGUST 27 2015........SUNRISE   612 AM MDT   SUNSET   739 PM MDT
AUGUST 28 2015........SUNRISE   613 AM MDT   SUNSET   737 PM MDT


-  INDICATES NEGATIVE NUMBERS.
R  INDICATES RECORD WAS SET OR TIED.
MM INDICATES DATA IS MISSING.
T  INDICATES TRACE AMOUNT.




$$
