000
CDUS43 KUNR 310830
CLICUT


CLIMATE REPORT
NATIONAL WEATHER SERVICE RAPID CITY SD
230 AM MDT WED AUG 31 2016


...................................

...THE CUSTER COUNTY AIRPORT SD CLIMATE SUMMARY FOR AUGUST 30 2016...

CLIMATE NORMAL PERIOD 1981 TO 2010
CLIMATE RECORD PERIOD 9999 TO 9999


WEATHER ITEM   OBSERVED TIME   NORMAL DEPARTURE LAST
                VALUE   (LST)  VALUE  FROM      YEAR
                                      NORMAL
......................................................
TEMPERATURE (F)
 YESTERDAY
  MAXIMUM         78    255 PM  75      3       91
  MINIMUM         53    545 AM  47      6       60
  AVERAGE         66            61      5       76

PRECIPITATION (IN)
  YESTERDAY        0.00          0.08  -0.08      T
  MONTH TO DATE    1.73          2.07  -0.34     2.13
  SINCE JUN 1      8.26          7.73   0.53    10.93
  SINCE JAN 1     12.84         14.84  -2.00    20.24

DEGREE DAYS
 HEATING
  YESTERDAY        0             5     -5        0
  MONTH TO DATE   91            87      4       90
  SINCE JUN 1    190           368   -178      248
  SINCE JUL 1    134           148    -14      146

 COOLING
  YESTERDAY        1             1      0       11
  MONTH TO DATE   57            51      6       90
  SINCE JUN 1    252           157     95      187
  SINCE JAN 1    252           158     94      187
......................................................


WIND (MPH)
  HIGHEST WIND SPEED    14   HIGHEST WIND DIRECTION     E (90)
  HIGHEST GUST SPEED    22   HIGHEST GUST DIRECTION     E (110)
  AVERAGE WIND SPEED     5.6


SKY COVER
  AVERAGE SKY COVER 0.2


WEATHER CONDITIONS
 THE FOLLOWING WEATHER WAS RECORDED YESTERDAY.
  FOG
  FOG W/VISIBILITY <= 1/4 MILE


RELATIVE HUMIDITY (PERCENT)
 HIGHEST   100
 LOWEST     25
 AVERAGE    63

..........................................................




SUNRISE AND SUNSET
AUGUST 31 2016........SUNRISE   617 AM MDT   SUNSET   731 PM MDT
SEPTEMBER  1 2016.....SUNRISE   619 AM MDT   SUNSET   729 PM MDT


-  INDICATES NEGATIVE NUMBERS.
R  INDICATES RECORD WAS SET OR TIED.
MM INDICATES DATA IS MISSING.
T  INDICATES TRACE AMOUNT.




$$
