000
CDUS43 KUNR 280839
CLICUT


CLIMATE REPORT
NATIONAL WEATHER SERVICE RAPID CITY SD
136 AM MST SAT FEB 28 2015


...................................

...THE CUSTER COUNTY AIRPORT SD CLIMATE SUMMARY FOR FEBRUARY 27 2015...

CLIMATE NORMAL PERIOD 1981 TO 2010
CLIMATE RECORD PERIOD 9999 TO 9999


WEATHER ITEM   OBSERVED TIME   NORMAL DEPARTURE LAST
                VALUE   (LST)  VALUE  FROM      YEAR
                                      NORMAL
......................................................
TEMPERATURE (F)
 YESTERDAY
  MAXIMUM         13   1135 AM  38    -25       44
  MINIMUM        -15   1254 AM  17    -32        4
  AVERAGE         -1            28    -29       24

PRECIPITATION (IN)
  YESTERDAY        T             0.02  -0.02     0.00
  MONTH TO DATE    0.16          0.51  -0.35     0.72
  SINCE DEC 1      0.55          1.22  -0.67     2.07
  SINCE JAN 1      0.40          0.84  -0.44     1.17

DEGREE DAYS
 HEATING
  YESTERDAY       66            37     29       41
  MONTH TO DATE 1040          1063    -23     1297
  SINCE DEC 1   3310          3617   -307     3695
  SINCE JUL 1   5398          5798   -400     5807

 COOLING
  YESTERDAY        0             0      0        0
  MONTH TO DATE    0             0      0        0
  SINCE DEC 1      0             0      0        0
  SINCE JAN 1      0             0      0        0
......................................................


WIND (MPH)
  HIGHEST WIND SPEED    15   HIGHEST WIND DIRECTION     S (180)
  HIGHEST GUST SPEED    24   HIGHEST GUST DIRECTION     S (200)
  AVERAGE WIND SPEED     5.6


SKY COVER
  AVERAGE SKY COVER 0.6


WEATHER CONDITIONS
 THE FOLLOWING WEATHER WAS RECORDED YESTERDAY.
  LIGHT SNOW
  FOG
  HAZE


RELATIVE HUMIDITY (PERCENT)
 HIGHEST    88
 LOWEST     72
 AVERAGE    80

..........................................................




SUNRISE AND SUNSET
FEBRUARY 28 2015......SUNRISE   633 AM MST   SUNSET   542 PM MST
MARCH  1 2015.........SUNRISE   631 AM MST   SUNSET   543 PM MST


-  INDICATES NEGATIVE NUMBERS.
R  INDICATES RECORD WAS SET OR TIED.
MM INDICATES DATA IS MISSING.
T  INDICATES TRACE AMOUNT.




$$
