000
CDUS43 KUNR 250833
CLICUT


CLIMATE REPORT
NATIONAL WEATHER SERVICE RAPID CITY SD
133 AM MST TUE NOV 25 2014


...................................

...THE CUSTER COUNTY AIRPORT SD CLIMATE SUMMARY FOR NOVEMBER 24 2014...

CLIMATE NORMAL PERIOD 1981 TO 2010
CLIMATE RECORD PERIOD 9999 TO 9999


WEATHER ITEM   OBSERVED TIME   NORMAL DEPARTURE LAST
                VALUE   (LST)  VALUE  FROM      YEAR
                                      NORMAL
......................................................
TEMPERATURE (F)
 YESTERDAY
  MAXIMUM         32   1212 PM  38     -6       56
  MINIMUM         23   1159 PM  18      5       22
  AVERAGE         28            28      0       39

PRECIPITATION (IN)
  YESTERDAY        0.03          0.02   0.01     0.00
  MONTH TO DATE    0.88          0.51   0.37     0.61
  SINCE SEP 1      5.51          3.55   1.96     5.47
  SINCE JAN 1     20.02         18.47   1.55    21.42

DEGREE DAYS
 HEATING
  YESTERDAY       37            37      0       26
  MONTH TO DATE  913           770    143      804
  SINCE SEP 1   1738          1795    -57     1835
  SINCE JUL 1   1869          1949    -80     1932

 COOLING
  YESTERDAY        0             0      0        0
  MONTH TO DATE    0             0      0        0
  SINCE SEP 1     18            11      7       38
  SINCE JAN 1    152           177    -25      187
......................................................


WIND (MPH)
  HIGHEST WIND SPEED    18   HIGHEST WIND DIRECTION    NW (300)
  HIGHEST GUST SPEED    30   HIGHEST GUST DIRECTION     N (350)
  AVERAGE WIND SPEED     9.1


SKY COVER
  AVERAGE SKY COVER 0.4


WEATHER CONDITIONS
 THE FOLLOWING WEATHER WAS RECORDED YESTERDAY.
  SNOW
  LIGHT SNOW
  FOG


RELATIVE HUMIDITY (PERCENT)
 HIGHEST    85
 LOWEST     50
 AVERAGE    68

..........................................................




SUNRISE AND SUNSET
NOVEMBER 25 2014......SUNRISE   701 AM MST   SUNSET   421 PM MST
NOVEMBER 26 2014......SUNRISE   703 AM MST   SUNSET   421 PM MST


-  INDICATES NEGATIVE NUMBERS.
R  INDICATES RECORD WAS SET OR TIED.
MM INDICATES DATA IS MISSING.
T  INDICATES TRACE AMOUNT.




$$
