000
CDUS43 KUNR 270832
CLICUT


CLIMATE REPORT
NATIONAL WEATHER SERVICE RAPID CITY SD
231 AM MDT WED AUG 27 2014


...................................

...THE CUSTER COUNTY AIRPORT SD CLIMATE SUMMARY FOR AUGUST 26 2014...

CLIMATE NORMAL PERIOD 1981 TO 2010
CLIMATE RECORD PERIOD 9999 TO 9999


WEATHER ITEM   OBSERVED TIME   NORMAL DEPARTURE LAST
                VALUE   (LST)  VALUE  FROM      YEAR
                                      NORMAL
......................................................
TEMPERATURE (F)
 YESTERDAY
  MAXIMUM         76    307 PM  76      0       86
  MINIMUM         48    225 AM  48      0       59
  AVERAGE         62            62      0       73

PRECIPITATION (IN)
  YESTERDAY        0.09          0.08   0.01     0.00
  MONTH TO DATE    1.76          1.77  -0.01     3.95
  SINCE JUN 1      6.65          7.43  -0.78     9.42
  SINCE JAN 1     14.37         14.54  -0.17    15.95

DEGREE DAYS
 HEATING
  YESTERDAY        3             4     -1        0
  MONTH TO DATE   32            69    -37       55
  SINCE JUN 1    384           350     34      290
  SINCE JUL 1    111           130    -19       97

 COOLING
  YESTERDAY        0             1     -1        8
  MONTH TO DATE   44            47     -3       44
  SINCE JUN 1    130           153    -23      116
  SINCE JAN 1    134           154    -20      118
......................................................


WIND (MPH)
  HIGHEST WIND SPEED    16   HIGHEST WIND DIRECTION     E (80)
  HIGHEST GUST SPEED    21   HIGHEST GUST DIRECTION     N (20)
  AVERAGE WIND SPEED     6.8


SKY COVER
  AVERAGE SKY COVER 0.6


WEATHER CONDITIONS
 THE FOLLOWING WEATHER WAS RECORDED YESTERDAY.
  THUNDERSTORM
  LIGHT RAIN
  FOG


RELATIVE HUMIDITY (PERCENT)
 HIGHEST    93
 LOWEST     41
 AVERAGE    67

..........................................................




SUNRISE AND SUNSET
AUGUST 27 2014........SUNRISE   612 AM MDT   SUNSET   739 PM MDT
AUGUST 28 2014........SUNRISE   614 AM MDT   SUNSET   737 PM MDT


-  INDICATES NEGATIVE NUMBERS.
R  INDICATES RECORD WAS SET OR TIED.
MM INDICATES DATA IS MISSING.
T  INDICATES TRACE AMOUNT.




$$
