594
CDUS43 KUNR 110832
CLICUT


CLIMATE REPORT
NATIONAL WEATHER SERVICE RAPID CITY SD
132 AM MST SUN DEC 11 2016


...................................

...THE CUSTER COUNTY AIRPORT SD CLIMATE SUMMARY FOR DECEMBER 10 2016...

CLIMATE NORMAL PERIOD 1981 TO 2010
CLIMATE RECORD PERIOD 9999 TO 9999


WEATHER ITEM   OBSERVED TIME   NORMAL DEPARTURE LAST
                VALUE   (LST)  VALUE  FROM      YEAR
                                      NORMAL
......................................................
TEMPERATURE (F)
 YESTERDAY
  MAXIMUM         38    130 PM  33      5       40
  MINIMUM          3    519 AM  13    -10       26
  AVERAGE         21            23     -2       33

PRECIPITATION (IN)
  YESTERDAY        0.03          0.01   0.02      T
  MONTH TO DATE    0.08          0.11  -0.03     0.01
  SINCE DEC 1      0.08          0.11  -0.03     0.01
  SINCE JAN 1     15.35         18.68  -3.33    22.90

DEGREE DAYS
 HEATING
  YESTERDAY       44            42      2       32
  MONTH TO DATE  482           409     73      297
  SINCE DEC 1    482           409     73      297
  SINCE JUL 1   2101          2590   -489     2085

 COOLING
  YESTERDAY        0             0      0        0
  MONTH TO DATE    0             0      0        0
  SINCE DEC 1      0             0      0        0
  SINCE JAN 1    259           177     82      231
......................................................


WIND (MPH)
  HIGHEST WIND SPEED    20   HIGHEST WIND DIRECTION     W (270)
  HIGHEST GUST SPEED    26   HIGHEST GUST DIRECTION     W (270)
  AVERAGE WIND SPEED     7.1


SKY COVER
  AVERAGE SKY COVER 0.5


WEATHER CONDITIONS
 THE FOLLOWING WEATHER WAS RECORDED YESTERDAY.
  LIGHT SNOW
  FOG


RELATIVE HUMIDITY (PERCENT)
 HIGHEST    88
 LOWEST     49
 AVERAGE    69

..........................................................




SUNRISE AND SUNSET
DECEMBER 11 2016......SUNRISE   719 AM MST   SUNSET   417 PM MST
DECEMBER 12 2016......SUNRISE   719 AM MST   SUNSET   417 PM MST


-  INDICATES NEGATIVE NUMBERS.
R  INDICATES RECORD WAS SET OR TIED.
MM INDICATES DATA IS MISSING.
T  INDICATES TRACE AMOUNT.




$$
