107
CDUS43 KUNR 270831
CLICUT


CLIMATE REPORT
NATIONAL WEATHER SERVICE RAPID CITY SD
231 AM MDT TUE SEP 27 2016


...................................

...THE CUSTER COUNTY AIRPORT SD CLIMATE SUMMARY FOR SEPTEMBER 26 2016...

CLIMATE NORMAL PERIOD 1981 TO 2010
CLIMATE RECORD PERIOD 9999 TO 9999


WEATHER ITEM   OBSERVED TIME   NORMAL DEPARTURE LAST
                VALUE   (LST)  VALUE  FROM      YEAR
                                      NORMAL
......................................................
TEMPERATURE (F)
 YESTERDAY
  MAXIMUM         66    308 PM  62      4       85
  MINIMUM         39    529 AM  37      2       49
  AVERAGE         53            50      3       67

PRECIPITATION (IN)
  YESTERDAY        0.00          0.04  -0.04     0.00
  MONTH TO DATE    1.77          1.43   0.34     0.06
  SINCE SEP 1      1.77          1.43   0.34     0.06
  SINCE JAN 1     14.61         16.35  -1.74    20.30

DEGREE DAYS
 HEATING
  YESTERDAY       12            15     -3        0
  MONTH TO DATE  231           266    -35      125
  SINCE SEP 1    231           266    -35      125
  SINCE JUL 1    367           420    -53      271

 COOLING
  YESTERDAY        0             0      0        2
  MONTH TO DATE    7            11     -4       44
  SINCE SEP 1      7            11     -4       44
  SINCE JAN 1    259           177     82      231
......................................................


WIND (MPH)
  HIGHEST WIND SPEED    17   HIGHEST WIND DIRECTION     W (280)
  HIGHEST GUST SPEED    25   HIGHEST GUST DIRECTION     W (270)
  AVERAGE WIND SPEED     6.9


SKY COVER
  AVERAGE SKY COVER 0.0


WEATHER CONDITIONS
 THE FOLLOWING WEATHER WAS RECORDED YESTERDAY.
  NO SIGNIFICANT WEATHER WAS OBSERVED.


RELATIVE HUMIDITY (PERCENT)
 HIGHEST    71
 LOWEST     37
 AVERAGE    54

..........................................................




SUNRISE AND SUNSET
SEPTEMBER 27 2016.....SUNRISE   648 AM MDT   SUNSET   642 PM MDT
SEPTEMBER 28 2016.....SUNRISE   649 AM MDT   SUNSET   640 PM MDT


-  INDICATES NEGATIVE NUMBERS.
R  INDICATES RECORD WAS SET OR TIED.
MM INDICATES DATA IS MISSING.
T  INDICATES TRACE AMOUNT.




$$
