000
CDUS43 KUNR 150853
CLICUT


CLIMATE REPORT
NATIONAL WEATHER SERVICE RAPID CITY SD
153 AM MST FRI DEC 15 2017


...................................

...THE CUSTER COUNTY AIRPORT SD CLIMATE SUMMARY FOR DECEMBER 14 2017...

CLIMATE NORMAL PERIOD 1981 TO 2010
CLIMATE RECORD PERIOD 9999 TO 9999


WEATHER ITEM   OBSERVED TIME   NORMAL DEPARTURE LAST
                VALUE   (LST)  VALUE  FROM      YEAR
                                      NORMAL
......................................................
TEMPERATURE (F)
 YESTERDAY
  MAXIMUM         30    321 AM  33     -3       19
  MINIMUM         15    921 PM  13      2        1
  AVERAGE         23            23      0       10

PRECIPITATION (IN)
  YESTERDAY        0.01          0.01   0.00     0.00
  MONTH TO DATE    0.15          0.16  -0.01     0.08
  SINCE DEC 1      0.15          0.16  -0.01     0.08
  SINCE JAN 1     20.86         18.73   2.13    15.35

DEGREE DAYS
 HEATING
  YESTERDAY       42            42      0       55
  MONTH TO DATE  446           577   -131      685
  SINCE DEC 1    446           577   -131      685
  SINCE JUL 1   2410          2758   -348     2304

 COOLING
  YESTERDAY        0             0      0        0
  MONTH TO DATE    0             0      0        0
  SINCE DEC 1      0             0      0        0
  SINCE JAN 1    235           177     58      259
......................................................


WIND (MPH)
  HIGHEST WIND SPEED    23   HIGHEST WIND DIRECTION    NW (320)
  HIGHEST GUST SPEED    42   HIGHEST GUST DIRECTION    NW (320)
  AVERAGE WIND SPEED     9.2


SKY COVER
  AVERAGE SKY COVER 0.7


WEATHER CONDITIONS
 THE FOLLOWING WEATHER WAS RECORDED YESTERDAY.
  LIGHT SNOW


RELATIVE HUMIDITY (PERCENT)
 HIGHEST    80
 LOWEST     55
 AVERAGE    68

..........................................................




SUNRISE AND SUNSET
DECEMBER 15 2017......SUNRISE   721 AM MST   SUNSET   418 PM MST
DECEMBER 16 2017......SUNRISE   722 AM MST   SUNSET   418 PM MST


-  INDICATES NEGATIVE NUMBERS.
R  INDICATES RECORD WAS SET OR TIED.
MM INDICATES DATA IS MISSING.
T  INDICATES TRACE AMOUNT.




$$
