000
CDUS43 KUNR 200833
CLICUT


CLIMATE REPORT
NATIONAL WEATHER SERVICE RAPID CITY SD
232 AM MDT MON OCT 20 2014


...................................

...THE CUSTER COUNTY AIRPORT SD CLIMATE SUMMARY FOR OCTOBER 19 2014...

CLIMATE NORMAL PERIOD 1981 TO 2010
CLIMATE RECORD PERIOD 9999 TO 9999


WEATHER ITEM   OBSERVED TIME   NORMAL DEPARTURE LAST
                VALUE   (LST)  VALUE  FROM      YEAR
                                      NORMAL
......................................................
TEMPERATURE (F)
 YESTERDAY
  MAXIMUM         69    234 PM  53     16       52
  MINIMUM         39   1159 PM  30      9       33
  AVERAGE         54            42     12       43

PRECIPITATION (IN)
  YESTERDAY        0.00          0.04  -0.04     0.00
  MONTH TO DATE    0.21          1.09  -0.88     3.46
  SINCE SEP 1      4.63          2.66   1.97     4.76
  SINCE JAN 1     19.14         17.58   1.56    20.71

DEGREE DAYS
 HEATING
  YESTERDAY       11            23    -12       22
  MONTH TO DATE  320           391    -71      483
  SINCE SEP 1    605           723   -118      705
  SINCE JUL 1    736           877   -141      802

 COOLING
  YESTERDAY        0             0      0        0
  MONTH TO DATE    0             0      0        0
  SINCE SEP 1     18            11      7       38
  SINCE JAN 1    152           177    -25      187
......................................................


WIND (MPH)
  HIGHEST WIND SPEED    16   HIGHEST WIND DIRECTION     W (270)
  HIGHEST GUST SPEED    19   HIGHEST GUST DIRECTION     W (250)
  AVERAGE WIND SPEED     4.9


SKY COVER
  AVERAGE SKY COVER 0.0


WEATHER CONDITIONS
 THE FOLLOWING WEATHER WAS RECORDED YESTERDAY.
  NO SIGNIFICANT WEATHER WAS OBSERVED.


RELATIVE HUMIDITY (PERCENT)
 HIGHEST    79
 LOWEST     23
 AVERAGE    51

..........................................................




SUNRISE AND SUNSET
OCTOBER 20 2014.......SUNRISE   715 AM MDT   SUNSET   603 PM MDT
OCTOBER 21 2014.......SUNRISE   716 AM MDT   SUNSET   601 PM MDT


-  INDICATES NEGATIVE NUMBERS.
R  INDICATES RECORD WAS SET OR TIED.
MM INDICATES DATA IS MISSING.
T  INDICATES TRACE AMOUNT.




$$
