000
CDUS43 KUNR 180832
CLICUT


CLIMATE REPORT
NATIONAL WEATHER SERVICE RAPID CITY SD
231 AM MDT FRI AUG 18 2017


...................................

...THE CUSTER COUNTY AIRPORT SD CLIMATE SUMMARY FOR AUGUST 17 2017...

CLIMATE NORMAL PERIOD 1981 TO 2010
CLIMATE RECORD PERIOD 9999 TO 9999


WEATHER ITEM   OBSERVED TIME   NORMAL DEPARTURE LAST
                VALUE   (LST)  VALUE  FROM      YEAR
                                      NORMAL
......................................................
TEMPERATURE (F)
 YESTERDAY
  MAXIMUM         82    143 PM  78      4       87
  MINIMUM         49   1136 PM  50     -1       50
  AVERAGE         66            64      2       69

PRECIPITATION (IN)
  YESTERDAY        0.02          0.07  -0.05     0.00
  MONTH TO DATE    2.07          1.17   0.90     0.78
  SINCE JUN 1      9.65          6.83   2.82     7.31
  SINCE JAN 1     17.53         13.94   3.59    11.89

DEGREE DAYS
 HEATING
  YESTERDAY        0             3     -3        0
  MONTH TO DATE   81            39     42       20
  SINCE JUN 1    244           320    -76      119
  SINCE JUL 1     89           100    -11       63

 COOLING
  YESTERDAY        1             2     -1        4
  MONTH TO DATE    3            34    -31       43
  SINCE JUN 1    191           140     51      238
  SINCE JAN 1    191           141     50      238
......................................................


WIND (MPH)
  HIGHEST WIND SPEED    22   HIGHEST WIND DIRECTION    NE (50)
  HIGHEST GUST SPEED    30   HIGHEST GUST DIRECTION    NE (50)
  AVERAGE WIND SPEED     7.6


SKY COVER
  AVERAGE SKY COVER 0.2


WEATHER CONDITIONS
 THE FOLLOWING WEATHER WAS RECORDED YESTERDAY.
  THUNDERSTORM
  LIGHT RAIN


RELATIVE HUMIDITY (PERCENT)
 HIGHEST    80
 LOWEST     20
 AVERAGE    50

..........................................................




SUNRISE AND SUNSET
AUGUST 18 2017........SUNRISE   603 AM MDT   SUNSET   753 PM MDT
AUGUST 19 2017........SUNRISE   604 AM MDT   SUNSET   751 PM MDT


-  INDICATES NEGATIVE NUMBERS.
R  INDICATES RECORD WAS SET OR TIED.
MM INDICATES DATA IS MISSING.
T  INDICATES TRACE AMOUNT.




$$
