801
CDUS43 KUNR 290838
CLICUT


CLIMATE REPORT
NATIONAL WEATHER SERVICE RAPID CITY SD
235 AM MDT WED MAR 29 2017


...................................

...THE CUSTER COUNTY AIRPORT SD CLIMATE SUMMARY FOR MARCH 28 2017...

CLIMATE NORMAL PERIOD 1981 TO 2010
CLIMATE RECORD PERIOD 9999 TO 9999


WEATHER ITEM   OBSERVED TIME   NORMAL DEPARTURE LAST
                VALUE   (LST)  VALUE  FROM      YEAR
                                      NORMAL
......................................................
TEMPERATURE (F)
 YESTERDAY
  MAXIMUM         40    556 AM  44     -4       58
  MINIMUM         34   1159 PM  24     10       26
  AVERAGE         37            34      3       42

PRECIPITATION (IN)
  YESTERDAY        0.37          0.05   0.32     0.00
  MONTH TO DATE    0.69          0.88  -0.19     1.05
  SINCE MAR 1      0.69          0.88  -0.19     1.05
  SINCE JAN 1      2.70          1.74   0.96     1.66

DEGREE DAYS
 HEATING
  YESTERDAY       28            31     -3       23
  MONTH TO DATE  764           948   -184      784
  SINCE MAR 1    764           948   -184      784
  SINCE JUL 1   6132          6783   -651     5839

 COOLING
  YESTERDAY        0             0      0        0
  MONTH TO DATE    0             0      0        0
  SINCE MAR 1      0             0      0        0
  SINCE JAN 1      0             0      0        0
......................................................


WIND (MPH)
  HIGHEST WIND SPEED    12   HIGHEST WIND DIRECTION    NE (50)
  HIGHEST GUST SPEED    16   HIGHEST GUST DIRECTION    NE (60)
  AVERAGE WIND SPEED     5.2


SKY COVER
  AVERAGE SKY COVER 0.9


WEATHER CONDITIONS
 THE FOLLOWING WEATHER WAS RECORDED YESTERDAY.
  LIGHT RAIN
  FOG


RELATIVE HUMIDITY (PERCENT)
 HIGHEST   100
 LOWEST     70
 AVERAGE    85

..........................................................




SUNRISE AND SUNSET
MARCH 29 2017.........SUNRISE   641 AM MDT   SUNSET   718 PM MDT
MARCH 30 2017.........SUNRISE   639 AM MDT   SUNSET   719 PM MDT


-  INDICATES NEGATIVE NUMBERS.
R  INDICATES RECORD WAS SET OR TIED.
MM INDICATES DATA IS MISSING.
T  INDICATES TRACE AMOUNT.




$$
