000
CDUS43 KUNR 260838
CLICUT


CLIMATE REPORT
NATIONAL WEATHER SERVICE RAPID CITY SD
138 AM MST MON JAN 26 2015


...................................

...THE CUSTER COUNTY AIRPORT SD CLIMATE SUMMARY FOR JANUARY 25 2015...

CLIMATE NORMAL PERIOD 1981 TO 2010
CLIMATE RECORD PERIOD 9999 TO 9999


WEATHER ITEM   OBSERVED TIME   NORMAL DEPARTURE LAST
                VALUE   (LST)  VALUE  FROM      YEAR
                                      NORMAL
......................................................
TEMPERATURE (F)
 YESTERDAY
  MAXIMUM         48   1130 PM  35     13       47
  MINIMUM         31    154 AM  14     17       36
  AVERAGE         40            24     16       42

PRECIPITATION (IN)
  YESTERDAY        0.00          0.01  -0.01     0.00
  MONTH TO DATE    0.24          0.25  -0.01     0.33
  SINCE DEC 1      0.39          0.63  -0.24     1.23
  SINCE JAN 1      0.24          0.25  -0.01     0.33

DEGREE DAYS
 HEATING
  YESTERDAY       25            41    -16       23
  MONTH TO DATE  969          1025    -56      753
  SINCE DEC 1   2112          2314   -202     2101
  SINCE JUL 1   4200          4495   -295     4213

 COOLING
  YESTERDAY        0             0      0        0
  MONTH TO DATE    0             0      0        0
  SINCE DEC 1      0             0      0        0
  SINCE JAN 1      0             0      0        0
......................................................


WIND (MPH)
  HIGHEST WIND SPEED    21   HIGHEST WIND DIRECTION     N (340)
  HIGHEST GUST SPEED    37   HIGHEST GUST DIRECTION     N (360)
  AVERAGE WIND SPEED    10.6


SKY COVER
  AVERAGE SKY COVER 0.2


WEATHER CONDITIONS
 THE FOLLOWING WEATHER WAS RECORDED YESTERDAY.
  NO SIGNIFICANT WEATHER WAS OBSERVED.


RELATIVE HUMIDITY (PERCENT)
 HIGHEST    70
 LOWEST     28
 AVERAGE    49

..........................................................




SUNRISE AND SUNSET
JANUARY 26 2015.......SUNRISE   717 AM MST   SUNSET   457 PM MST
JANUARY 27 2015.......SUNRISE   716 AM MST   SUNSET   458 PM MST


-  INDICATES NEGATIVE NUMBERS.
R  INDICATES RECORD WAS SET OR TIED.
MM INDICATES DATA IS MISSING.
T  INDICATES TRACE AMOUNT.




$$
