000
CDUS41 KILN 300633
CLICVG


CLIMATE REPORT
NATIONAL WEATHER SERVICE WILMINGTON OH
232 AM EDT SUN AUG 30 2015


...................................

...THE CINCINNATI OH CLIMATE SUMMARY FOR AUGUST 29 2015...

CLIMATE NORMAL PERIOD 1981 TO 2010
CLIMATE RECORD PERIOD 1869 TO 2015


WEATHER ITEM   OBSERVED TIME   RECORD YEAR NORMAL DEPARTURE LAST
                VALUE   (LST)  VALUE       VALUE  FROM      YEAR
                                                  NORMAL
..................................................................
TEMPERATURE (F)
 YESTERDAY
  MAXIMUM         87    126 PM  99    1953  84      3       89
  MINIMUM         65   1211 AM  43    1986  63      2       67
                                      1965
  AVERAGE         76                        73      3       78

PRECIPITATION (IN)
  YESTERDAY        0.01          1.63 1942   0.10  -0.09     0.00
  MONTH TO DATE    2.61                      3.21  -0.60     3.78
  SINCE JUN 1     14.98                     11.00   3.98    12.83
  SINCE JAN 1     32.21                     29.59   2.62    30.30

SNOWFALL (IN)
  YESTERDAY        0.0                       0.0    0.0      0.0
  MONTH TO DATE    0.0                       0.0    0.0      0.0
  SINCE JUN 1      0.0                       0.0    0.0      0.0
  SINCE JUL 1      0.0                       0.0    0.0      0.0
  SNOW DEPTH       0

DEGREE DAYS
 HEATING
  YESTERDAY        0                         0      0        0
  MONTH TO DATE    2                         0      2        0
  SINCE JUN 1     21                        15      6        8
  SINCE JUL 1      2                         0      2        5

 COOLING
  YESTERDAY       11                         9      2       13
  MONTH TO DATE  207                       293    -86      297
  SINCE JUN 1    785                       858    -73      788
  SINCE JAN 1    934                       952    -18      922
..................................................................


WIND (MPH)
  RESULTANT WIND SPEED   4   RESULTANT WIND DIRECTION   S (190)
  HIGHEST WIND SPEED    18   HIGHEST WIND DIRECTION    NW (300)
  HIGHEST GUST SPEED    24   HIGHEST GUST DIRECTION    SW (220)
  AVERAGE WIND SPEED     6.1


SKY COVER
  POSSIBLE SUNSHINE  MM
  AVERAGE SKY COVER 0.6


WEATHER CONDITIONS
 THE FOLLOWING WEATHER WAS RECORDED YESTERDAY.
  THUNDERSTORM
  RAIN


RELATIVE HUMIDITY (PERCENT)
 HIGHEST    90          1000 PM
 LOWEST     51           200 PM
 AVERAGE    71

..........................................................


THE CINCINNATI OH CLIMATE NORMALS FOR TODAY
                         NORMAL    RECORD    YEAR
 MAXIMUM TEMPERATURE (F)   84        96      1962
                                             1953
                                             1932
 MINIMUM TEMPERATURE (F)   63        45      1915


SUNRISE AND SUNSET
AUGUST 30 2015........SUNRISE   705 AM EDT   SUNSET   813 PM EDT
AUGUST 31 2015........SUNRISE   706 AM EDT   SUNSET   811 PM EDT


-  INDICATES NEGATIVE NUMBERS.
R  INDICATES RECORD WAS SET OR TIED.
MM INDICATES DATA IS MISSING.
T  INDICATES TRACE AMOUNT.




$$
