000
CDUS41 KILN 102056
CLICVG


CLIMATE REPORT
NATIONAL WEATHER SERVICE WILMINGTON OH
455 PM EDT THU JUL 10 2014


...................................

...THE CINCINNATI OH CLIMATE SUMMARY FOR JULY 10 2014...
VALID TODAY AS OF 0400 PM LOCAL TIME.

CLIMATE NORMAL PERIOD 1981 TO 2010
CLIMATE RECORD PERIOD 1869 TO 2014


WEATHER ITEM   OBSERVED TIME   RECORD YEAR NORMAL DEPARTURE LAST
                VALUE   (LST)  VALUE       VALUE  FROM      YEAR
                                                  NORMAL
..................................................................
TEMPERATURE (F)
 TODAY
  MAXIMUM         83    329 PM 105    1936  86     -3       89
  MINIMUM         63    516 AM  50    1963  66     -3       69
  AVERAGE         73                        76     -3       79

PRECIPITATION (IN)
  TODAY            0.00          1.45 1942   0.13  -0.13     0.21
  MONTH TO DATE    0.68                      1.20  -0.52     4.04
  SINCE JUN 1      6.90                      5.23   1.67    10.06
  SINCE JAN 1     24.37                     23.82   0.55    27.94

SNOWFALL (IN)
  TODAY            0.0           0.0    MM   0.0    0.0      0.0
  MONTH TO DATE    0.0                       0.0    0.0      0.0
  SINCE JUN 1      0.0                       0.0    0.0      0.0
  SINCE JUL 1      0.0                       0.0    0.0      0.0
  SNOW DEPTH       0

DEGREE DAYS
 HEATING
  TODAY            0                         0      0        0
  MONTH TO DATE    0                         0      0        0
  SINCE JUN 1      3                        15    -12        1
  SINCE JUL 1      0                         0      0        0

 COOLING
  TODAY            8                        11     -3       14
  MONTH TO DATE   77                       108    -31       93
  SINCE JUN 1    351                       334     17      332
  SINCE JAN 1    485                       428     57      471
..................................................................


WIND (MPH)
  HIGHEST WIND SPEED    12   HIGHEST WIND DIRECTION    NW (330)
  HIGHEST GUST SPEED    15   HIGHEST GUST DIRECTION    NW (330)
  AVERAGE WIND SPEED     3.8


SKY COVER
  POSSIBLE SUNSHINE  MM
  AVERAGE SKY COVER 0.5


WEATHER CONDITIONS
 THE FOLLOWING WEATHER WAS RECORDED TODAY.
  NO SIGNIFICANT WEATHER WAS OBSERVED.


RELATIVE HUMIDITY (PERCENT)
 HIGHEST    84           500 AM
 LOWEST     39          1200 PM
 AVERAGE    62

..........................................................


THE CINCINNATI OH CLIMATE NORMALS FOR TOMORROW
                         NORMAL    RECORD    YEAR
 MAXIMUM TEMPERATURE (F)   86       104      1936
 MINIMUM TEMPERATURE (F)   66        47      1963


SUNRISE AND SUNSET
JULY 10 2014..........SUNRISE   622 AM EDT   SUNSET   906 PM EDT
JULY 11 2014..........SUNRISE   622 AM EDT   SUNSET   906 PM EDT


-  INDICATES NEGATIVE NUMBERS.
R  INDICATES RECORD WAS SET OR TIED.
MM INDICATES DATA IS MISSING.
T  INDICATES TRACE AMOUNT.




$$
