571
CDUS41 KILN 170554
CLICVG


CLIMATE REPORT
NATIONAL WEATHER SERVICE WILMINGTON OH
1246 AM EST TUE JAN 17 2017


...................................

...THE CINCINNATI OH CLIMATE SUMMARY FOR JANUARY 16 2017...

CLIMATE NORMAL PERIOD 1981 TO 2010
CLIMATE RECORD PERIOD 1869 TO 2017


WEATHER ITEM   OBSERVED TIME   RECORD YEAR NORMAL DEPARTURE LAST
                VALUE   (LST)  VALUE       VALUE  FROM      YEAR
                                                  NORMAL
..................................................................
TEMPERATURE (F)
 YESTERDAY
  MAXIMUM         55   1139 PM  65    1928  39     16       34
  MINIMUM         37   1251 AM -21    1977  23     14       30
  AVERAGE         46                        31     15       32

PRECIPITATION (IN)
  YESTERDAY        0.13          1.19 1885   0.09   0.04      T
  MONTH TO DATE    2.49                      1.57   0.92     1.09
  SINCE DEC 1      6.92                      4.94   1.98     7.18
  SINCE JAN 1      2.49                      1.57   0.92     1.09

SNOWFALL (IN)
  YESTERDAY        0.0           5.2  1978   0.2   -0.2      0.0
  MONTH TO DATE    2.5                       3.1   -0.6      4.5
  SINCE DEC 1      4.7                       7.9   -3.2      4.5
  SINCE JUL 1      4.7                       8.7   -4.0      4.5
  SNOW DEPTH       0

DEGREE DAYS
 HEATING
  YESTERDAY       19                        34    -15       33
  MONTH TO DATE  504                       544    -40      518
  SINCE DEC 1   1473                      1503    -30     1094
  SINCE JUL 1   2155                      2463   -308     1839

 COOLING
  YESTERDAY        0                         0      0        0
  MONTH TO DATE    0                         0      0        0
  SINCE DEC 1      0                         0      0        0
  SINCE JAN 1      0                         0      0        0
..................................................................


WIND (MPH)
  RESULTANT WIND SPEED   6   RESULTANT WIND DIRECTION  SE (120)
  HIGHEST WIND SPEED    13   HIGHEST WIND DIRECTION    SE (140)
  HIGHEST GUST SPEED    16   HIGHEST GUST DIRECTION    SE (140)
  AVERAGE WIND SPEED     6.1


SKY COVER
  POSSIBLE SUNSHINE  MM
  AVERAGE SKY COVER 0.9


WEATHER CONDITIONS
 THE FOLLOWING WEATHER WAS RECORDED YESTERDAY.
  LIGHT RAIN
  FOG


RELATIVE HUMIDITY (PERCENT)
 HIGHEST   100           200 AM
 LOWEST     86           300 PM
 AVERAGE    93

..........................................................


THE CINCINNATI OH CLIMATE NORMALS FOR TODAY
                         NORMAL    RECORD    YEAR
 MAXIMUM TEMPERATURE (F)   39        63      1952
 MINIMUM TEMPERATURE (F)   23       -24      1977


SUNRISE AND SUNSET
JANUARY 17 2017.......SUNRISE   755 AM EST   SUNSET   543 PM EST
JANUARY 18 2017.......SUNRISE   755 AM EST   SUNSET   544 PM EST


-  INDICATES NEGATIVE NUMBERS.
R  INDICATES RECORD WAS SET OR TIED.
MM INDICATES DATA IS MISSING.
T  INDICATES TRACE AMOUNT.




$$
