000
CDUS41 KILN 190553
CLICVG


CLIMATE REPORT
NATIONAL WEATHER SERVICE WILMINGTON OH
1253 AM EST FRI DEC 19 2014


...................................

...THE CINCINNATI OH CLIMATE SUMMARY FOR DECEMBER 18 2014...

CLIMATE NORMAL PERIOD 1981 TO 2010
CLIMATE RECORD PERIOD 1869 TO 2014


WEATHER ITEM   OBSERVED TIME   RECORD YEAR NORMAL DEPARTURE LAST
                VALUE   (LST)  VALUE       VALUE  FROM      YEAR
                                                  NORMAL
..................................................................
TEMPERATURE (F)
 YESTERDAY
  MAXIMUM         30    455 PM  67    1877  41    -11       38
  MINIMUM         26    844 AM  -3    1989  26      0       24
  AVERAGE         28                        33     -5       31

PRECIPITATION (IN)
  YESTERDAY        T             2.04 1990   0.10  -0.10     0.00
  MONTH TO DATE    2.61                      1.95   0.66     2.33
  SINCE DEC 1      2.61                      1.95   0.66     2.33
  SINCE JAN 1     41.30                     41.10   0.20    46.90

SNOWFALL (IN)
  YESTERDAY        T             3.8  1951   0.1   -0.1      0.0
  MONTH TO DATE    T                         2.3   -2.3     10.1
  SINCE DEC 1      T                         2.3   -2.3     10.1
  SINCE JUL 1      5.1                       3.1    2.0     12.5
  SNOW DEPTH       0

DEGREE DAYS
 HEATING
  YESTERDAY       37                        32      5       34
  MONTH TO DATE  473                       529    -56      573
  SINCE DEC 1    473                       529    -56      573
  SINCE JUL 1   1611                      1489    122     1609

 COOLING
  YESTERDAY        0                         0      0        0
  MONTH TO DATE    0                         0      0        0
  SINCE DEC 1      0                         0      0        0
  SINCE JAN 1   1077                      1121    -44     1150
..................................................................


WIND (MPH)
  RESULTANT WIND SPEED   3   RESULTANT WIND DIRECTION   N (340)
  HIGHEST WIND SPEED    12   HIGHEST WIND DIRECTION     N (350)
  HIGHEST GUST SPEED    15   HIGHEST GUST DIRECTION    NE (30)
  AVERAGE WIND SPEED     3.3


SKY COVER
  POSSIBLE SUNSHINE  MM
  AVERAGE SKY COVER 1.0


WEATHER CONDITIONS
 THE FOLLOWING WEATHER WAS RECORDED YESTERDAY.
  LIGHT SNOW


RELATIVE HUMIDITY (PERCENT)
 HIGHEST    75           100 AM
 LOWEST     63          1100 AM
 AVERAGE    69

..........................................................


THE CINCINNATI OH CLIMATE NORMALS FOR TODAY
                         NORMAL    RECORD    YEAR
 MAXIMUM TEMPERATURE (F)   40        67      1877
 MINIMUM TEMPERATURE (F)   26        -7      1963


SUNRISE AND SUNSET
DECEMBER 19 2014......SUNRISE   753 AM EST   SUNSET   519 PM EST
DECEMBER 20 2014......SUNRISE   754 AM EST   SUNSET   519 PM EST


-  INDICATES NEGATIVE NUMBERS.
R  INDICATES RECORD WAS SET OR TIED.
MM INDICATES DATA IS MISSING.
T  INDICATES TRACE AMOUNT.




$$
