000
CDUS41 KILN 012051
CLICVG


CLIMATE REPORT
NATIONAL WEATHER SERVICE WILMINGTON OH
450 PM EDT SAT AUG 1 2015


...................................

...THE CINCINNATI OH CLIMATE SUMMARY FOR AUGUST 1 2015...
VALID TODAY AS OF 0400 PM LOCAL TIME.

CLIMATE NORMAL PERIOD 1981 TO 2010
CLIMATE RECORD PERIOD 1869 TO 2015


WEATHER ITEM   OBSERVED TIME   RECORD YEAR NORMAL DEPARTURE LAST
                VALUE   (LST)  VALUE       VALUE  FROM      YEAR
                                                  NORMAL
..................................................................
TEMPERATURE (F)
 TODAY
  MAXIMUM         84    320 PM  98    1933  85     -1       85
  MINIMUM         60    555 AM  52    1992  66     -6       59
  AVERAGE         72                        76     -4       72

PRECIPITATION (IN)
  TODAY            0.00          2.03 1875   0.13  -0.13     0.00
  MONTH TO DATE    0.00                      0.13  -0.13     0.00
  SINCE JUN 1     12.37                      7.92   4.45     9.05
  SINCE JAN 1     29.60                     26.51   3.09    26.52

SNOWFALL (IN)
  TODAY            0.0           0.0    MM   0.0    0.0      0.0
  MONTH TO DATE    0.0                       0.0    0.0      0.0
  SINCE JUN 1      0.0                       0.0    0.0      0.0
  SINCE JUL 1      0.0                       0.0    0.0      0.0
  SNOW DEPTH       0

DEGREE DAYS
 HEATING
  TODAY            0                         0      0        0
  MONTH TO DATE    0                         0      0        0
  SINCE JUN 1     19                        15      4        8
  SINCE JUL 1      0                         0      0        5

 COOLING
  TODAY            7                        11     -4        7
  MONTH TO DATE    7                        11     -4        7
  SINCE JUN 1    585                       576      9      498
  SINCE JAN 1    734                       670     64      632
..................................................................


WIND (MPH)
  HIGHEST WIND SPEED    14   HIGHEST WIND DIRECTION     N (350)
  HIGHEST GUST SPEED    16   HIGHEST GUST DIRECTION     N (340)
  AVERAGE WIND SPEED     4.8


SKY COVER
  POSSIBLE SUNSHINE  MM
  AVERAGE SKY COVER 0.2


WEATHER CONDITIONS
 THE FOLLOWING WEATHER WAS RECORDED TODAY.
  NO SIGNIFICANT WEATHER WAS OBSERVED.


RELATIVE HUMIDITY (PERCENT)
 HIGHEST   100           600 AM
 LOWEST     39          1200 PM
 AVERAGE    70

..........................................................


THE CINCINNATI OH CLIMATE NORMALS FOR TOMORROW
                         NORMAL    RECORD    YEAR
 MAXIMUM TEMPERATURE (F)   85        98      1991
                                             1955
                                             1899
 MINIMUM TEMPERATURE (F)   66        50      1920


SUNRISE AND SUNSET
AUGUST  1 2015........SUNRISE   639 AM EDT   SUNSET   850 PM EDT
AUGUST  2 2015........SUNRISE   640 AM EDT   SUNSET   849 PM EDT


-  INDICATES NEGATIVE NUMBERS.
R  INDICATES RECORD WAS SET OR TIED.
MM INDICATES DATA IS MISSING.
T  INDICATES TRACE AMOUNT.




$$
