000
CDUS41 KILN 150648
CLICVG


CLIMATE REPORT
NATIONAL WEATHER SERVICE WILMINGTON OH
248 AM EDT MON SEP 15 2014


...................................

...THE CINCINNATI OH CLIMATE SUMMARY FOR SEPTEMBER 14 2014...

CLIMATE NORMAL PERIOD 1981 TO 2010
CLIMATE RECORD PERIOD 1869 TO 2014


WEATHER ITEM   OBSERVED TIME   RECORD YEAR NORMAL DEPARTURE LAST
                VALUE   (LST)  VALUE       VALUE  FROM      YEAR
                                                  NORMAL
..................................................................
TEMPERATURE (F)
 YESTERDAY
  MAXIMUM         70    518 PM  99    1939  79     -9       71
  MINIMUM         49    631 AM  37    1964  58     -9       50
  AVERAGE         60                        68     -8       61

PRECIPITATION (IN)
  YESTERDAY        0.00          1.69 1979   0.09  -0.09     0.00
  MONTH TO DATE    2.98                      1.24   1.74     0.11
  SINCE SEP 1      2.98                      1.24   1.74     0.11
  SINCE JAN 1     33.44                     31.03   2.41    33.16

SNOWFALL (IN)
  YESTERDAY        0.0                       0.0    0.0      0.0
  MONTH TO DATE    0.0                       0.0    0.0      0.0
  SINCE SEP 1      0.0                       0.0    0.0      0.0
  SINCE JUL 1      0.0                       0.0    0.0      0.0
  SNOW DEPTH       0

DEGREE DAYS
 HEATING
  YESTERDAY        5                         1      4        4
  MONTH TO DATE   15                         8      7        8
  SINCE SEP 1     15                         8      7        8
  SINCE JUL 1     20                         8     12       12

 COOLING
  YESTERDAY        0                         5     -5        0
  MONTH TO DATE   87                        90     -3      113
  SINCE SEP 1     87                        90     -3      113
  SINCE JAN 1   1033                      1058    -25     1089
..................................................................


WIND (MPH)
  RESULTANT WIND SPEED   1   RESULTANT WIND DIRECTION  NE (40)
  HIGHEST WIND SPEED     9   HIGHEST WIND DIRECTION    SE (140)
  HIGHEST GUST SPEED    13   HIGHEST GUST DIRECTION    SE (130)
  AVERAGE WIND SPEED     3.3


SKY COVER
  POSSIBLE SUNSHINE  MM
  AVERAGE SKY COVER 0.3


WEATHER CONDITIONS
 THE FOLLOWING WEATHER WAS RECORDED YESTERDAY.
  NO SIGNIFICANT WEATHER WAS OBSERVED.


RELATIVE HUMIDITY (PERCENT)
 HIGHEST    83          1000 PM
 LOWEST     44           200 PM
 AVERAGE    64

..........................................................


THE CINCINNATI OH CLIMATE NORMALS FOR TODAY
                         NORMAL    RECORD    YEAR
 MAXIMUM TEMPERATURE (F)   79        97      1939
                                             1897
 MINIMUM TEMPERATURE (F)   57        41      1964


SUNRISE AND SUNSET
SEPTEMBER 15 2014.....SUNRISE   720 AM EDT   SUNSET   747 PM EDT
SEPTEMBER 16 2014.....SUNRISE   721 AM EDT   SUNSET   745 PM EDT


-  INDICATES NEGATIVE NUMBERS.
R  INDICATES RECORD WAS SET OR TIED.
MM INDICATES DATA IS MISSING.
T  INDICATES TRACE AMOUNT.




$$
