000
CDUS41 KILN 250546
CLICVG


CLIMATE REPORT
NATIONAL WEATHER SERVICE WILMINGTON OH
146 AM EDT MON MAY 25 2015


...................................

...THE CINCINNATI OH CLIMATE SUMMARY FOR MAY 24 2015...

CLIMATE NORMAL PERIOD 1981 TO 2010
CLIMATE RECORD PERIOD 1869 TO 2015


WEATHER ITEM   OBSERVED TIME   RECORD YEAR NORMAL DEPARTURE LAST
                VALUE   (LST)  VALUE       VALUE  FROM      YEAR
                                                  NORMAL
..................................................................
TEMPERATURE (F)
 YESTERDAY
  MAXIMUM         84    346 PM  92    1975  76      8       78
  MINIMUM         60    554 AM  37    1925  56      4       49
  AVERAGE         72                        66      6       64

PRECIPITATION (IN)
  YESTERDAY        0.00          2.02 1968   0.16  -0.16     0.00
  MONTH TO DATE    0.77                      3.81  -3.04     2.86
  SINCE MAR 1     12.22                     11.66   0.56    11.93
  SINCE JAN 1     16.37                     17.47  -1.10    17.47

SNOWFALL (IN)
  YESTERDAY        0.0           0.0    MM   0.0    0.0      0.0
  MONTH TO DATE    0.0                       0.0    0.0      0.0
  SINCE MAR 1      4.9                       3.5    1.4      3.9
  SINCE JUL 1     29.9                      22.1    7.8     47.5
  SNOW DEPTH       0

DEGREE DAYS
 HEATING
  YESTERDAY        0                         3     -3        1
  MONTH TO DATE   67                       111    -44      109
  SINCE MAR 1   1049                      1118    -69     1162
  SINCE JUL 1   5276                      4945    331     5406

 COOLING
  YESTERDAY        7                         3      4        0
  MONTH TO DATE   92                        48     44       64
  SINCE MAR 1     97                        66     31       71
  SINCE JAN 1     97                        66     31       71
..................................................................


WIND (MPH)
  RESULTANT WIND SPEED  10   RESULTANT WIND DIRECTION   S (170)
  HIGHEST WIND SPEED    21   HIGHEST WIND DIRECTION     S (160)
  HIGHEST GUST SPEED    25   HIGHEST GUST DIRECTION     S (160)
  AVERAGE WIND SPEED    10.4


SKY COVER
  POSSIBLE SUNSHINE  MM
  AVERAGE SKY COVER 0.4


WEATHER CONDITIONS
 THE FOLLOWING WEATHER WAS RECORDED YESTERDAY.
  NO SIGNIFICANT WEATHER WAS OBSERVED.


RELATIVE HUMIDITY (PERCENT)
 HIGHEST    64           400 AM
 LOWEST     36           600 PM
 AVERAGE    50

..........................................................


THE CINCINNATI OH CLIMATE NORMALS FOR TODAY
                         NORMAL    RECORD    YEAR
 MAXIMUM TEMPERATURE (F)   76        93      1908
 MINIMUM TEMPERATURE (F)   56        32      1925


SUNRISE AND SUNSET
MAY 25 2015...........SUNRISE   618 AM EDT   SUNSET   853 PM EDT
MAY 26 2015...........SUNRISE   618 AM EDT   SUNSET   854 PM EDT


-  INDICATES NEGATIVE NUMBERS.
R  INDICATES RECORD WAS SET OR TIED.
MM INDICATES DATA IS MISSING.
T  INDICATES TRACE AMOUNT.




$$
