000
CDUS45 KCYS 140727
CLICYS


CLIMATE REPORT
NATIONAL WEATHER SERVICE CHEYENNE WY
1226 AM MST SUN FEB 14 2016


...................................

...THE CHEYENNE WYOMING AIRPORT CLIMATE SUMMARY FOR FEBRUARY 13 2016...

CLIMATE NORMAL PERIOD 1981 TO 2010
CLIMATE RECORD PERIOD 1871 TO 2016


WEATHER ITEM   OBSERVED TIME   RECORD YEAR NORMAL DEPARTURE LAST
                VALUE   (LST)  VALUE       VALUE  FROM      YEAR
                                                  NORMAL
..................................................................
TEMPERATURE (F)
 YESTERDAY
  MAXIMUM         59    157 PM  66    1979  40     19       58
  MINIMUM         30    407 AM -16    1949  18     12       33
                                      1895
  AVERAGE         45                        29     16       46

PRECIPITATION (IN)
  YESTERDAY        T             0.48 1930   0.01  -0.01     0.00
  MONTH TO DATE    0.67                      0.18   0.49     0.31
  SINCE JAN 1      1.15                      0.51   0.64     0.37

SNOWFALL (IN)
  YESTERDAY        T             5.9  1990   0.3   -0.3      0.0
  MONTH TO DATE   10.9                       3.4    7.5      3.9
  SINCE JUL 1     45.6                      32.0   13.6     27.3
  SNOW DEPTH       0

DEGREE DAYS
 HEATING
  YESTERDAY       20                        36    -16       19
  MONTH TO DATE  440                       476    -36      303
  SINCE DEC 1   2687                      2755    -68     2426
  SINCE JUL 1   4114                      4503   -389     4029

 COOLING
  YESTERDAY        0                         0      0        0
  MONTH TO DATE    0                         0      0        0
  SINCE DEC 1      0                         0      0        0
  SINCE JAN 1      0                         0      0        0
..................................................................


WIND (MPH)
  HIGHEST WIND SPEED    44   HIGHEST WIND DIRECTION     W (260)
  HIGHEST GUST SPEED    53   HIGHEST GUST DIRECTION     W (280)
  AVERAGE WIND SPEED    16.5


SKY COVER
  AVERAGE SKY COVER 0.1


WEATHER CONDITIONS
 THE FOLLOWING WEATHER WAS RECORDED YESTERDAY.
  FOG


RELATIVE HUMIDITY (PERCENT)
 HIGHEST   100          1200 AM
 LOWEST     17           100 PM
 AVERAGE    59

..........................................................


THE CHEYENNE WYOMING AIRPORT CLIMATE NORMALS FOR TODAY
                         NORMAL    RECORD    YEAR
 MAXIMUM TEMPERATURE (F)   40        64      1924
 MINIMUM TEMPERATURE (F)   18       -20      1895


SUNRISE AND SUNSET
FEBRUARY 14 2016......SUNRISE   656 AM MST   SUNSET   532 PM MST
FEBRUARY 15 2016......SUNRISE   654 AM MST   SUNSET   533 PM MST


-  INDICATES NEGATIVE NUMBERS.
R  INDICATES RECORD WAS SET OR TIED.
MM INDICATES DATA IS MISSING.
T  INDICATES TRACE AMOUNT.




$$
