000
CDUS45 KCYS 250740
CLICYS


CLIMATE REPORT
NATIONAL WEATHER SERVICE CHEYENNE WY
138 AM MDT FRI APR 25 2014


...................................

...THE CHEYENNE WYOMING CLIMATE SUMMARY FOR APRIL 24 2014...

CLIMATE NORMAL PERIOD 1981 TO 2010
CLIMATE RECORD PERIOD 1871 TO 2014


WEATHER ITEM   OBSERVED TIME   RECORD YEAR NORMAL DEPARTURE LAST
                VALUE   (LST)  VALUE       VALUE  FROM      YEAR
                                                  NORMAL
..................................................................
TEMPERATURE (F)
 YESTERDAY
  MAXIMUM         62    309 PM  80    2012  58      4       46
  MINIMUM         27    521 AM   5    1873  33     -6       20
  AVERAGE         45                        45      0       33

PRECIPITATION (IN)
  YESTERDAY        0.00          2.45 1929   0.07  -0.07     0.00
  MONTH TO DATE    0.64                      1.37  -0.73     2.05
  SINCE JAN 1      3.70                      3.22   0.48     3.56

SNOWFALL (IN)
  YESTERDAY        0.0          12.0  1942   0.3   -0.3      0.0
  MONTH TO DATE    6.1                       8.8   -2.7     30.3
  SINCE JUL 1     77.6                      56.6   21.0     75.5
  SNOW DEPTH       0

DEGREE DAYS
 HEATING
  YESTERDAY       20                        20      0       32
  MONTH TO DATE  499                       554    -55      771
  SINCE MAR 1   1372                      1455    -83     1701
  SINCE JUL 1   6576                      6474    102     6634

 COOLING
  YESTERDAY        0                         0      0        0
  MONTH TO DATE    0                         0      0        0
  SINCE MAR 1      0                         0      0        0
  SINCE JAN 1      0                         0      0        0
..................................................................


WIND (MPH)
  HIGHEST WIND SPEED    29   HIGHEST WIND DIRECTION     W (290)
  HIGHEST GUST SPEED    39   HIGHEST GUST DIRECTION     W (250)
  AVERAGE WIND SPEED    15.1


SKY COVER
  AVERAGE SKY COVER 0.2


WEATHER CONDITIONS
 THE FOLLOWING WEATHER WAS RECORDED YESTERDAY.
  NO SIGNIFICANT WEATHER WAS OBSERVED.


RELATIVE HUMIDITY (PERCENT)
 HIGHEST    53           500 AM
 LOWEST     16           300 PM
 AVERAGE    35

..........................................................


THE CHEYENNE WYOMING CLIMATE NORMALS FOR TODAY
                         NORMAL    RECORD    YEAR
 MAXIMUM TEMPERATURE (F)   58        77      1962
                                             1891
 MINIMUM TEMPERATURE (F)   33        14      1924


SUNRISE AND SUNSET
APRIL 25 2014.........SUNRISE   605 AM MDT   SUNSET   750 PM MDT
APRIL 26 2014.........SUNRISE   604 AM MDT   SUNSET   751 PM MDT


-  INDICATES NEGATIVE NUMBERS.
R  INDICATES RECORD WAS SET OR TIED.
MM INDICATES DATA IS MISSING.
T  INDICATES TRACE AMOUNT.




$$
