000
CDUS45 KCYS 290727
CLICYS


CLIMATE REPORT
NATIONAL WEATHER SERVICE CHEYENNE WY
127 AM MDT WED JUL 29 2015


...................................

...THE CHEYENNE WYOMING AIRPORT CLIMATE SUMMARY FOR JULY 28 2015...

CLIMATE NORMAL PERIOD 1981 TO 2010
CLIMATE RECORD PERIOD 1871 TO 2015


WEATHER ITEM   OBSERVED TIME   RECORD YEAR NORMAL DEPARTURE LAST
                VALUE   (LST)  VALUE       VALUE  FROM      YEAR
                                                  NORMAL
..................................................................
TEMPERATURE (F)
 YESTERDAY
  MAXIMUM         82    246 PM  93    2006  84     -2       84
                                      1995
                                      1959
  MINIMUM         54    545 AM  43    1971  56     -2       54
  AVERAGE         68                        70     -2       69

PRECIPITATION (IN)
  YESTERDAY        0.00          1.23 1997   0.07  -0.07      T
  MONTH TO DATE    1.81                      1.96  -0.15     2.16
  SINCE JAN 1     12.92                     10.27   2.65    11.10

SNOWFALL (IN)
  YESTERDAY        0.0          MM      MM   0.0    0.0      0.0
  MONTH TO DATE    0.0                       0.0    0.0      0.0
  SINCE JUL 1      0.0                       0.0    0.0      0.0
  SNOW DEPTH       0

DEGREE DAYS
 HEATING
  YESTERDAY        0                         1     -1        0
  MONTH TO DATE   27                        28     -1       21
  SINCE JUN 1     63                       162    -99      147
  SINCE JUL 1     27                        28     -1       21

 COOLING
  YESTERDAY        3                         6     -3        4
  MONTH TO DATE  121                       147    -26      158
  SINCE JUN 1    183                       194    -11      172
  SINCE JAN 1    183                       197    -14      173
..................................................................


WIND (MPH)
  HIGHEST WIND SPEED    31   HIGHEST WIND DIRECTION    NW (310)
  HIGHEST GUST SPEED    41   HIGHEST GUST DIRECTION    NW (310)
  AVERAGE WIND SPEED    12.5


SKY COVER
  AVERAGE SKY COVER 0.2


WEATHER CONDITIONS
 THE FOLLOWING WEATHER WAS RECORDED YESTERDAY.
  NO SIGNIFICANT WEATHER WAS OBSERVED.


RELATIVE HUMIDITY (PERCENT)
 HIGHEST    41           600 AM
 LOWEST     16          1200 PM
 AVERAGE    29

..........................................................


THE CHEYENNE WYOMING AIRPORT CLIMATE NORMALS FOR TODAY
                         NORMAL    RECORD    YEAR
 MAXIMUM TEMPERATURE (F)   84        95      2006
                                             2001
                                             1995
 MINIMUM TEMPERATURE (F)   56        43      1971


SUNRISE AND SUNSET
JULY 29 2015..........SUNRISE   552 AM MDT   SUNSET   819 PM MDT
JULY 30 2015..........SUNRISE   553 AM MDT   SUNSET   818 PM MDT


-  INDICATES NEGATIVE NUMBERS.
R  INDICATES RECORD WAS SET OR TIED.
MM INDICATES DATA IS MISSING.
T  INDICATES TRACE AMOUNT.




$$
