000
CDUS45 KCYS 290731
CLICYS


CLIMATE REPORT
NATIONAL WEATHER SERVICE CHEYENNE WY
130 AM MDT FRI MAY 29 2015


...................................

...THE CHEYENNE WYOMING AIRPORT CLIMATE SUMMARY FOR MAY 28 2015...

CLIMATE NORMAL PERIOD 1981 TO 2010
CLIMATE RECORD PERIOD 1871 TO 2015


WEATHER ITEM   OBSERVED TIME   RECORD YEAR NORMAL DEPARTURE LAST
                VALUE   (LST)  VALUE       VALUE  FROM      YEAR
                                                  NORMAL
..................................................................
TEMPERATURE (F)
 YESTERDAY
  MAXIMUM         69    355 PM  88    2000  68      1       82
  MINIMUM         46    443 AM  22    1947  44      2       49
  AVERAGE         58                        56      2       66

PRECIPITATION (IN)
  YESTERDAY        0.00          1.08 1975   0.09  -0.09     0.00
  MONTH TO DATE    5.88                      2.08   3.80     2.77
  SINCE JAN 1      9.47                      5.71   3.76     6.74

SNOWFALL (IN)
  YESTERDAY        0.0           3.2  1947   0.0    0.0      0.0
  MONTH TO DATE    4.4                       2.2    2.2     12.9
  SINCE JUL 1     54.5                      60.2   -5.7     91.6
  SNOW DEPTH       0

DEGREE DAYS
 HEATING
  YESTERDAY        7                         9     -2        0
  MONTH TO DATE  483                       365    118      388
  SINCE MAR 1   1817                      1931   -114     1894
  SINCE JUL 1   6463                      6950   -487     7098

 COOLING
  YESTERDAY        0                         0      0        1
  MONTH TO DATE    0                         0      0        1
  SINCE MAR 1      0                         0      0        1
  SINCE JAN 1      0                         0      0        1
..................................................................


WIND (MPH)
  HIGHEST WIND SPEED    30   HIGHEST WIND DIRECTION    NW (310)
  HIGHEST GUST SPEED    40   HIGHEST GUST DIRECTION    NW (310)
  AVERAGE WIND SPEED    10.5


SKY COVER
  AVERAGE SKY COVER 0.6


WEATHER CONDITIONS
 THE FOLLOWING WEATHER WAS RECORDED YESTERDAY.
  FOG


RELATIVE HUMIDITY (PERCENT)
 HIGHEST    96           100 AM
 LOWEST     28           400 PM
 AVERAGE    62

..........................................................


THE CHEYENNE WYOMING AIRPORT CLIMATE NORMALS FOR TODAY
                         NORMAL    RECORD    YEAR
 MAXIMUM TEMPERATURE (F)   69        91      2003
                                             2000
 MINIMUM TEMPERATURE (F)   44        16      1947


SUNRISE AND SUNSET
MAY 29 2015...........SUNRISE   531 AM MDT   SUNSET   823 PM MDT
MAY 30 2015...........SUNRISE   530 AM MDT   SUNSET   824 PM MDT


-  INDICATES NEGATIVE NUMBERS.
R  INDICATES RECORD WAS SET OR TIED.
MM INDICATES DATA IS MISSING.
T  INDICATES TRACE AMOUNT.




$$
