000
CDUS45 KCYS 290735
CLICYS


CLIMATE REPORT
NATIONAL WEATHER SERVICE CHEYENNE WY
134 AM MDT FRI APR 29 2016


...................................

...THE CHEYENNE WYOMING AIRPORT CLIMATE SUMMARY FOR APRIL 28 2016...

CLIMATE NORMAL PERIOD 1981 TO 2010
CLIMATE RECORD PERIOD 1871 TO 2016


WEATHER ITEM   OBSERVED TIME   RECORD YEAR NORMAL DEPARTURE LAST
                VALUE   (LST)  VALUE       VALUE  FROM      YEAR
                                                  NORMAL
..................................................................
TEMPERATURE (F)
 YESTERDAY
  MAXIMUM         36    428 PM  82    1910  59    -23       56
  MINIMUM         29   1216 AM  13    1984  34     -5       38
  AVERAGE         33                        47    -14       47

PRECIPITATION (IN)
  YESTERDAY        0.10          1.24 1896   0.07   0.03     0.00
  MONTH TO DATE    2.51                      1.64   0.87     2.69
  SINCE JAN 1      6.04                      3.49   2.55     3.56

SNOWFALL (IN)
  YESTERDAY        0.7           5.5  2005   0.3    0.4      0.0
  MONTH TO DATE   15.4                       9.8    5.6     15.4
  SINCE JUL 1     86.1                      57.6   28.5     50.1
  SNOW DEPTH       0

DEGREE DAYS
 HEATING
  YESTERDAY       32                        18     14       18
  MONTH TO DATE  581                       629    -48      611
  SINCE MAR 1   1423                      1530   -107     1319
  SINCE JUL 1   5940                      6549   -609     5970

 COOLING
  YESTERDAY        0                         0      0        0
  MONTH TO DATE    0                         0      0        0
  SINCE MAR 1      0                         0      0        0
  SINCE JAN 1      0                         0      0        0
..................................................................


WIND (MPH)
  HIGHEST WIND SPEED    17   HIGHEST WIND DIRECTION     N (360)
  HIGHEST GUST SPEED    25   HIGHEST GUST DIRECTION     N (360)
  AVERAGE WIND SPEED     6.5


SKY COVER
  AVERAGE SKY COVER 1.0


WEATHER CONDITIONS
 THE FOLLOWING WEATHER WAS RECORDED YESTERDAY.
  SNOW
  LIGHT SNOW
  FOG
  HAZE


RELATIVE HUMIDITY (PERCENT)
 HIGHEST   100           500 PM
 LOWEST     64          1100 AM
 AVERAGE    82

..........................................................


THE CHEYENNE WYOMING AIRPORT CLIMATE NORMALS FOR TODAY
                         NORMAL    RECORD    YEAR
 MAXIMUM TEMPERATURE (F)   59        80      2007
 MINIMUM TEMPERATURE (F)   35         9      1877


SUNRISE AND SUNSET
APRIL 29 2016.........SUNRISE   559 AM MDT   SUNSET   755 PM MDT
APRIL 30 2016.........SUNRISE   558 AM MDT   SUNSET   756 PM MDT


-  INDICATES NEGATIVE NUMBERS.
R  INDICATES RECORD WAS SET OR TIED.
MM INDICATES DATA IS MISSING.
T  INDICATES TRACE AMOUNT.




$$
