000
CDUS46 KSGX 290017
CLICZZ


CLIMATE REPORT
NATIONAL WEATHER SERVICE SAN DIEGO, CA
516 PM PDT FRI AUG 28 2015


...................................

...THE CAMPO ASOS CA CLIMATE SUMMARY FOR AUGUST 28 2015...
VALID TODAY AS OF 0500 PM LOCAL TIME.

CLIMATE NORMAL PERIOD 1981 TO 2010
CLIMATE RECORD PERIOD 1948 TO 2015


WEATHER ITEM   OBSERVED TIME   RECORD YEAR NORMAL DEPARTURE LAST
                VALUE   (LST)  VALUE       VALUE  FROM      YEAR
                                                  NORMAL
..................................................................
TEMPERATURE (F)
 TODAY
  MAXIMUM        100    159 PM 106    1981  94      6       98
  MINIMUM         63    255 AM  35    1973  52     11       56
  AVERAGE         82                        73      9       77

PRECIPITATION (IN)
  TODAY            0.00          1.14 1951   0.02  -0.02     0.00
  MONTH TO DATE    0.01                      0.64  -0.63     0.48
  SINCE OCT 1     10.12                     15.33  -5.21     5.63
  SINCE JAN 1      6.25                     11.11  -4.86     3.38

DEGREE DAYS
 HEATING
  TODAY            0                         0      0        0
  MONTH TO DATE    0                         0      0        2
  SINCE JUN 1     60                        63     -3       30
  SINCE JUL 1     10                         7      3        2

 COOLING
  TODAY           17                         8      9       12
  MONTH TO DATE  273                       250     23      203
  SINCE JUN 1    641                       592     49      549
  SINCE JAN 1    658                       622     36      601
..................................................................


WIND (MPH)
  RESULTANT WIND SPEED   1   RESULTANT WIND DIRECTION  NW (300)
  HIGHEST WIND SPEED    23   HIGHEST WIND DIRECTION    SW (220)
  HIGHEST GUST SPEED    29   HIGHEST GUST DIRECTION    SW (220)
  AVERAGE WIND SPEED     7.1


SKY COVER
  POSSIBLE SUNSHINE  MM
  AVERAGE SKY COVER 0.0



RELATIVE HUMIDITY (PERCENT)
 HIGHEST    63           400 AM
 LOWEST     21           100 PM
 AVERAGE    42

..........................................................


THE CAMPO ASOS CA CLIMATE NORMALS FOR TOMORROW
                         NORMAL    RECORD    YEAR
 MAXIMUM TEMPERATURE (F)   94       105      1981
 MINIMUM TEMPERATURE (F)   52        32      2010


SUNRISE AND SUNSET
AUGUST 28 2015........SUNRISE   618 AM PDT   SUNSET   716 PM PDT
AUGUST 29 2015........SUNRISE   619 AM PDT   SUNSET   714 PM PDT


-  INDICATES NEGATIVE NUMBERS.
R  INDICATES RECORD WAS SET OR TIED.
MM INDICATES DATA IS MISSING.
T  INDICATES TRACE AMOUNT.




$$
