000
CDUS46 KSGX 301417
CLICZZ


CLIMATE REPORT
NATIONAL WEATHER SERVICE SAN DIEGO, CA
717 AM PDT TUE SEP 30 2014


...................................

...THE CAMPO ASOS CA CLIMATE SUMMARY FOR SEPTEMBER 29 2014...

CLIMATE NORMAL PERIOD 1981 TO 2010
CLIMATE RECORD PERIOD 1948 TO 2014


WEATHER ITEM   OBSERVED TIME   RECORD YEAR NORMAL DEPARTURE LAST
                VALUE   (LST)  VALUE       VALUE  FROM      YEAR
                                                  NORMAL
..................................................................
TEMPERATURE (F)
 YESTERDAY
  MAXIMUM         83    142 PM 101    1999  85     -2       87
  MINIMUM         39    557 AM  34    1982  46     -7       37
  AVERAGE         61                        65     -4       62

PRECIPITATION (IN)
  YESTERDAY        0.00          0.25 1971   0.02  -0.02     0.00
  MONTH TO DATE    1.41                      0.33   1.08     1.51
  SINCE JUL 1      2.03                      1.35   0.68     1.94
  SINCE JAN 1      4.79                     11.50  -6.71     6.72

SNOWFALL (IN)
  YESTERDAY        0.0
  MONTH TO DATE    0.0
  SINCE JAN 1      0.0
  SINCE JUL 1      0.0
  SNOW DEPTH       0

DEGREE DAYS
 HEATING
  YESTERDAY        4                         2      2        3
  MONTH TO DATE   15                        35    -20       41
  SINCE SEP 1     15                        35    -20       41
  SINCE JUL 1     17                        49    -32       43

 COOLING
  YESTERDAY        0                         3     -3        0
  MONTH TO DATE  230                       159     71      190
  SINCE SEP 1    230                       159     71      190
  SINCE JAN 1    862                       809     53      907
..................................................................


WIND (MPH)
  RESULTANT WIND SPEED   2   RESULTANT WIND DIRECTION   N (10)
  HIGHEST WIND SPEED    17   HIGHEST WIND DIRECTION     S (200)
  HIGHEST GUST SPEED    23   HIGHEST GUST DIRECTION     S (180)
  AVERAGE WIND SPEED     5.7


SKY COVER
  POSSIBLE SUNSHINE  MM
  AVERAGE SKY COVER 0.0



RELATIVE HUMIDITY (PERCENT)
 HIGHEST   100           100 AM
 LOWEST     18          1200 PM
 AVERAGE    59

..........................................................


THE CAMPO ASOS CA CLIMATE NORMALS FOR TODAY
                         NORMAL    RECORD    YEAR
 MAXIMUM TEMPERATURE (F)   85        99      1999
 MINIMUM TEMPERATURE (F)   46        30      1954


SUNRISE AND SUNSET
SEPTEMBER 30 2014.....SUNRISE   639 AM PDT   SUNSET   632 PM PDT
OCTOBER  1 2014.......SUNRISE   640 AM PDT   SUNSET   630 PM PDT


-  INDICATES NEGATIVE NUMBERS.
R  INDICATES RECORD WAS SET OR TIED.
MM INDICATES DATA IS MISSING.
T  INDICATES TRACE AMOUNT.




$$
