000
CDUS46 KSGX 230017
CLICZZ


CLIMATE REPORT
NATIONAL WEATHER SERVICE SAN DIEGO, CA
517 PM PDT WED OCT 22 2014


...................................

...THE CAMPO ASOS CA CLIMATE SUMMARY FOR OCTOBER 22 2014...
VALID TODAY AS OF 0500 PM LOCAL TIME.

CLIMATE NORMAL PERIOD 1981 TO 2010
CLIMATE RECORD PERIOD 1948 TO 2014


WEATHER ITEM   OBSERVED TIME   RECORD YEAR NORMAL DEPARTURE LAST
                VALUE   (LST)  VALUE       VALUE  FROM      YEAR
                                                  NORMAL
..................................................................
TEMPERATURE (F)
 TODAY
  MAXIMUM         87   1245 PM  96    2003  78      9       82
  MINIMUM         39    537 AM  31    1966  41     -2       47
  AVERAGE         63                        59      4       65

PRECIPITATION (IN)
  TODAY            0.00          0.14 1976   0.03  -0.03     0.00
  MONTH TO DATE    0.00                      0.54  -0.54     0.76
  SINCE JUL 1      2.03                      1.90   0.13     2.70
  SINCE JAN 1      4.79                     12.05  -7.26     7.48

SNOWFALL (IN)
  TODAY            0.0
  MONTH TO DATE    0.0
  SINCE JAN 1      0.0
  SINCE JUL 1      0.0
  SNOW DEPTH       0

DEGREE DAYS
 HEATING
  TODAY            2                         6     -4        0
  MONTH TO DATE   33                        96    -63      153
  SINCE SEP 1     48                       132    -84      194
  SINCE JUL 1     50                       146    -96      196

 COOLING
  TODAY            0                         0      0        0
  MONTH TO DATE   31                        27      4        2
  SINCE SEP 1    261                       188     73      192
  SINCE JAN 1    893                       838     55      909
..................................................................


WIND (MPH)
  RESULTANT WIND SPEED   2   RESULTANT WIND DIRECTION   S (190)
  HIGHEST WIND SPEED    17   HIGHEST WIND DIRECTION    SW (210)
  HIGHEST GUST SPEED    22   HIGHEST GUST DIRECTION    SW (220)
  AVERAGE WIND SPEED     6.7


SKY COVER
  POSSIBLE SUNSHINE  MM
  AVERAGE SKY COVER 0.0



RELATIVE HUMIDITY (PERCENT)
 HIGHEST    80          1200 AM
 LOWEST      5          1200 PM
 AVERAGE    43

..........................................................


THE CAMPO ASOS CA CLIMATE NORMALS FOR TOMORROW
                         NORMAL    RECORD    YEAR
 MAXIMUM TEMPERATURE (F)   77        93      2003
 MINIMUM TEMPERATURE (F)   41        26      1996


SUNRISE AND SUNSET
OCTOBER 22 2014.......SUNRISE   655 AM PDT   SUNSET   605 PM PDT
OCTOBER 23 2014.......SUNRISE   656 AM PDT   SUNSET   604 PM PDT


-  INDICATES NEGATIVE NUMBERS.
R  INDICATES RECORD WAS SET OR TIED.
MM INDICATES DATA IS MISSING.
T  INDICATES TRACE AMOUNT.




$$
