000
CDUS46 KSGX 071517
CLICZZ


CLIMATE REPORT
NATIONAL WEATHER SERVICE SAN DIEGO, CA
716 AM PST SUN FEB 7 2016


...................................

...THE CAMPO ASOS CA CLIMATE SUMMARY FOR FEBRUARY 6 2016...

CLIMATE NORMAL PERIOD 1981 TO 2010
CLIMATE RECORD PERIOD 1948 TO 2016


WEATHER ITEM   OBSERVED TIME   RECORD YEAR NORMAL DEPARTURE LAST
                VALUE   (LST)  VALUE       VALUE  FROM      YEAR
                                                  NORMAL
..................................................................
TEMPERATURE (F)
 YESTERDAY
  MAXIMUM         64    229 PM  83    1963  63      1       78
  MINIMUM         50    645 AM  19    1955  35     15       34
  AVERAGE         57                        49      8       56

PRECIPITATION (IN)
  YESTERDAY        0.00          1.52 1976   0.11  -0.11     0.00
  MONTH TO DATE    0.20                      0.62  -0.42     0.00
  SINCE OCT 1      6.75                      7.82  -1.07     4.23
  SINCE JAN 1      3.80                      3.60   0.20     0.36

DEGREE DAYS
 HEATING
  YESTERDAY        8                        16     -8        9
  MONTH TO DATE  118                        96     22       57
  SINCE DEC 1   1278                      1142    136      996
  SINCE JUL 1   1694                      1712    -18     1377

 COOLING
  YESTERDAY        0                         0      0        0
  MONTH TO DATE    0                         0      0        0
  SINCE DEC 1      0                         0      0        0
  SINCE JAN 1      0                         0      0        0
..................................................................


WIND (MPH)
  RESULTANT WIND SPEED  16   RESULTANT WIND DIRECTION  NE (60)
  HIGHEST WIND SPEED    32   HIGHEST WIND DIRECTION     E (70)
  HIGHEST GUST SPEED    38   HIGHEST GUST DIRECTION     E (70)
  AVERAGE WIND SPEED    16.1


SKY COVER
  POSSIBLE SUNSHINE  MM
  AVERAGE SKY COVER 0.0



RELATIVE HUMIDITY (PERCENT)
 HIGHEST    30          1200 AM
 LOWEST     15          1100 PM
 AVERAGE    23

..........................................................


THE CAMPO ASOS CA CLIMATE NORMALS FOR TODAY
                         NORMAL    RECORD    YEAR
 MAXIMUM TEMPERATURE (F)   63        83      1963
 MINIMUM TEMPERATURE (F)   35        21      1974


SUNRISE AND SUNSET
FEBRUARY  7 2016......SUNRISE   636 AM PST   SUNSET   524 PM PST
FEBRUARY  8 2016......SUNRISE   635 AM PST   SUNSET   525 PM PST


-  INDICATES NEGATIVE NUMBERS.
R  INDICATES RECORD WAS SET OR TIED.
MM INDICATES DATA IS MISSING.
T  INDICATES TRACE AMOUNT.




$$
