627
CDUS46 KSGX 280115
CLICZZ


CLIMATE REPORT
NATIONAL WEATHER SERVICE SAN DIEGO, CA
515 PM PST MON FEB 27 2017


...................................

...THE CAMPO ASOS CA CLIMATE SUMMARY FOR FEBRUARY 27 2017...
VALID TODAY AS OF 0500 PM LOCAL TIME.

CLIMATE NORMAL PERIOD 1981 TO 2010
CLIMATE RECORD PERIOD 1948 TO 2017


WEATHER ITEM   OBSERVED TIME   RECORD YEAR NORMAL DEPARTURE LAST
                VALUE   (LST)  VALUE       VALUE  FROM      YEAR
                                                  NORMAL
..................................................................
TEMPERATURE (F)
 TODAY
  MAXIMUM         50   1118 AM  85    1986  65    -15       78
  MINIMUM         44   1207 AM  19    1964  35      9       34
  AVERAGE         47                        50     -3       56

PRECIPITATION (IN)
  TODAY            2.11R         0.86 2010   0.12   1.99     0.00
  MONTH TO DATE    3.43                      3.12   0.31     0.20
  SINCE OCT 1     15.32                     10.32   5.00     6.75
  SINCE JAN 1     10.09                      6.10   3.99     3.80

DEGREE DAYS
 HEATING
  TODAY           18                        15      3        9
  MONTH TO DATE  452                       421     31      296
  SINCE DEC 1   1470                      1467      3     1456
  SINCE JUL 1   1888                      2037   -149     1872

 COOLING
  TODAY            0                         0      0        0
  MONTH TO DATE    0                         0      0        0
  SINCE DEC 1      0                         0      0        0
  SINCE JAN 1      0                         0      0        0
..................................................................


WIND (MPH)
  RESULTANT WIND SPEED  11   RESULTANT WIND DIRECTION  SW (220)
  HIGHEST WIND SPEED    23   HIGHEST WIND DIRECTION    SW (220)
  HIGHEST GUST SPEED    31   HIGHEST GUST DIRECTION     S (190)
  AVERAGE WIND SPEED    11.6


SKY COVER
  POSSIBLE SUNSHINE  MM
  AVERAGE SKY COVER 0.0



RELATIVE HUMIDITY (PERCENT)
 HIGHEST   100          1200 AM
 LOWEST     93          1000 AM
 AVERAGE    97

..........................................................


THE CAMPO ASOS CA CLIMATE NORMALS FOR TOMORROW
                         NORMAL    RECORD    YEAR
 MAXIMUM TEMPERATURE (F)   65        83      1999
 MINIMUM TEMPERATURE (F)   36        19      1964


SUNRISE AND SUNSET
FEBRUARY 27 2017......SUNRISE   615 AM PST   SUNSET   542 PM PST
FEBRUARY 28 2017......SUNRISE   614 AM PST   SUNSET   543 PM PST


-  INDICATES NEGATIVE NUMBERS.
R  INDICATES RECORD WAS SET OR TIED.
MM INDICATES DATA IS MISSING.
T  INDICATES TRACE AMOUNT.




$$
