000
CDUS46 KSGX 191419
CLICZZ


CLIMATE REPORT
NATIONAL WEATHER SERVICE SAN DIEGO, CA
619 AM PST FRI DEC 19 2014


...................................

...THE CAMPO ASOS CA CLIMATE SUMMARY FOR DECEMBER 18 2014...

CLIMATE NORMAL PERIOD 1981 TO 2010
CLIMATE RECORD PERIOD 1948 TO 2014


WEATHER ITEM   OBSERVED TIME   RECORD YEAR NORMAL DEPARTURE LAST
                VALUE   (LST)  VALUE       VALUE  FROM      YEAR
                                                  NORMAL
..................................................................
TEMPERATURE (F)
 YESTERDAY
  MAXIMUM         54    248 PM  79    1979  62     -8       70
  MINIMUM         34   1156 PM  20    1990  32      2       35
  AVERAGE         44                        47     -3       53

PRECIPITATION (IN)
  YESTERDAY        0.00          0.76 1978   0.08  -0.08     0.00
  MONTH TO DATE    3.07                      1.21   1.86     0.28
  SINCE JUL 1      5.36                      4.52   0.84     3.92
  SINCE JAN 1      8.12                     14.67  -6.55     8.70

SNOWFALL (IN)
  YESTERDAY        0.0
  MONTH TO DATE    0.0
  SINCE JAN 1      0.0
  SINCE JUL 1      0.0
  SNOW DEPTH       0

DEGREE DAYS
 HEATING
  YESTERDAY       21                        18      3       12
  MONTH TO DATE  239                       310    -71      309
  SINCE DEC 1    239                       310    -71      309
  SINCE JUL 1    620                       880   -260      938

 COOLING
  YESTERDAY        0                         0      0        0
  MONTH TO DATE    0                         0      0        2
  SINCE DEC 1      0                         0      0        2
  SINCE JAN 1    900                       841     59      911
..................................................................


WIND (MPH)
  RESULTANT WIND SPEED   1   RESULTANT WIND DIRECTION  NW (320)
  HIGHEST WIND SPEED    16   HIGHEST WIND DIRECTION     W (270)
  HIGHEST GUST SPEED    21   HIGHEST GUST DIRECTION     W (280)
  AVERAGE WIND SPEED     4.4


SKY COVER
  POSSIBLE SUNSHINE  MM
  AVERAGE SKY COVER 0.0



RELATIVE HUMIDITY (PERCENT)
 HIGHEST   100           100 AM
 LOWEST     64           100 PM
 AVERAGE    82

..........................................................


THE CAMPO ASOS CA CLIMATE NORMALS FOR TODAY
                         NORMAL    RECORD    YEAR
 MAXIMUM TEMPERATURE (F)   62        82      1960
 MINIMUM TEMPERATURE (F)   32        18      1968


SUNRISE AND SUNSET
DECEMBER 19 2014......SUNRISE   643 AM PST   SUNSET   443 PM PST
DECEMBER 20 2014......SUNRISE   643 AM PST   SUNSET   444 PM PST


-  INDICATES NEGATIVE NUMBERS.
R  INDICATES RECORD WAS SET OR TIED.
MM INDICATES DATA IS MISSING.
T  INDICATES TRACE AMOUNT.




$$
