000
CDUS46 KSGX 191419
CLICZZ


CLIMATE REPORT
NATIONAL WEATHER SERVICE SAN DIEGO, CA
719 AM PDT FRI SEP 19 2014


...................................

...THE CAMPO ASOS CA CLIMATE SUMMARY FOR SEPTEMBER 18 2014...

CLIMATE NORMAL PERIOD 1981 TO 2010
CLIMATE RECORD PERIOD 1948 TO 2014


WEATHER ITEM   OBSERVED TIME   RECORD YEAR NORMAL DEPARTURE LAST
                VALUE   (LST)  VALUE       VALUE  FROM      YEAR
                                                  NORMAL
..................................................................
TEMPERATURE (F)
 YESTERDAY
  MAXIMUM         85    109 PM 100    1962  89     -4       83
  MINIMUM         56    548 AM  29    1973  48      8       42
  AVERAGE         71                        69      2       63

PRECIPITATION (IN)
  YESTERDAY        0.98R         0.74 1963   0.01   0.97     0.00
  MONTH TO DATE    1.41                      0.21   1.20     1.51
  SINCE JUL 1      2.03                      1.23   0.80     1.94
  SINCE JAN 1      4.79                     11.38  -6.59     6.72

SNOWFALL (IN)
  YESTERDAY        0.0
  MONTH TO DATE    0.0
  SINCE JAN 1      0.0
  SINCE JUL 1      0.0
  SNOW DEPTH       0

DEGREE DAYS
 HEATING
  YESTERDAY        0                         1     -1        2
  MONTH TO DATE    0                        16    -16        2
  SINCE SEP 1      0                        16    -16        2
  SINCE JUL 1      2                        30    -28        4

 COOLING
  YESTERDAY        6                         5      1        0
  MONTH TO DATE  178                       118     60      182
  SINCE SEP 1    178                       118     60      182
  SINCE JAN 1    810                       768     42      899
..................................................................


WIND (MPH)
  RESULTANT WIND SPEED   4   RESULTANT WIND DIRECTION  SW (240)
  HIGHEST WIND SPEED    22   HIGHEST WIND DIRECTION    SW (220)
  HIGHEST GUST SPEED    29   HIGHEST GUST DIRECTION    SW (230)
  AVERAGE WIND SPEED     8.4


SKY COVER
  POSSIBLE SUNSHINE  MM
  AVERAGE SKY COVER 0.0



RELATIVE HUMIDITY (PERCENT)
 HIGHEST    93          1000 PM
 LOWEST     27           100 PM
 AVERAGE    60

..........................................................


THE CAMPO ASOS CA CLIMATE NORMALS FOR TODAY
                         NORMAL    RECORD    YEAR
 MAXIMUM TEMPERATURE (F)   89        99      1962
 MINIMUM TEMPERATURE (F)   48        29      1955


SUNRISE AND SUNSET
SEPTEMBER 19 2014.....SUNRISE   632 AM PDT   SUNSET   646 PM PDT
SEPTEMBER 20 2014.....SUNRISE   633 AM PDT   SUNSET   645 PM PDT


-  INDICATES NEGATIVE NUMBERS.
R  INDICATES RECORD WAS SET OR TIED.
MM INDICATES DATA IS MISSING.
T  INDICATES TRACE AMOUNT.




$$
