000
CDUS46 KSGX 281133
CLICZZ


CLIMATE REPORT
NATIONAL WEATHER SERVICE SAN DIEGO, CA
433 AM PDT WED JUN 28 2017


...................................

...THE CAMPO ASOS CA CLIMATE SUMMARY FOR JUNE 27 2017...

CLIMATE NORMAL PERIOD 1981 TO 2010
CLIMATE RECORD PERIOD 1948 TO 2017


WEATHER ITEM   OBSERVED TIME   RECORD YEAR NORMAL DEPARTURE LAST
                VALUE   (LST)  VALUE       VALUE  FROM      YEAR
                                                  NORMAL
..................................................................
TEMPERATURE (F)
 YESTERDAY
  MAXIMUM         97   1244 PM 106    1994  91      6      100
  MINIMUM         50   1159 PM  33    1955  48      2       66
  AVERAGE         74                        69      5       83

PRECIPITATION (IN)
  YESTERDAY        0.00          0.00 2006   0.01  -0.01     0.00
                                      2005
                                      2004
  MONTH TO DATE    0.00                      0.10  -0.10     0.00
  SINCE OCT 1     16.58                     14.36   2.22     9.32
  SINCE JAN 1     11.35                     10.14   1.21     6.37

DEGREE DAYS
 HEATING
  YESTERDAY        0                         1     -1        0
  MONTH TO DATE   37                        52    -15       27
  SINCE JUN 1     37                        52    -15       27
  SINCE JUL 1   2704                      2979   -275     2795

 COOLING
  YESTERDAY        9                         5      4       18
  MONTH TO DATE  166                        78     88      175
  SINCE JUN 1    166                        78     88      175
  SINCE JAN 1    193                       108     85      178
..................................................................


WIND (MPH)
  RESULTANT WIND SPEED   5   RESULTANT WIND DIRECTION   W (280)
  HIGHEST WIND SPEED    23   HIGHEST WIND DIRECTION     W (260)
  HIGHEST GUST SPEED    31   HIGHEST GUST DIRECTION     W (250)
  AVERAGE WIND SPEED     9.4


SKY COVER
  POSSIBLE SUNSHINE  MM
  AVERAGE SKY COVER 0.0



RELATIVE HUMIDITY (PERCENT)
 HIGHEST    50          1100 PM
 LOWEST      6          1100 AM
 AVERAGE    28

..........................................................


THE CAMPO ASOS CA CLIMATE NORMALS FOR TODAY
                         NORMAL    RECORD    YEAR
 MAXIMUM TEMPERATURE (F)   91       104      1979
 MINIMUM TEMPERATURE (F)   48        37      2005
                                             1969


SUNRISE AND SUNSET
JUNE 28 2017..........SUNRISE   541 AM PDT   SUNSET   758 PM PDT
JUNE 29 2017..........SUNRISE   541 AM PDT   SUNSET   758 PM PDT


-  INDICATES NEGATIVE NUMBERS.
R  INDICATES RECORD WAS SET OR TIED.
MM INDICATES DATA IS MISSING.
T  INDICATES TRACE AMOUNT.




$$
