000
CDUS46 KSGX 281419
CLICZZ


CLIMATE REPORT
NATIONAL WEATHER SERVICE SAN DIEGO, CA
619 AM PST WED JAN 28 2015


...................................

...THE CAMPO ASOS CA CLIMATE SUMMARY FOR JANUARY 27 2015...

CLIMATE NORMAL PERIOD 1981 TO 2010
CLIMATE RECORD PERIOD 1948 TO 2015


WEATHER ITEM   OBSERVED TIME   RECORD YEAR NORMAL DEPARTURE LAST
                VALUE   (LST)  VALUE       VALUE  FROM      YEAR
                                                  NORMAL
..................................................................
TEMPERATURE (F)
 YESTERDAY
  MAXIMUM         67    115 PM  75    2003  63      4       66
                                      1967
  MINIMUM         39   1133 PM  19    1979  35      4       37
  AVERAGE         53                        49      4       52

PRECIPITATION (IN)
  YESTERDAY        0.00          1.62 2008   0.09  -0.09     0.00
  MONTH TO DATE    0.33                      2.59  -2.26     0.00
  SINCE OCT 1      4.20                      6.81  -2.61     2.25
  SINCE JAN 1      0.33                      2.59  -2.26     0.00

SNOWFALL (IN)
  YESTERDAY        0.0
  MONTH TO DATE    0.0
  SINCE JAN 1      0.0
  SINCE JUL 1      0.0
  SNOW DEPTH       0

DEGREE DAYS
 HEATING
  YESTERDAY       12                        16     -4       13
  MONTH TO DATE  380                       443    -63      315
  SINCE DEC 1    890                       979    -89      809
  SINCE JUL 1   1271                      1549   -278     1438

 COOLING
  YESTERDAY        0                         0      0        0
  MONTH TO DATE    0                         0      0        0
  SINCE DEC 1      0                         0      0        2
  SINCE JAN 1      0                         0      0        0
..................................................................


WIND (MPH)
  RESULTANT WIND SPEED   0   RESULTANT WIND DIRECTION  NE (50)
  HIGHEST WIND SPEED    18   HIGHEST WIND DIRECTION    SW (230)
  HIGHEST GUST SPEED    21   HIGHEST GUST DIRECTION    SW (230)
  AVERAGE WIND SPEED     5.4


SKY COVER
  POSSIBLE SUNSHINE  MM
  AVERAGE SKY COVER 0.0



RELATIVE HUMIDITY (PERCENT)
 HIGHEST    96           100 AM
 LOWEST     45           200 PM
 AVERAGE    71

..........................................................


THE CAMPO ASOS CA CLIMATE NORMALS FOR TODAY
                         NORMAL    RECORD    YEAR
 MAXIMUM TEMPERATURE (F)   63        80      1986
 MINIMUM TEMPERATURE (F)   35        20      1959


SUNRISE AND SUNSET
JANUARY 28 2015.......SUNRISE   643 AM PST   SUNSET   515 PM PST
JANUARY 29 2015.......SUNRISE   642 AM PST   SUNSET   516 PM PST


-  INDICATES NEGATIVE NUMBERS.
R  INDICATES RECORD WAS SET OR TIED.
MM INDICATES DATA IS MISSING.
T  INDICATES TRACE AMOUNT.




$$
