000
CDUS43 KUNR 280832
CLID07


CLIMATE REPORT
NATIONAL WEATHER SERVICE RAPID CITY SD
131 AM MST SUN DEC 28 2014


...................................

...THE FAITH SD CLIMATE SUMMARY FOR DECEMBER 27 2014...

CLIMATE NORMAL PERIOD 1981 TO 2010
CLIMATE RECORD PERIOD 9999 TO 9999


WEATHER ITEM   OBSERVED TIME   NORMAL DEPARTURE LAST
                VALUE   (LST)  VALUE  FROM      YEAR
                                      NORMAL
......................................................
TEMPERATURE (F)
 YESTERDAY
  MAXIMUM         29    141 PM  30     -1       44
  MINIMUM         10    134 AM  11     -1       31
  AVERAGE         20            20      0       38

PRECIPITATION (IN)
  YESTERDAY        0.00          0.02  -0.02     0.00
  MONTH TO DATE    0.25          0.34  -0.09     0.72
  SINCE DEC 1      0.25          0.34  -0.09     0.72
  SINCE JAN 1     18.79         17.60   1.19    17.05

DEGREE DAYS
 HEATING
  YESTERDAY       45            45      0       27
  MONTH TO DATE  975          1183   -208     1365
  SINCE DEC 1    975          1183   -208     1365
  SINCE JUL 1   2851          2966   -115     3115

 COOLING
  YESTERDAY        0             0      0        0
  MONTH TO DATE    0             0      0        0
  SINCE DEC 1      0             0      0        0
  SINCE JAN 1    445           635   -190      720
......................................................


WIND (MPH)
  HIGHEST WIND SPEED    18   HIGHEST WIND DIRECTION     W (250)
  HIGHEST GUST SPEED    22   HIGHEST GUST DIRECTION     W (250)
  AVERAGE WIND SPEED    10.1




RELATIVE HUMIDITY (PERCENT)
 HIGHEST    84           200 AM
 LOWEST     58           100 PM
 AVERAGE    71

..........................................................




SUNRISE AND SUNSET
DECEMBER 28 2014......SUNRISE   726 AM MST   SUNSET   414 PM MST
DECEMBER 29 2014......SUNRISE   726 AM MST   SUNSET   414 PM MST


-  INDICATES NEGATIVE NUMBERS.
R  INDICATES RECORD WAS SET OR TIED.
MM INDICATES DATA IS MISSING.
T  INDICATES TRACE AMOUNT.




$$
