000
CDUS43 KUNR 080832
CLID07


CLIMATE REPORT
NATIONAL WEATHER SERVICE RAPID CITY SD
131 AM MST MON FEB 8 2016


...................................

...THE FAITH SD CLIMATE SUMMARY FOR FEBRUARY 7 2016...

CLIMATE NORMAL PERIOD 1981 TO 2010
CLIMATE RECORD PERIOD 9999 TO 9999


WEATHER ITEM   OBSERVED TIME   NORMAL DEPARTURE LAST
                VALUE   (LST)  VALUE  FROM      YEAR
                                      NORMAL
......................................................
TEMPERATURE (F)
 YESTERDAY
  MAXIMUM         38    151 PM  32      6       70
  MINIMUM         27   1159 PM  12     15       43
  AVERAGE         33            22     11       57

PRECIPITATION (IN)
  YESTERDAY        0.00          0.02  -0.02     0.02
  MONTH TO DATE    0.03          0.12  -0.09     0.09
  SINCE DEC 1      0.82          0.72   0.10     0.54
  SINCE JAN 1      0.29          0.32  -0.03     0.26

DEGREE DAYS
 HEATING
  YESTERDAY       32            43    -11        8
  MONTH TO DATE  258           306    -48      281
  SINCE DEC 1   2894          3052   -158     2714
  SINCE JUL 1   4280          4835   -555     4590

 COOLING
  YESTERDAY        0             0      0        0
  MONTH TO DATE    0             0      0        0
  SINCE DEC 1      0             0      0        0
  SINCE JAN 1      0             0      0        0
......................................................


WIND (MPH)
  HIGHEST WIND SPEED    54   HIGHEST WIND DIRECTION    NW (310)
  HIGHEST GUST SPEED    65   HIGHEST GUST DIRECTION    NW (310)
  AVERAGE WIND SPEED    35.0




RELATIVE HUMIDITY (PERCENT)
 HIGHEST    78           300 AM
 LOWEST     35           200 PM
 AVERAGE    57

..........................................................




SUNRISE AND SUNSET
FEBRUARY  8 2016......SUNRISE   700 AM MST   SUNSET   505 PM MST
FEBRUARY  9 2016......SUNRISE   658 AM MST   SUNSET   507 PM MST


-  INDICATES NEGATIVE NUMBERS.
R  INDICATES RECORD WAS SET OR TIED.
MM INDICATES DATA IS MISSING.
T  INDICATES TRACE AMOUNT.




$$
