000
CDUS43 KUNR 300831
CLID07


CLIMATE REPORT
NATIONAL WEATHER SERVICE RAPID CITY SD
231 AM MDT THU JUL 30 2015


...................................

...THE FAITH SD CLIMATE SUMMARY FOR JULY 29 2015...

CLIMATE NORMAL PERIOD 1981 TO 2010
CLIMATE RECORD PERIOD 9999 TO 9999


WEATHER ITEM   OBSERVED TIME   NORMAL DEPARTURE LAST
                VALUE   (LST)  VALUE  FROM      YEAR
                                      NORMAL
......................................................
TEMPERATURE (F)
 YESTERDAY
  MAXIMUM         86    348 PM  87     -1       83
  MINIMUM         54    443 AM  60     -6       54
  AVERAGE         70            74     -4       69

PRECIPITATION (IN)
  YESTERDAY        0.00          0.06  -0.06     0.00
  MONTH TO DATE    0.58          2.68  -2.10     0.43
  SINCE JUN 1      3.22          5.77  -2.55     6.36
  SINCE JAN 1     10.46         12.07  -1.61    10.94

DEGREE DAYS
 HEATING
  YESTERDAY        0             0      0        0
  MONTH TO DATE    0             5     -5       17
  SINCE JUN 1     34            95    -61      122
  SINCE JUL 1      0             5     -5       17

 COOLING
  YESTERDAY        5             9     -4        4
  MONTH TO DATE  240           230     10      163
  SINCE JUN 1    335           318     17      185
  SINCE JAN 1    337           330      7      215
......................................................


WIND (MPH)
  HIGHEST WIND SPEED    30   HIGHEST WIND DIRECTION     W (280)
  HIGHEST GUST SPEED    48   HIGHEST GUST DIRECTION     W (280)
  AVERAGE WIND SPEED    13.8




RELATIVE HUMIDITY (PERCENT)
 HIGHEST    55           500 AM
 LOWEST     16           200 PM
 AVERAGE    36

..........................................................




SUNRISE AND SUNSET
JULY 30 2015..........SUNRISE   531 AM MDT   SUNSET   817 PM MDT
JULY 31 2015..........SUNRISE   532 AM MDT   SUNSET   816 PM MDT


-  INDICATES NEGATIVE NUMBERS.
R  INDICATES RECORD WAS SET OR TIED.
MM INDICATES DATA IS MISSING.
T  INDICATES TRACE AMOUNT.




$$
