000
CDUS43 KUNR 060831
CLID07


CLIMATE REPORT
NATIONAL WEATHER SERVICE RAPID CITY SD
231 AM MDT MON JUL 6 2015


...................................

...THE FAITH SD CLIMATE SUMMARY FOR JULY 5 2015...

CLIMATE NORMAL PERIOD 1981 TO 2010
CLIMATE RECORD PERIOD 9999 TO 9999


WEATHER ITEM   OBSERVED TIME   NORMAL DEPARTURE LAST
                VALUE   (LST)  VALUE  FROM      YEAR
                                      NORMAL
......................................................
TEMPERATURE (F)
 YESTERDAY
  MAXIMUM         81    207 PM  84     -3       89
  MINIMUM         61   1159 PM  58      3       65
  AVERAGE         71            71      0       77

PRECIPITATION (IN)
  YESTERDAY        0.22          0.11   0.11     0.00
  MONTH TO DATE    0.22          0.53  -0.31     0.02
  SINCE JUN 1      2.86          3.62  -0.76     5.95
  SINCE JAN 1     10.10          9.92   0.18    10.53

DEGREE DAYS
 HEATING
  YESTERDAY        0             1     -1        0
  MONTH TO DATE    0             5     -5        6
  SINCE JUN 1     34            95    -61      111
  SINCE JUL 1      0             5     -5        6

 COOLING
  YESTERDAY        6             7     -1       12
  MONTH TO DATE   37            32      5       20
  SINCE JUN 1    132           120     12       42
  SINCE JAN 1    134           132      2       72
......................................................


WIND (MPH)
  HIGHEST WIND SPEED    30   HIGHEST WIND DIRECTION    NE (50)
  HIGHEST GUST SPEED    38   HIGHEST GUST DIRECTION    NE (50)
  AVERAGE WIND SPEED    14.6




RELATIVE HUMIDITY (PERCENT)
 HIGHEST    93           500 PM
 LOWEST     51           200 PM
 AVERAGE    72

..........................................................




SUNRISE AND SUNSET
JULY  6 2015..........SUNRISE   508 AM MDT   SUNSET   837 PM MDT
JULY  7 2015..........SUNRISE   509 AM MDT   SUNSET   837 PM MDT


-  INDICATES NEGATIVE NUMBERS.
R  INDICATES RECORD WAS SET OR TIED.
MM INDICATES DATA IS MISSING.
T  INDICATES TRACE AMOUNT.




$$
