000
CDUS43 KUNR 210838
CLID07


CLIMATE REPORT
NATIONAL WEATHER SERVICE RAPID CITY SD
237 AM MDT FRI JUL 21 2017


...................................

...THE FAITH SD CLIMATE SUMMARY FOR JULY 20 2017...

CLIMATE NORMAL PERIOD 1981 TO 2010
CLIMATE RECORD PERIOD 9999 TO 9999


WEATHER ITEM   OBSERVED TIME   NORMAL DEPARTURE LAST
                VALUE   (LST)  VALUE  FROM      YEAR
                                      NORMAL
......................................................
TEMPERATURE (F)
 YESTERDAY
  MAXIMUM         99    205 PM  87     12      107
  MINIMUM         62    222 AM  60      2       67
  AVERAGE         81            73      8       87

PRECIPITATION (IN)
  YESTERDAY        0.03          0.07  -0.04     0.00
  MONTH TO DATE    0.42          2.13  -1.71     0.76
  SINCE JUN 1      2.90          5.22  -2.32     2.45
  SINCE JAN 1      7.18         11.52  -4.34     9.30

DEGREE DAYS
 HEATING
  YESTERDAY        0             0      0        0
  MONTH TO DATE    0             5     -5        3
  SINCE JUN 1     30            95    -65       18
  SINCE JUL 1      0             5     -5        3

 COOLING
  YESTERDAY       16             9      7       22
  MONTH TO DATE  264           149    115      162
  SINCE JUN 1    390           237    153      337
  SINCE JAN 1    402           249    153      339
......................................................


WIND (MPH)
  HIGHEST WIND SPEED    32   HIGHEST WIND DIRECTION     N (340)
  HIGHEST GUST SPEED    43   HIGHEST GUST DIRECTION     N (360)
  AVERAGE WIND SPEED    16.8




RELATIVE HUMIDITY (PERCENT)
 HIGHEST   100           300 AM
 LOWEST     27           300 PM
 AVERAGE    64

..........................................................




SUNRISE AND SUNSET
JULY 21 2017..........SUNRISE   522 AM MDT   SUNSET   827 PM MDT
JULY 22 2017..........SUNRISE   523 AM MDT   SUNSET   826 PM MDT


-  INDICATES NEGATIVE NUMBERS.
R  INDICATES RECORD WAS SET OR TIED.
MM INDICATES DATA IS MISSING.
T  INDICATES TRACE AMOUNT.




$$
