000
CDUS43 KUNR 030835
CLID07


CLIMATE REPORT
NATIONAL WEATHER SERVICE RAPID CITY SD
235 AM MDT TUE MAY 3 2016


...................................

...THE FAITH SD CLIMATE SUMMARY FOR MAY 2 2016...

CLIMATE NORMAL PERIOD 1981 TO 2010
CLIMATE RECORD PERIOD 9999 TO 9999


WEATHER ITEM   OBSERVED TIME   NORMAL DEPARTURE LAST
                VALUE   (LST)  VALUE  FROM      YEAR
                                      NORMAL
......................................................
TEMPERATURE (F)
 YESTERDAY
  MAXIMUM         65   1021 AM  63      2       86
  MINIMUM         38    131 AM  39     -1       44
  AVERAGE         52            51      1       65

PRECIPITATION (IN)
  YESTERDAY        0.00          0.10  -0.10     0.00
  MONTH TO DATE    0.00          0.19  -0.19     0.00
  SINCE MAR 1      4.85          2.80   2.05     0.65
  SINCE JAN 1      6.36          3.42   2.94     1.08

DEGREE DAYS
 HEATING
  YESTERDAY       13            14     -1        0
  MONTH TO DATE   32            28      4        7
  SINCE MAR 1   1369          1639   -270     1272
  SINCE JUL 1   6315          7327  -1012     6771

 COOLING
  YESTERDAY        0             0      0        0
  MONTH TO DATE    0             0      0        0
  SINCE MAR 1      0             1     -1        2
  SINCE JAN 1      0             1     -1        2
......................................................


WIND (MPH)
  HIGHEST WIND SPEED    25   HIGHEST WIND DIRECTION    NE (60)
  HIGHEST GUST SPEED    32   HIGHEST GUST DIRECTION    NE (60)
  AVERAGE WIND SPEED    10.9




RELATIVE HUMIDITY (PERCENT)
 HIGHEST    89           900 PM
 LOWEST     32          1100 AM
 AVERAGE    61

..........................................................




SUNRISE AND SUNSET
MAY  3 2016...........SUNRISE   534 AM MDT   SUNSET   757 PM MDT
MAY  4 2016...........SUNRISE   532 AM MDT   SUNSET   758 PM MDT


-  INDICATES NEGATIVE NUMBERS.
R  INDICATES RECORD WAS SET OR TIED.
MM INDICATES DATA IS MISSING.
T  INDICATES TRACE AMOUNT.




$$
