111
CDUS43 KUNR 230834
CLID07


CLIMATE REPORT
NATIONAL WEATHER SERVICE RAPID CITY SD
233 AM MDT SAT SEP 23 2017


...................................

...THE FAITH SD CLIMATE SUMMARY FOR SEPTEMBER 22 2017...

CLIMATE NORMAL PERIOD 1981 TO 2010
CLIMATE RECORD PERIOD 9999 TO 9999


WEATHER ITEM   OBSERVED TIME   NORMAL DEPARTURE LAST
                VALUE   (LST)  VALUE  FROM      YEAR
                                      NORMAL
......................................................
TEMPERATURE (F)
 YESTERDAY
  MAXIMUM         58    202 PM  70    -12       60
  MINIMUM         45   1159 PM  44      1       50
  AVERAGE         52            57     -5       55

PRECIPITATION (IN)
  YESTERDAY        0.00          0.04  -0.04     0.04
  MONTH TO DATE    0.24          1.05  -0.81     1.21
  SINCE SEP 1      0.24          1.05  -0.81     1.21
  SINCE JAN 1      8.71         14.87  -6.16    12.83

DEGREE DAYS
 HEATING
  YESTERDAY       13             9      4       10
  MONTH TO DATE   99           112    -13       77
  SINCE SEP 1     99           112    -13       77
  SINCE JUL 1    111           145    -34      106

 COOLING
  YESTERDAY        0             1     -1        0
  MONTH TO DATE   88            57     31       46
  SINCE SEP 1     88            57     31       46
  SINCE JAN 1    752           632    120      732
......................................................


WIND (MPH)
  HIGHEST WIND SPEED    28   HIGHEST WIND DIRECTION     N (350)
  HIGHEST GUST SPEED    35   HIGHEST GUST DIRECTION     N (20)
  AVERAGE WIND SPEED    20.7




RELATIVE HUMIDITY (PERCENT)
 HIGHEST    92          1100 PM
 LOWEST     57           200 PM
 AVERAGE    75

..........................................................




SUNRISE AND SUNSET
SEPTEMBER 23 2017.....SUNRISE   637 AM MDT   SUNSET   643 PM MDT
SEPTEMBER 24 2017.....SUNRISE   638 AM MDT   SUNSET   641 PM MDT


-  INDICATES NEGATIVE NUMBERS.
R  INDICATES RECORD WAS SET OR TIED.
MM INDICATES DATA IS MISSING.
T  INDICATES TRACE AMOUNT.




$$
