000
CDUS43 KUNR 270836
CLID07


CLIMATE REPORT
NATIONAL WEATHER SERVICE RAPID CITY SD
233 AM MDT SUN JUL 27 2014


...................................

...THE FAITH SD CLIMATE SUMMARY FOR JULY 26 2014...

CLIMATE NORMAL PERIOD 1981 TO 2010
CLIMATE RECORD PERIOD 9999 TO 9999


WEATHER ITEM   OBSERVED TIME   NORMAL DEPARTURE LAST
                VALUE   (LST)  VALUE  FROM      YEAR
                                      NORMAL
......................................................
TEMPERATURE (F)
 YESTERDAY
  MAXIMUM         83    341 PM  87     -4       71
  MINIMUM         57   1116 PM  60     -3       49
  AVERAGE         70            74     -4       60

PRECIPITATION (IN)
  YESTERDAY        0.00          0.06  -0.06     0.00
  MONTH TO DATE    0.43          2.51  -2.08     1.57
  SINCE JUN 1      6.36          5.60   0.76     2.83
  SINCE JAN 1     10.94         11.90  -0.96    10.47

DEGREE DAYS
 HEATING
  YESTERDAY        0             0      0        5
  MONTH TO DATE   17             5     12        8
  SINCE JUN 1    122            95     27       81
  SINCE JUL 1     17             5     12        8

 COOLING
  YESTERDAY        5             9     -4        0
  MONTH TO DATE  157           203    -46      247
  SINCE JUN 1    179           291   -112      329
  SINCE JAN 1    209           303    -94      342
......................................................


WIND (MPH)
  HIGHEST WIND SPEED    31   HIGHEST WIND DIRECTION    NW (300)
  HIGHEST GUST SPEED    40   HIGHEST GUST DIRECTION    NW (300)
  AVERAGE WIND SPEED    15.5




RELATIVE HUMIDITY (PERCENT)
 HIGHEST    75           400 AM
 LOWEST     24           100 PM
 AVERAGE    50

..........................................................




SUNRISE AND SUNSET
JULY 27 2014..........SUNRISE   528 AM MDT   SUNSET   821 PM MDT
JULY 28 2014..........SUNRISE   529 AM MDT   SUNSET   820 PM MDT


-  INDICATES NEGATIVE NUMBERS.
R  INDICATES RECORD WAS SET OR TIED.
MM INDICATES DATA IS MISSING.
T  INDICATES TRACE AMOUNT.




$$
