000
CDUS43 KUNR 280848
CLID07


CLIMATE REPORT
NATIONAL WEATHER SERVICE RAPID CITY SD
246 AM MDT THU MAY 28 2015


...................................

...THE FAITH SD CLIMATE SUMMARY FOR MAY 27 2015...

CLIMATE NORMAL PERIOD 1981 TO 2010
CLIMATE RECORD PERIOD 9999 TO 9999


WEATHER ITEM   OBSERVED TIME   NORMAL DEPARTURE LAST
                VALUE   (LST)  VALUE  FROM      YEAR
                                      NORMAL
......................................................
TEMPERATURE (F)
 YESTERDAY
  MAXIMUM         75    115 PM  70      5       82
  MINIMUM         50   1257 AM  46      4       56
  AVERAGE         63            58      5       69

PRECIPITATION (IN)
  YESTERDAY        0.10          0.10   0.00     0.13
  MONTH TO DATE    5.75          2.64   3.11     1.03
  SINCE MAR 1      6.40          5.25   1.15     3.10
  SINCE JAN 1      6.83          5.87   0.96     4.00

DEGREE DAYS
 HEATING
  YESTERDAY        2             7     -5        0
  MONTH TO DATE  342           292     50      337
  SINCE MAR 1   1607          1903   -296     2063
  SINCE JUL 1   7106          7591   -485     8149

 COOLING
  YESTERDAY        0             1     -1        4
  MONTH TO DATE    0             1     -1       16
  SINCE MAR 1      2             2      0       16
  SINCE JAN 1      2             2      0       16
......................................................


WIND (MPH)
  HIGHEST WIND SPEED    25   HIGHEST WIND DIRECTION     S (160)
  HIGHEST GUST SPEED    30   HIGHEST GUST DIRECTION    SE (150)
  AVERAGE WIND SPEED    14.0




RELATIVE HUMIDITY (PERCENT)
 HIGHEST    87           800 PM
 LOWEST     49           900 AM
 AVERAGE    68

..........................................................




SUNRISE AND SUNSET
MAY 28 2015...........SUNRISE   507 AM MDT   SUNSET   824 PM MDT
MAY 29 2015...........SUNRISE   506 AM MDT   SUNSET   825 PM MDT


-  INDICATES NEGATIVE NUMBERS.
R  INDICATES RECORD WAS SET OR TIED.
MM INDICATES DATA IS MISSING.
T  INDICATES TRACE AMOUNT.




$$
