470
CDUS43 KUNR 100838
CLID07


CLIMATE REPORT
NATIONAL WEATHER SERVICE RAPID CITY SD
138 AM MST SUN DEC 10 2017


...................................

...THE FAITH SD CLIMATE SUMMARY FOR DECEMBER 9 2017...

CLIMATE NORMAL PERIOD 1981 TO 2010
CLIMATE RECORD PERIOD 9999 TO 9999


WEATHER ITEM   OBSERVED TIME   NORMAL DEPARTURE LAST
                VALUE   (LST)  VALUE  FROM      YEAR
                                      NORMAL
......................................................
TEMPERATURE (F)
 YESTERDAY
  MAXIMUM         51    258 PM  31     20        3
  MINIMUM         22    748 AM  12     10      -10
  AVERAGE         37            22     15       -3

PRECIPITATION (IN)
  YESTERDAY        0.00          0.02  -0.02     0.00
  MONTH TO DATE    0.20          0.10   0.10     0.12
  SINCE DEC 1      0.20          0.10   0.10     0.12
  SINCE JAN 1     10.00         17.36  -7.36    14.22

DEGREE DAYS
 HEATING
  YESTERDAY       28            43    -15       68
  MONTH TO DATE  307           380    -73      457
  SINCE DEC 1    307           380    -73      457
  SINCE JUL 1   1930          2163   -233     1708

 COOLING
  YESTERDAY        0             0      0        0
  MONTH TO DATE    0             0      0        0
  SINCE DEC 1      0             0      0        0
  SINCE JAN 1    756           635    121      734
......................................................


WIND (MPH)
  HIGHEST WIND SPEED    28   HIGHEST WIND DIRECTION    NW (300)
  HIGHEST GUST SPEED    32   HIGHEST GUST DIRECTION    NW (300)
  AVERAGE WIND SPEED    15.3




RELATIVE HUMIDITY (PERCENT)
 HIGHEST    84           600 AM
 LOWEST     28           200 PM
 AVERAGE    56

..........................................................




SUNRISE AND SUNSET
DECEMBER 10 2017......SUNRISE   716 AM MST   SUNSET   406 PM MST
DECEMBER 11 2017......SUNRISE   717 AM MST   SUNSET   406 PM MST


-  INDICATES NEGATIVE NUMBERS.
R  INDICATES RECORD WAS SET OR TIED.
MM INDICATES DATA IS MISSING.
T  INDICATES TRACE AMOUNT.




$$
