000
CDUS42 KMLB 250648
CLIDAB


CLIMATE REPORT
NATIONAL WEATHER SERVICE MELBOURNE FL
147 AM EST SAT FEB 25 2017


...................................

...THE DAYTONA BEACH CLIMATE SUMMARY FOR FEBRUARY 24 2017...

CLIMATE NORMAL PERIOD 1981 TO 2010
CLIMATE RECORD PERIOD 1923 TO 2017


WEATHER ITEM   OBSERVED TIME   RECORD YEAR NORMAL DEPARTURE LAST
                VALUE   (LST)  VALUE       VALUE  FROM      YEAR
                                                  NORMAL
..................................................................
TEMPERATURE (F)
 YESTERDAY
  MAXIMUM         79    129 PM  88    2012  72      7       83
                                      1962
  MINIMUM         63   1159 PM  29    1989  51     12       57
  AVERAGE         71                        62      9       70

PRECIPITATION (IN)
  YESTERDAY        T             3.57 1960   0.10  -0.10     0.57
  MONTH TO DATE    2.03                      2.34  -0.31     3.66
  SINCE DEC 1      4.71                      7.71  -3.00    11.28
  SINCE JAN 1      4.01                      5.08  -1.07    10.71

SNOWFALL (IN)
  YESTERDAY        0.0
  MONTH TO DATE    0.0
  SINCE JUL 1      0.0

DEGREE DAYS
 HEATING
  YESTERDAY        0                         5     -5        0
  MONTH TO DATE   50                       146    -96      139
  SINCE DEC 1    264                       589   -325      407
  SINCE JUL 1    301                       663   -362      419

 COOLING
  YESTERDAY        6                         2      4        5
  MONTH TO DATE   40                        25     15       37
  SINCE DEC 1    215                       105    110      259
  SINCE JAN 1    107                        54     53       50
..................................................................


WIND (MPH)
  HIGHEST WIND SPEED    15   HIGHEST WIND DIRECTION    NE (60)
  HIGHEST GUST SPEED    20   HIGHEST GUST DIRECTION    NE (50)
  AVERAGE WIND SPEED     7.7


SKY COVER
  AVERAGE SKY COVER 0.3


WEATHER CONDITIONS
 THE FOLLOWING WEATHER WAS RECORDED YESTERDAY.
  LIGHT RAIN
  FOG
  FOG W/VISIBILITY <= 1/4 MILE


RELATIVE HUMIDITY (PERCENT)
 HIGHEST   100          1200 AM
 LOWEST     67           400 PM
 AVERAGE    84

..........................................................


THE DAYTONA BEACH CLIMATE NORMALS FOR TODAY
                         NORMAL    RECORD    YEAR
 MAXIMUM TEMPERATURE (F)   72        86      2001
 MINIMUM TEMPERATURE (F)   52        29      1989


SUNRISE AND SUNSET
FEBRUARY 25 2017......SUNRISE   653 AM EST   SUNSET   621 PM EST
FEBRUARY 26 2017......SUNRISE   652 AM EST   SUNSET   622 PM EST


-  INDICATES NEGATIVE NUMBERS.
R  INDICATES RECORD WAS SET OR TIED.
MM INDICATES DATA IS MISSING.
T  INDICATES TRACE AMOUNT.




$$
