000
CDUS42 KMLB 210635
CLIDAB


CLIMATE REPORT
NATIONAL WEATHER SERVICE MELBOURNE FL
235 AM EDT THU AUG 21 2014


...................................

...THE DAYTONA BEACH CLIMATE SUMMARY FOR AUGUST 20 2014...

CLIMATE NORMAL PERIOD 1981 TO 2010
CLIMATE RECORD PERIOD 1923 TO 2014


WEATHER ITEM   OBSERVED TIME   RECORD YEAR NORMAL DEPARTURE LAST
                VALUE   (LST)  VALUE       VALUE  FROM      YEAR
                                                  NORMAL
..................................................................
TEMPERATURE (F)
 YESTERDAY
  MAXIMUM         96    344 PM  97    1938  89      7       90
  MINIMUM         73    622 AM  69    2006  73      0       76
                                      1992
                                      1972
  AVERAGE         85                        81      4       83

PRECIPITATION (IN)
  YESTERDAY        0.00          4.47 2008   0.22  -0.22     0.00
  MONTH TO DATE    2.18                      3.96  -1.78     3.28
  SINCE JUN 1     13.36                     15.62  -2.26    17.46
  SINCE JAN 1     33.11                     30.69   2.42    32.29

SNOWFALL (IN)
  YESTERDAY        0.0
  MONTH TO DATE    0.0
  SINCE JUL 1      0.0

DEGREE DAYS
 HEATING
  YESTERDAY        0                         0      0        0
  MONTH TO DATE    0                         0      0        0
  SINCE JUN 1      0                         0      0        0
  SINCE JUL 1      0                         0      0        0

 COOLING
  YESTERDAY       20                        16      4       18
  MONTH TO DATE  361                       337     24      363
  SINCE JUN 1   1323                      1299     24     1358
  SINCE JAN 1   1989                      1900     89     2010
..................................................................


WIND (MPH)
  HIGHEST WIND SPEED    13   HIGHEST WIND DIRECTION    NW (310)
  HIGHEST GUST SPEED    16   HIGHEST GUST DIRECTION     W (260)
  AVERAGE WIND SPEED     5.3


SKY COVER
  AVERAGE SKY COVER 0.3


WEATHER CONDITIONS
 THE FOLLOWING WEATHER WAS RECORDED YESTERDAY.
  FOG


RELATIVE HUMIDITY (PERCENT)
 HIGHEST   100           300 AM
 LOWEST     43           300 PM
 AVERAGE    72

..........................................................


THE DAYTONA BEACH CLIMATE NORMALS FOR TODAY
                         NORMAL    RECORD    YEAR
 MAXIMUM TEMPERATURE (F)   89        96      1941
 MINIMUM TEMPERATURE (F)   73        67      1940


SUNRISE AND SUNSET
AUGUST 21 2014........SUNRISE   656 AM EDT   SUNSET   758 PM EDT
AUGUST 22 2014........SUNRISE   657 AM EDT   SUNSET   757 PM EDT


-  INDICATES NEGATIVE NUMBERS.
R  INDICATES RECORD WAS SET OR TIED.
MM INDICATES DATA IS MISSING.
T  INDICATES TRACE AMOUNT.




$$
