000
CDUS42 KMLB 220628
CLIDAB


CLIMATE REPORT
NATIONAL WEATHER SERVICE MELBOURNE FL
226 AM EDT MON SEP 22 2014


...................................

...THE DAYTONA BEACH CLIMATE SUMMARY FOR SEPTEMBER 21 2014...

CLIMATE NORMAL PERIOD 1981 TO 2010
CLIMATE RECORD PERIOD 1923 TO 2014


WEATHER ITEM   OBSERVED TIME   RECORD YEAR NORMAL DEPARTURE LAST
                VALUE   (LST)  VALUE       VALUE  FROM      YEAR
                                                  NORMAL
..................................................................
TEMPERATURE (F)
 YESTERDAY
  MAXIMUM         86    229 PM  94    1954  86      0       89
  MINIMUM         69    646 AM  57    1938  72     -3       69
  AVERAGE         78                        79     -1       79

PRECIPITATION (IN)
  YESTERDAY        0.00          4.02 1969   0.22  -0.22     0.00
  MONTH TO DATE    9.05                      5.05   4.00     2.61
  SINCE SEP 1      9.05                      5.05   4.00     2.61
  SINCE JAN 1     42.22                     38.18   4.04    37.83

SNOWFALL (IN)
  YESTERDAY        0.0
  MONTH TO DATE    0.0
  SINCE JUL 1      0.0

DEGREE DAYS
 HEATING
  YESTERDAY        0                         0      0        0
  MONTH TO DATE    0                         0      0        0
  SINCE SEP 1      0                         0      0        0
  SINCE JUL 1      0                         0      0        0

 COOLING
  YESTERDAY       13                        14     -1       14
  MONTH TO DATE  331                       316     15      341
  SINCE SEP 1    331                       316     15      341
  SINCE JAN 1   2523                      2390    133     2537
..................................................................


WIND (MPH)
  HIGHEST WIND SPEED    15   HIGHEST WIND DIRECTION    NE (40)
  HIGHEST GUST SPEED    17   HIGHEST GUST DIRECTION    NE (30)
  AVERAGE WIND SPEED     5.0


SKY COVER
  AVERAGE SKY COVER 0.5


WEATHER CONDITIONS
 THE FOLLOWING WEATHER WAS RECORDED YESTERDAY.
  FOG


RELATIVE HUMIDITY (PERCENT)
 HIGHEST   100          1200 AM
 LOWEST     59           300 PM
 AVERAGE    80

..........................................................


THE DAYTONA BEACH CLIMATE NORMALS FOR TODAY
                         NORMAL    RECORD    YEAR
 MAXIMUM TEMPERATURE (F)   86        96      1990
                                             1925
 MINIMUM TEMPERATURE (F)   72        58      1938


SUNRISE AND SUNSET
SEPTEMBER 22 2014.....SUNRISE   713 AM EDT   SUNSET   721 PM EDT
SEPTEMBER 23 2014.....SUNRISE   713 AM EDT   SUNSET   719 PM EDT


-  INDICATES NEGATIVE NUMBERS.
R  INDICATES RECORD WAS SET OR TIED.
MM INDICATES DATA IS MISSING.
T  INDICATES TRACE AMOUNT.




$$
