000
CDUS42 KMLB 070626
CLIDAB


CLIMATE REPORT
NATIONAL WEATHER SERVICE MELBOURNE FL
226 AM EDT TUE JUL 7 2015


...................................

...THE DAYTONA BEACH CLIMATE SUMMARY FOR JULY 6 2015...

CLIMATE NORMAL PERIOD 1981 TO 2010
CLIMATE RECORD PERIOD 1923 TO 2015


WEATHER ITEM   OBSERVED TIME   RECORD YEAR NORMAL DEPARTURE LAST
                VALUE   (LST)  VALUE       VALUE  FROM      YEAR
                                                  NORMAL
..................................................................
TEMPERATURE (F)
 YESTERDAY
  MAXIMUM         87    139 PM  98    1998  90     -3       88
  MINIMUM         71   1159 PM  65    1986  73     -2       70
  AVERAGE         79                        81     -2       79

PRECIPITATION (IN)
  YESTERDAY        0.14          1.64 1991   0.19  -0.05     0.12
  MONTH TO DATE    0.64                      1.14  -0.50     0.80
  SINCE JUN 1      6.03                      6.97  -0.94     4.55
  SINCE JAN 1     20.37                     22.04  -1.67    24.30

SNOWFALL (IN)
  YESTERDAY        0.0
  MONTH TO DATE    0.0
  SINCE JUL 1      0.0

DEGREE DAYS
 HEATING
  YESTERDAY        0                         0      0        0
  MONTH TO DATE    0                         0      0        0
  SINCE JUN 1      0                         0      0        0
  SINCE JUL 1      0                         0      0        0

 COOLING
  YESTERDAY       14                        16     -2       14
  MONTH TO DATE   97                        96      1       98
  SINCE JUN 1    594                       543     51      546
  SINCE JAN 1   1507                      1144    363     1212
..................................................................


WIND (MPH)
  HIGHEST WIND SPEED    21   HIGHEST WIND DIRECTION     W (270)
  HIGHEST GUST SPEED    26   HIGHEST GUST DIRECTION     W (260)
  AVERAGE WIND SPEED     5.2


SKY COVER
  AVERAGE SKY COVER 0.6


WEATHER CONDITIONS
 THE FOLLOWING WEATHER WAS RECORDED YESTERDAY.
  THUNDERSTORM
  LIGHT RAIN
  FOG


RELATIVE HUMIDITY (PERCENT)
 HIGHEST    93          1200 AM
 LOWEST     65           200 PM
 AVERAGE    79

..........................................................


THE DAYTONA BEACH CLIMATE NORMALS FOR TODAY
                         NORMAL    RECORD    YEAR
 MAXIMUM TEMPERATURE (F)   90        98      1932
 MINIMUM TEMPERATURE (F)   73        66      1984
                                             1938


SUNRISE AND SUNSET
JULY  7 2015..........SUNRISE   631 AM EDT   SUNSET   827 PM EDT
JULY  8 2015..........SUNRISE   632 AM EDT   SUNSET   827 PM EDT


-  INDICATES NEGATIVE NUMBERS.
R  INDICATES RECORD WAS SET OR TIED.
MM INDICATES DATA IS MISSING.
T  INDICATES TRACE AMOUNT.




$$
