000
CDUS41 KRNK 290551
CLIDAN


CLIMATE REPORT
NATIONAL WEATHER SERVICE BLACKSBURG VA
148 AM EDT SUN MAY 29 2016


...................................

...THE DANVILLE VA CLIMATE SUMMARY FOR MAY 28 2016...

CLIMATE NORMAL PERIOD 1981 TO 2010
CLIMATE RECORD PERIOD 1948 TO 2016


WEATHER ITEM   OBSERVED TIME   RECORD YEAR NORMAL DEPARTURE LAST
                VALUE   (LST)  VALUE       VALUE  FROM      YEAR
                                                  NORMAL
..................................................................
TEMPERATURE (F)
 YESTERDAY
  MAXIMUM         85    357 PM  97    1965  80      5       89
  MINIMUM         59    424 AM  38    1961  60     -1       66
  AVERAGE         72                        70      2       78

PRECIPITATION (IN)
  YESTERDAY        0.00          1.85 1996   0.14  -0.14      T
  MONTH TO DATE    7.22                      3.45   3.77     1.09
  SINCE MAR 1     12.35                     11.02   1.33     6.06
  SINCE JAN 1     19.20                     17.45   1.75     9.85

SNOWFALL (IN)
  YESTERDAY        0.0                                       0.0
  MONTH TO DATE    0.0                                       0.0
  SINCE MAR 1      0.0                                        T
  SINCE JUL 1     11.1                                       9.8
  SNOW DEPTH       0

DEGREE DAYS
 HEATING
  YESTERDAY        0                         1     -1        0
  MONTH TO DATE   79                        66     13       24
  SINCE MAR 1    599                       808   -209      680
  SINCE JUL 1   3061                      3809   -748     3774

 COOLING
  YESTERDAY        7                         5      2       13
  MONTH TO DATE   68                        92    -24      158
  SINCE MAR 1    115                       126    -11      192
  SINCE JAN 1    115                       126    -11      192
..................................................................


WIND (MPH)
  HIGHEST WIND SPEED     9   HIGHEST WIND DIRECTION     E (80)
  HIGHEST GUST SPEED    23   HIGHEST GUST DIRECTION    SW (210)
  AVERAGE WIND SPEED     1.9


SKY COVER
  AVERAGE SKY COVER 0.1


WEATHER CONDITIONS
 THE FOLLOWING WEATHER WAS RECORDED YESTERDAY.
  NO SIGNIFICANT WEATHER WAS OBSERVED.


RELATIVE HUMIDITY (PERCENT)
 HIGHEST    97           300 AM
 LOWEST     43           600 PM
 AVERAGE    70

..........................................................


THE DANVILLE VA CLIMATE NORMALS FOR TODAY
                         NORMAL    RECORD    YEAR
 MAXIMUM TEMPERATURE (F)   80        93      1967
 MINIMUM TEMPERATURE (F)   60        45      2008


SUNRISE AND SUNSET
MAY 29 2016...........SUNRISE   601 AM EDT   SUNSET   829 PM EDT
MAY 30 2016...........SUNRISE   601 AM EDT   SUNSET   829 PM EDT


-  INDICATES NEGATIVE NUMBERS.
R  INDICATES RECORD WAS SET OR TIED.
MM INDICATES DATA IS MISSING.
T  INDICATES TRACE AMOUNT.

REMARKS:
DUE TO A SENSOR FAILURE CAUSING MISSING TEMPERATURES ON FEBRUARY
25...THE SEASONAL HEATING DEGREE DAY TOTAL AND DEPARTURE FROM
NORMAL WILL BE CALCULATED WITHOUT DATA FROM THIS DATE.


$$
RCS
