000
CDUS41 KRNK 222111
CLIDAN


CLIMATE REPORT
NATIONAL WEATHER SERVICE BLACKSBURG VA
509 PM EDT WED MAR 22 2017


...................................

...THE DANVILLE VA CLIMATE SUMMARY FOR MARCH 22 2017...
VALID TODAY AS OF 0500 PM LOCAL TIME.

CLIMATE NORMAL PERIOD 1981 TO 2010
CLIMATE RECORD PERIOD 1948 TO 2017


WEATHER ITEM   OBSERVED TIME   RECORD YEAR NORMAL DEPARTURE LAST
                VALUE   (LST)  VALUE       VALUE  FROM      YEAR
                                                  NORMAL
..................................................................
TEMPERATURE (F)
 TODAY
  MAXIMUM         60    151 PM  88    1968  61     -1       66
  MINIMUM         49    633 AM  21    2013  40      9       31
  AVERAGE         55                        50      5       49

PRECIPITATION (IN)
  TODAY            T             1.61 1961   0.14  -0.14     0.00
  MONTH TO DATE    1.39                      2.67  -1.28     0.97
  SINCE MAR 1      1.39                      2.67  -1.28     0.97
  SINCE JAN 1      6.16                      9.10  -2.94     7.82

SNOWFALL (IN)
  TODAY            0.0                                       0.0
  MONTH TO DATE    T                                         0.0
  SINCE MAR 1      T                                         0.0
  SINCE JUL 1      8.8                                      11.1
  SNOW DEPTH       0

DEGREE DAYS
 HEATING
  TODAY           10                        15     -5       16
  MONTH TO DATE  414                       393     21      240
  SINCE MAR 1    414                       393     21      240
  SINCE JUL 1   2870                      3394   -524     2702

 COOLING
  TODAY            0                         0      0        0
  MONTH TO DATE    1                         0      1       18
  SINCE MAR 1      1                         0      1       18
  SINCE JAN 1      6                         0      6       18
..................................................................


WIND (MPH)
  HIGHEST WIND SPEED    22   HIGHEST WIND DIRECTION    NW (330)
  HIGHEST GUST SPEED    30   HIGHEST GUST DIRECTION    NW (320)
  AVERAGE WIND SPEED    14.0


SKY COVER
  AVERAGE SKY COVER 0.3


WEATHER CONDITIONS
 THE FOLLOWING WEATHER WAS RECORDED TODAY.
  LIGHT RAIN


RELATIVE HUMIDITY (PERCENT)
 HIGHEST    63           600 AM
 LOWEST     19           300 PM
 AVERAGE    41

..........................................................


THE DANVILLE VA CLIMATE NORMALS FOR TOMORROW
                         NORMAL    RECORD    YEAR
 MAXIMUM TEMPERATURE (F)   62        86      1966
 MINIMUM TEMPERATURE (F)   40        19      2004


SUNRISE AND SUNSET
MARCH 22 2017.........SUNRISE   718 AM EDT   SUNSET   731 PM EDT
MARCH 23 2017.........SUNRISE   716 AM EDT   SUNSET   732 PM EDT


-  INDICATES NEGATIVE NUMBERS.
R  INDICATES RECORD WAS SET OR TIED.
MM INDICATES DATA IS MISSING.
T  INDICATES TRACE AMOUNT.


$$

PW
