000
CDUS41 KRNK 030645
CLIDAN


CLIMATE REPORT
NATIONAL WEATHER SERVICE BLACKSBURG VA
243 AM EDT TUE MAY 3 2016


...................................

...THE DANVILLE VA CLIMATE SUMMARY FOR MAY 2 2016...

CLIMATE NORMAL PERIOD 1981 TO 2010
CLIMATE RECORD PERIOD 1948 TO 2016


WEATHER ITEM   OBSERVED TIME   RECORD YEAR NORMAL DEPARTURE LAST
                VALUE   (LST)  VALUE       VALUE  FROM      YEAR
                                                  NORMAL
..................................................................
TEMPERATURE (F)
 YESTERDAY
  MAXIMUM         84    231 PM  93    1951  75      9       73
  MINIMUM         62   1159 PM  30    1963  51     11       46
  AVERAGE         73                        63     10       60

PRECIPITATION (IN)
  YESTERDAY        1.03          3.33 1989   0.10   0.93     0.00
  MONTH TO DATE    1.64                      0.19   1.45     0.39
  SINCE MAR 1      6.77                      7.76  -0.99     5.36
  SINCE JAN 1     13.62                     14.19  -0.57     9.15

SNOWFALL (IN)
  YESTERDAY        0.0                                       0.0
  MONTH TO DATE    0.0                                       0.0
  SINCE MAR 1      0.0                                        T
  SINCE JUL 1     11.1                                       9.8
  SNOW DEPTH       0

DEGREE DAYS
 HEATING
  YESTERDAY        0                         4     -4        5
  MONTH TO DATE    0                         8     -8       11
  SINCE MAR 1    520                       750   -230      667
  SINCE JUL 1   2982                      3751   -769     3761

 COOLING
  YESTERDAY        8                         2      6        0
  MONTH TO DATE    9                         4      5        0
  SINCE MAR 1     56                        38     18       34
  SINCE JAN 1     56                        38     18       34
..................................................................


WIND (MPH)
  HIGHEST WIND SPEED    17   HIGHEST WIND DIRECTION    SW (230)
  HIGHEST GUST SPEED    24   HIGHEST GUST DIRECTION    SW (230)
  AVERAGE WIND SPEED     5.4


SKY COVER
  AVERAGE SKY COVER 0.5


WEATHER CONDITIONS
 THE FOLLOWING WEATHER WAS RECORDED YESTERDAY.
  THUNDERSTORM
  HEAVY RAIN
  RAIN
  LIGHT RAIN
  FOG
  FOG W/VISIBILITY <= 1/4 MILE


RELATIVE HUMIDITY (PERCENT)
 HIGHEST   100          1200 AM
 LOWEST     51           100 PM
 AVERAGE    76

..........................................................


THE DANVILLE VA CLIMATE NORMALS FOR TODAY
                         NORMAL    RECORD    YEAR
 MAXIMUM TEMPERATURE (F)   75        93      1965
 MINIMUM TEMPERATURE (F)   51        34      1961


SUNRISE AND SUNSET
MAY  3 2016...........SUNRISE   621 AM EDT   SUNSET   808 PM EDT
MAY  4 2016...........SUNRISE   620 AM EDT   SUNSET   809 PM EDT


-  INDICATES NEGATIVE NUMBERS.
R  INDICATES RECORD WAS SET OR TIED.
MM INDICATES DATA IS MISSING.
T  INDICATES TRACE AMOUNT.

REMARKS:

DUE TO A SENSOR FAILURE CAUSING MISSING TEMPERATURES ON FEBRUARY
25...THE SEASONAL HEATING DEGREE DAY TOTAL AND DEPARTURE FROM
NORMAL WILL BE CALCULATED WITHOUT DATA FROM THIS DATE.

$$

RAB
