000
CDUS41 KRNK 260746
CLIDAN


CLIMATE REPORT
NATIONAL WEATHER SERVICE BLACKSBURG VA
243 AM EST MON JAN 26 2015


...................................

...THE DANVILLE VA CLIMATE SUMMARY FOR JANUARY 25 2015...

CLIMATE NORMAL PERIOD 1981 TO 2010
CLIMATE RECORD PERIOD 1948 TO 2015


WEATHER ITEM   OBSERVED TIME   RECORD YEAR NORMAL DEPARTURE LAST
                VALUE   (LST)  VALUE       VALUE  FROM      YEAR
                                                  NORMAL
..................................................................
TEMPERATURE (F)
 YESTERDAY
  MAXIMUM         57    323 PM  79    1967  47     10       40
  MINIMUM         29    713 AM  10    1963  30     -1       18
  AVERAGE         43                        38      5

PRECIPITATION (IN)
  YESTERDAY        0.00          1.58 1958   0.11  -0.11     0.00
  MONTH TO DATE    1.47                      2.71  -1.24     3.25
  SINCE DEC 1      4.14                      5.98  -1.84     7.48
  SINCE JAN 1      1.47                      2.71  -1.24     3.25

SNOWFALL (IN)
  YESTERDAY        0.0
  MONTH TO DATE    0.0
  SINCE DEC 1      T
  SINCE JUL 1      T
  SNOW DEPTH       0

DEGREE DAYS
 HEATING
  YESTERDAY       22                        27     -5
  MONTH TO DATE  659                       686    -27
  SINCE DEC 1   1320                      1459   -139
  SINCE JUL 1   2080                      2168    -88

 COOLING
  YESTERDAY        0                         0      0
  MONTH TO DATE    0                         0      0
  SINCE DEC 1      0                         0      0
  SINCE JAN 1      0                         0      0
..................................................................


WIND (MPH)
  HIGHEST WIND SPEED    16   HIGHEST WIND DIRECTION    SW (230)
  HIGHEST GUST SPEED    20   HIGHEST GUST DIRECTION    SW (220)
  AVERAGE WIND SPEED     4.9


SKY COVER
  POSSIBLE SUNSHINE  MM
  AVERAGE SKY COVER 0.1


WEATHER CONDITIONS
 THE FOLLOWING WEATHER WAS RECORDED YESTERDAY.
  NO SIGNIFICANT WEATHER WAS OBSERVED.


RELATIVE HUMIDITY (PERCENT)
 HIGHEST    78           400 AM
 LOWEST     35           400 PM
 AVERAGE    57

..........................................................


THE DANVILLE VA CLIMATE NORMALS FOR TODAY
                         NORMAL    RECORD    YEAR
 MAXIMUM TEMPERATURE (F)   47        77      1950
 MINIMUM TEMPERATURE (F)   30        11      1961


SUNRISE AND SUNSET
JANUARY 26 2015.......SUNRISE   724 AM EST   SUNSET   537 PM EST
JANUARY 27 2015.......SUNRISE   723 AM EST   SUNSET   538 PM EST


-  INDICATES NEGATIVE NUMBERS.
R  INDICATES RECORD WAS SET OR TIED.
MM INDICATES DATA IS MISSING.
T  INDICATES TRACE AMOUNT.


$$
