000
CDUS41 KRNK 070822
CLIDAN


CLIMATE REPORT
NATIONAL WEATHER SERVICE BLACKSBURG VA
321 AM EST WED DEC 7 2016


...................................

...THE DANVILLE VA CLIMATE SUMMARY FOR DECEMBER 6 2016...

CLIMATE NORMAL PERIOD 1981 TO 2010
CLIMATE RECORD PERIOD 1948 TO 2016


WEATHER ITEM   OBSERVED TIME   RECORD YEAR NORMAL DEPARTURE LAST
                VALUE   (LST)  VALUE       VALUE  FROM      YEAR
                                                  NORMAL
..................................................................
TEMPERATURE (F)
 YESTERDAY
  MAXIMUM         47    113 AM  78    2013  52     -5       57
                                      1998
  MINIMUM         36   1152 PM  18    1974  32      4       26
  AVERAGE         42                        42      0       42

PRECIPITATION (IN)
  YESTERDAY        0.82          1.19 1954   0.12   0.70     0.00
  MONTH TO DATE    1.28                      0.71   0.57     0.70
  SINCE DEC 1      1.28                      0.71   0.57     0.70
  SINCE JAN 1     46.49                     41.85   4.64    47.18

SNOWFALL (IN)
  YESTERDAY        0.0                                       0.0
  MONTH TO DATE    0.0                                       0.0
  SINCE DEC 1      0.0                                       0.0
  SINCE JUL 1      0.0                                       0.0
  SNOW DEPTH       0

DEGREE DAYS
 HEATING
  YESTERDAY       23                        23      0       23
  MONTH TO DATE  125                       133     -8      122
  SINCE DEC 1    125                       133     -8      122
  SINCE JUL 1    695                       842   -147      664

 COOLING
  YESTERDAY        0                         0      0        0
  MONTH TO DATE    0                         0      0        0
  SINCE DEC 1      0                         0      0        0
  SINCE JAN 1   1651                      1439    212     1643
..................................................................


WIND (MPH)
  HIGHEST WIND SPEED    15   HIGHEST WIND DIRECTION     N (360)
  HIGHEST GUST SPEED    21   HIGHEST GUST DIRECTION    NE (60)
  AVERAGE WIND SPEED     7.9


SKY COVER
  AVERAGE SKY COVER 0.9


WEATHER CONDITIONS
 THE FOLLOWING WEATHER WAS RECORDED YESTERDAY.
  HEAVY RAIN
  RAIN
  LIGHT RAIN
  FOG


RELATIVE HUMIDITY (PERCENT)
 HIGHEST   100          1200 AM
 LOWEST     86           600 AM
 AVERAGE    93

..........................................................


THE DANVILLE VA CLIMATE NORMALS FOR TODAY
                         NORMAL    RECORD    YEAR
 MAXIMUM TEMPERATURE (F)   52        81      1998
 MINIMUM TEMPERATURE (F)   32         9      1954


SUNRISE AND SUNSET
DECEMBER  7 2016......SUNRISE   716 AM EST   SUNSET   501 PM EST
DECEMBER  8 2016......SUNRISE   717 AM EST   SUNSET   502 PM EST


-  INDICATES NEGATIVE NUMBERS.
R  INDICATES RECORD WAS SET OR TIED.
MM INDICATES DATA IS MISSING.
T  INDICATES TRACE AMOUNT.




$$
