000
CDUS41 KRNK 210910
CLIDAN


CLIMATE REPORT
NATIONAL WEATHER SERVICE BLACKSBURG VA
506 AM EDT SUN SEP 21 2014


...................................

...THE DANVILLE VA CLIMATE SUMMARY FOR SEPTEMBER 20 2014...

CLIMATE NORMAL PERIOD 1981 TO 2010
CLIMATE RECORD PERIOD 1948 TO 2014


WEATHER ITEM   OBSERVED TIME   RECORD YEAR NORMAL DEPARTURE LAST
                VALUE   (LST)  VALUE       VALUE  FROM      YEAR
                                                  NORMAL
..................................................................
TEMPERATURE (F)
 YESTERDAY
  MAXIMUM         82    243 PM  96    1978  78      4       69
  MINIMUM         56    617 AM  41    1959  59     -3       64
  AVERAGE         69                        68      1

PRECIPITATION (IN)
  YESTERDAY        0.00          2.58 1966   0.12  -0.12     0.45
  MONTH TO DATE    3.10                      2.67   0.43     0.69
  SINCE SEP 1      3.10                      2.67   0.43     0.69
  SINCE JAN 1     32.85                     32.96  -0.11    42.00

SNOWFALL (IN)
  YESTERDAY        0.0
  MONTH TO DATE    0.0
  SINCE SEP 1      0.0
  SINCE JUL 1      0.0
  SNOW DEPTH       0

DEGREE DAYS
 HEATING
  YESTERDAY        0                         1     -1
  MONTH TO DATE    0                         7     -7
  SINCE SEP 1      0                         7     -7
  SINCE JUL 1      0                         7     -7

 COOLING
  YESTERDAY        4                         5     -1
  MONTH TO DATE  175                       143     32
  SINCE SEP 1    175                       143     32
  SINCE JAN 1   1364                      1370     -6
..................................................................


WIND (MPH)
  HIGHEST WIND SPEED     9   HIGHEST WIND DIRECTION    NE (50)
  HIGHEST GUST SPEED    12   HIGHEST GUST DIRECTION     E (80)
  AVERAGE WIND SPEED     2.7


SKY COVER
  POSSIBLE SUNSHINE  MM
  AVERAGE SKY COVER 0.1


WEATHER CONDITIONS
 THE FOLLOWING WEATHER WAS RECORDED YESTERDAY.
  FOG


RELATIVE HUMIDITY (PERCENT)
 HIGHEST    97           200 AM
 LOWEST     42           200 PM
 AVERAGE    70

..........................................................


THE DANVILLE VA CLIMATE NORMALS FOR TODAY
                         NORMAL    RECORD    YEAR
 MAXIMUM TEMPERATURE (F)   78        95      1948
 MINIMUM TEMPERATURE (F)   58        40      1956


SUNRISE AND SUNSET
SEPTEMBER 21 2014.....SUNRISE   704 AM EDT   SUNSET   716 PM EDT
SEPTEMBER 22 2014.....SUNRISE   705 AM EDT   SUNSET   714 PM EDT


-  INDICATES NEGATIVE NUMBERS.
R  INDICATES RECORD WAS SET OR TIED.
MM INDICATES DATA IS MISSING.
T  INDICATES TRACE AMOUNT.




$$
