000
CDUS41 KILN 280620
CLIDAY


CLIMATE REPORT
NATIONAL WEATHER SERVICE WILMINGTON OH
119 AM EST TUE FEB 28 2017


...................................

...THE DAYTON OH CLIMATE SUMMARY FOR FEBRUARY 27 2017...

CLIMATE NORMAL PERIOD 1981 TO 2010
CLIMATE RECORD PERIOD 1869 TO 2017


WEATHER ITEM   OBSERVED TIME   RECORD YEAR NORMAL DEPARTURE LAST
                VALUE   (LST)  VALUE       VALUE  FROM      YEAR
                                                  NORMAL
..................................................................
TEMPERATURE (F)
 YESTERDAY
  MAXIMUM         48    113 PM  70    1996  43      5       50
  MINIMUM         39   1234 AM  -2    1963  26     13       26
                                      1934
  AVERAGE         44                        34     10       38

PRECIPITATION (IN)
  YESTERDAY        0.00          1.36 1999   0.09  -0.09     0.00
  MONTH TO DATE    1.34                      2.16  -0.82     3.17
  SINCE DEC 1      7.75                      7.99  -0.24     9.06
  SINCE JAN 1      4.76                      4.87  -0.11     4.67

SNOWFALL (IN)
  YESTERDAY        0.0           6.2  1984   0.2   -0.2      0.0
  MONTH TO DATE    1.2                       5.7   -4.5      5.6
  SINCE DEC 1      7.2                      18.1  -10.9     10.6
  SINCE JUL 1      7.2                      19.1  -11.9     10.6
  SNOW DEPTH       0

DEGREE DAYS
 HEATING
  YESTERDAY       21                        31    -10       27
  MONTH TO DATE  632                       922   -290      878
  SINCE DEC 1   2643                      3134   -491     2673
  SINCE JUL 1   3416                      4245   -829     3509

 COOLING
  YESTERDAY        0                         0      0        0
  MONTH TO DATE    0                         0      0        0
  SINCE DEC 1      0                         0      0        0
  SINCE JAN 1      0                         0      0        0
..................................................................


WIND (MPH)
  RESULTANT WIND SPEED   8   RESULTANT WIND DIRECTION   S (180)
  HIGHEST WIND SPEED    17   HIGHEST WIND DIRECTION     S (160)
  HIGHEST GUST SPEED    22   HIGHEST GUST DIRECTION     S (160)
  AVERAGE WIND SPEED     8.3



WEATHER CONDITIONS
 THE FOLLOWING WEATHER WAS RECORDED YESTERDAY.
  NO SIGNIFICANT WEATHER WAS OBSERVED.


RELATIVE HUMIDITY (PERCENT)
 HIGHEST    89           600 PM
 LOWEST     40          1200 AM
 AVERAGE    65

..........................................................


THE DAYTON OH CLIMATE NORMALS FOR TODAY
                         NORMAL    RECORD    YEAR
 MAXIMUM TEMPERATURE (F)   43        64      2016
                                             1972
 MINIMUM TEMPERATURE (F)   26        -3      1934


SUNRISE AND SUNSET
FEBRUARY 28 2017......SUNRISE   711 AM EST   SUNSET   628 PM EST
MARCH  1 2017.........SUNRISE   710 AM EST   SUNSET   629 PM EST


-  INDICATES NEGATIVE NUMBERS.
R  INDICATES RECORD WAS SET OR TIED.
MM INDICATES DATA IS MISSING.
T  INDICATES TRACE AMOUNT.




$$
