000
CDUS41 KILN 242053
CLIDAY


CLIMATE REPORT
NATIONAL WEATHER SERVICE WILMINGTON OH
452 PM EDT WED MAY 24 2017


...................................

...THE DAYTON OH CLIMATE SUMMARY FOR MAY 24 2017...
VALID TODAY AS OF 0400 PM LOCAL TIME.

CLIMATE NORMAL PERIOD 1981 TO 2010
CLIMATE RECORD PERIOD 1869 TO 2017


WEATHER ITEM   OBSERVED TIME   RECORD YEAR NORMAL DEPARTURE LAST
                VALUE   (LST)  VALUE       VALUE  FROM      YEAR
                                                  NORMAL
..................................................................
TEMPERATURE (F)
 TODAY
  MAXIMUM         70    104 PM  90    1975  74     -4       80
  MINIMUM         58    506 AM  36    1925  54      4       52
  AVERAGE         64                        64      0       66

PRECIPITATION (IN)
  TODAY            0.00          1.18 1947   0.15  -0.15     0.00
  MONTH TO DATE    3.99                      3.60   0.39     2.72
  SINCE MAR 1     14.40                     11.03   3.37    11.17
  SINCE JAN 1     19.34                     15.98   3.36    15.99

SNOWFALL (IN)
  TODAY            0.0           0.0    MM   0.0    0.0      0.0
  MONTH TO DATE    0.0                       0.0    0.0      0.0
  SINCE MAR 1      1.3                       4.0   -2.7      2.1
  SINCE JUL 1      8.5                      23.3  -14.8     12.7
  SNOW DEPTH       0

DEGREE DAYS
 HEATING
  TODAY            1                         4     -3        0
  MONTH TO DATE  159                       147     12      188
  SINCE MAR 1   1124                      1323   -199     1136
  SINCE JUL 1   4554                      5598  -1044     4677

 COOLING
  TODAY            0                         3     -3        1
  MONTH TO DATE   39                        38      1       10
  SINCE MAR 1     72                        48     24       14
  SINCE JAN 1     72                        48     24       14
..................................................................


WIND (MPH)
  RESULTANT WIND SPEED   9   RESULTANT WIND DIRECTION  SE (120)
  HIGHEST WIND SPEED    20   HIGHEST WIND DIRECTION     E (100)
  HIGHEST GUST SPEED    25   HIGHEST GUST DIRECTION    SE (120)
  AVERAGE WIND SPEED    10.1


SKY COVER
  POSSIBLE SUNSHINE  MM
  AVERAGE SKY COVER 0.9


WEATHER CONDITIONS
 THE FOLLOWING WEATHER WAS RECORDED TODAY.
  FOG


RELATIVE HUMIDITY (PERCENT)
 HIGHEST   100           500 AM
 LOWEST     66          1200 PM
 AVERAGE    83

..........................................................


THE DAYTON OH CLIMATE NORMALS FOR TOMORROW
                         NORMAL    RECORD    YEAR
 MAXIMUM TEMPERATURE (F)   74        92      1939
 MINIMUM TEMPERATURE (F)   54        33      1925


SUNRISE AND SUNSET
MAY 24 2017...........SUNRISE   615 AM EDT   SUNSET   853 PM EDT
MAY 25 2017...........SUNRISE   614 AM EDT   SUNSET   854 PM EDT


-  INDICATES NEGATIVE NUMBERS.
R  INDICATES RECORD WAS SET OR TIED.
MM INDICATES DATA IS MISSING.
T  INDICATES TRACE AMOUNT.




$$
