000
CDUS41 KILN 250534
CLIDAY


CLIMATE REPORT
NATIONAL WEATHER SERVICE WILMINGTON OH
134 AM EDT TUE APR 25 2017


...................................

...THE DAYTON OH CLIMATE SUMMARY FOR APRIL 24 2017...

CLIMATE NORMAL PERIOD 1981 TO 2010
CLIMATE RECORD PERIOD 1869 TO 2017


WEATHER ITEM   OBSERVED TIME   RECORD YEAR NORMAL DEPARTURE LAST
                VALUE   (LST)  VALUE       VALUE  FROM      YEAR
                                                  NORMAL
..................................................................
TEMPERATURE (F)
 YESTERDAY
  MAXIMUM         75    303 PM  88    1925  65     10       73
  MINIMUM         42    607 AM  24    1911  44     -2       40
  AVERAGE         59                        55      4       57

PRECIPITATION (IN)
  YESTERDAY        0.00          1.76 1937   0.14  -0.14     0.00
  MONTH TO DATE    2.22                      3.25  -1.03     1.45
  SINCE MAR 1      7.17                      6.59   0.58     6.95
  SINCE JAN 1     12.11                     11.54   0.57    11.77

SNOWFALL (IN)
  YESTERDAY        0.0           0.2  1995   0.0    0.0      0.0
  MONTH TO DATE    T                         0.6   -0.6      0.7
  SINCE MAR 1      1.3                       4.0   -2.7      2.1
  SINCE JUL 1      8.5                      23.3  -14.8     12.7
  SNOW DEPTH       0

DEGREE DAYS
 HEATING
  YESTERDAY        6                        11     -5        8
  MONTH TO DATE  212                       353   -141      369
  SINCE MAR 1    943                      1117   -174      906
  SINCE JUL 1   4373                      5392  -1019     4447

 COOLING
  YESTERDAY        0                         1     -1        0
  MONTH TO DATE   26                         4     22        3
  SINCE MAR 1     28                         4     24        3
  SINCE JAN 1     28                         4     24        3
..................................................................


WIND (MPH)
  RESULTANT WIND SPEED  12   RESULTANT WIND DIRECTION   E (80)
  HIGHEST WIND SPEED    23   HIGHEST WIND DIRECTION    SE (120)
  HIGHEST GUST SPEED    28   HIGHEST GUST DIRECTION     E (110)
  AVERAGE WIND SPEED    13.0



WEATHER CONDITIONS
 THE FOLLOWING WEATHER WAS RECORDED YESTERDAY.
  NO SIGNIFICANT WEATHER WAS OBSERVED.


RELATIVE HUMIDITY (PERCENT)
 HIGHEST    76           100 AM
 LOWEST     34          1000 AM
 AVERAGE    55

..........................................................


THE DAYTON OH CLIMATE NORMALS FOR TODAY
                         NORMAL    RECORD    YEAR
 MAXIMUM TEMPERATURE (F)   65        89      1915
 MINIMUM TEMPERATURE (F)   45        26      1919


SUNRISE AND SUNSET
APRIL 25 2017.........SUNRISE   645 AM EDT   SUNSET   826 PM EDT
APRIL 26 2017.........SUNRISE   643 AM EDT   SUNSET   827 PM EDT


-  INDICATES NEGATIVE NUMBERS.
R  INDICATES RECORD WAS SET OR TIED.
MM INDICATES DATA IS MISSING.
T  INDICATES TRACE AMOUNT.




$$
