000
CDUS41 KILN 290628
CLIDAY


CLIMATE REPORT
NATIONAL WEATHER SERVICE WILMINGTON OH
128 AM EST MON DEC 29 2014


...................................

...THE DAYTON OH CLIMATE SUMMARY FOR DECEMBER 28 2014...

CLIMATE NORMAL PERIOD 1981 TO 2010
CLIMATE RECORD PERIOD 1869 TO 2014


WEATHER ITEM   OBSERVED TIME   RECORD YEAR NORMAL DEPARTURE LAST
                VALUE   (LST)  VALUE       VALUE  FROM      YEAR
                                                  NORMAL
..................................................................
TEMPERATURE (F)
 YESTERDAY
  MAXIMUM         42   1247 AM  64    1984  35      7       53
  MINIMUM         28   1159 PM  -6    1924  22      6       35
  AVERAGE         35                        28      7       44

PRECIPITATION (IN)
  YESTERDAY        0.20          1.05 1988   0.10   0.10     0.00
  MONTH TO DATE    2.79                      2.82  -0.03     4.42
  SINCE DEC 1      2.79                      2.82  -0.03     4.42
  SINCE JAN 1     35.98                     40.75  -4.77    36.37

SNOWFALL (IN)
  YESTERDAY        T             3.2  1915   0.2   -0.2      0.0
  MONTH TO DATE    0.1                       3.9   -3.8     12.5
  SINCE DEC 1      0.1                       3.9   -3.8     12.5
  SINCE JUL 1      4.2                       4.9   -0.7     14.5
  SNOW DEPTH       0

DEGREE DAYS
 HEATING
  YESTERDAY       30                        37     -7       21
  MONTH TO DATE  792                       937   -145      889
  SINCE DEC 1    792                       937   -145      889
  SINCE JUL 1   2008                      2048    -40     2013

 COOLING
  YESTERDAY        0                         0      0        0
  MONTH TO DATE    0                         0      0        0
  SINCE DEC 1      0                         0      0        0
  SINCE JAN 1    977                       891     86     1062
..................................................................


WIND (MPH)
  RESULTANT WIND SPEED   7   RESULTANT WIND DIRECTION  NW (320)
  HIGHEST WIND SPEED    16   HIGHEST WIND DIRECTION    NW (310)
  HIGHEST GUST SPEED    20   HIGHEST GUST DIRECTION    NW (310)
  AVERAGE WIND SPEED     7.7



WEATHER CONDITIONS
 THE FOLLOWING WEATHER WAS RECORDED YESTERDAY.
  RAIN
  LIGHT RAIN
  SNOW
  LIGHT SNOW
  FOG
  HAZE


RELATIVE HUMIDITY (PERCENT)
 HIGHEST    93           100 AM
 LOWEST     70           300 PM
 AVERAGE    82

..........................................................


THE DAYTON OH CLIMATE NORMALS FOR TODAY
                         NORMAL    RECORD    YEAR
 MAXIMUM TEMPERATURE (F)   35        62      1984
 MINIMUM TEMPERATURE (F)   21        -5      1983


SUNRISE AND SUNSET
DECEMBER 29 2014......SUNRISE   758 AM EST   SUNSET   520 PM EST
DECEMBER 30 2014......SUNRISE   758 AM EST   SUNSET   521 PM EST


-  INDICATES NEGATIVE NUMBERS.
R  INDICATES RECORD WAS SET OR TIED.
MM INDICATES DATA IS MISSING.
T  INDICATES TRACE AMOUNT.




$$
