000
CDUS41 KILN 142153
CLIDAY


CLIMATE REPORT
NATIONAL WEATHER SERVICE WILMINGTON OH
453 PM EST SUN FEB 14 2016


...................................

...THE DAYTON OH CLIMATE SUMMARY FOR FEBRUARY 14 2016...
VALID TODAY AS OF 0400 PM LOCAL TIME.

CLIMATE NORMAL PERIOD 1981 TO 2010
CLIMATE RECORD PERIOD 1869 TO 2016


WEATHER ITEM   OBSERVED TIME   RECORD YEAR NORMAL DEPARTURE LAST
                VALUE   (LST)  VALUE       VALUE  FROM      YEAR
                                                  NORMAL
..................................................................
TEMPERATURE (F)
 TODAY
  MAXIMUM         18   1248 PM  67    1918  39    -21       32
  MINIMUM          6    508 AM  -9    1905  23    -17        7
  AVERAGE         12                        31    -19       20

PRECIPITATION (IN)
  TODAY            0.03          2.27 1908   0.08  -0.05     0.05
  MONTH TO DATE    1.40                      1.13   0.27     0.68
  SINCE DEC 1      7.29                      6.96   0.33     6.44
  SINCE JAN 1      2.90                      3.84  -0.94     3.65

SNOWFALL (IN)
  TODAY            0.2           4.1  1977   0.2    0.0      0.9
  MONTH TO DATE    2.4                       3.1   -0.7      2.7
  SINCE DEC 1      7.4                      15.5   -8.1     10.5
  SINCE JUL 1      7.4                      16.5   -9.1     14.6
  SNOW DEPTH       1

DEGREE DAYS
 HEATING
  TODAY           53                        34     19       45
  MONTH TO DATE  529                       499     30      502
  SINCE DEC 1   2324                      2711   -387     2608
  SINCE JUL 1   3160                      3822   -662     3824

 COOLING
  TODAY            0                         0      0        0
  MONTH TO DATE    0                         0      0        0
  SINCE DEC 1      0                         0      0        0
  SINCE JAN 1      0                         0      0        0
..................................................................


WIND (MPH)
  RESULTANT WIND SPEED   6   RESULTANT WIND DIRECTION  SE (130)
  HIGHEST WIND SPEED    18   HIGHEST WIND DIRECTION    SE (120)
  HIGHEST GUST SPEED    22   HIGHEST GUST DIRECTION    SE (150)
  AVERAGE WIND SPEED     8.2


SKY COVER
  POSSIBLE SUNSHINE  MM
  AVERAGE SKY COVER 0.8


WEATHER CONDITIONS
 THE FOLLOWING WEATHER WAS RECORDED TODAY.
  SNOW
  LIGHT SNOW
  FOG


RELATIVE HUMIDITY (PERCENT)
 HIGHEST    80           500 AM
 LOWEST     56          1200 PM
 AVERAGE    68

..........................................................


THE DAYTON OH CLIMATE NORMALS FOR TOMORROW
                         NORMAL    RECORD    YEAR
 MAXIMUM TEMPERATURE (F)   39        69      1954
 MINIMUM TEMPERATURE (F)   23        -5      2007


SUNRISE AND SUNSET
FEBRUARY 14 2016......SUNRISE   731 AM EST   SUNSET   611 PM EST
FEBRUARY 15 2016......SUNRISE   730 AM EST   SUNSET   612 PM EST


-  INDICATES NEGATIVE NUMBERS.
R  INDICATES RECORD WAS SET OR TIED.
MM INDICATES DATA IS MISSING.
T  INDICATES TRACE AMOUNT.




$$
