000
CDUS41 KILN 252059
CLIDAY


CLIMATE REPORT
NATIONAL WEATHER SERVICE WILMINGTON OH
459 PM EDT MON JUL 25 2016


...................................

...THE DAYTON OH CLIMATE SUMMARY FOR JULY 25 2016...
VALID TODAY AS OF 0400 PM LOCAL TIME.

CLIMATE NORMAL PERIOD 1981 TO 2010
CLIMATE RECORD PERIOD 1869 TO 2016


WEATHER ITEM   OBSERVED TIME   RECORD YEAR NORMAL DEPARTURE LAST
                VALUE   (LST)  VALUE       VALUE  FROM      YEAR
                                                  NORMAL
..................................................................
TEMPERATURE (F)
 TODAY
  MAXIMUM         90    221 PM 104    1934  84      6       85
  MINIMUM         76    624 AM  50    1906  64     12       63
                                      1904
  AVERAGE         83                        74      9       74

PRECIPITATION (IN)
  TODAY            0.00          1.56 1908   0.13  -0.13     0.00
  MONTH TO DATE    2.49                      3.43  -0.94     3.41
  SINCE JUN 1      6.09                      7.60  -1.51    11.29
  SINCE JAN 1     22.31                     24.64  -2.33    26.61

SNOWFALL (IN)
  TODAY            0.0           0.0    MM   0.0    0.0      0.0
  MONTH TO DATE    0.0                       0.0    0.0      0.0
  SINCE JUN 1      0.0                       0.0    0.0      0.0
  SINCE JUL 1      0.0                       0.0    0.0      0.0
  SNOW DEPTH       0

DEGREE DAYS
 HEATING
  TODAY            0                         0      0        0
  MONTH TO DATE    3                         0      3        0
  SINCE JUN 1      7                        22    -15       20
  SINCE JUL 1      3                         0      3        0

 COOLING
  TODAY           18                         9      9        9
  MONTH TO DATE  259                       225     34      204
  SINCE JUN 1    500                       415     85      458
  SINCE JAN 1    579                       485     94      633
..................................................................


WIND (MPH)
  RESULTANT WIND SPEED   8   RESULTANT WIND DIRECTION   W (270)
  HIGHEST WIND SPEED    16   HIGHEST WIND DIRECTION     W (270)
  HIGHEST GUST SPEED    20   HIGHEST GUST DIRECTION     W (270)
  AVERAGE WIND SPEED     9.6


SKY COVER
  POSSIBLE SUNSHINE  MM
  AVERAGE SKY COVER 0.8


WEATHER CONDITIONS
 THE FOLLOWING WEATHER WAS RECORDED TODAY.
  FOG


RELATIVE HUMIDITY (PERCENT)
 HIGHEST    94           500 AM
 LOWEST     47           300 PM
 AVERAGE    71

..........................................................


THE DAYTON OH CLIMATE NORMALS FOR TOMORROW
                         NORMAL    RECORD    YEAR
 MAXIMUM TEMPERATURE (F)   84       101      1901
 MINIMUM TEMPERATURE (F)   64        52      1977
                                             1962
                                             1911


SUNRISE AND SUNSET
JULY 25 2016..........SUNRISE   630 AM EDT   SUNSET   857 PM EDT
JULY 26 2016..........SUNRISE   630 AM EDT   SUNSET   856 PM EDT


-  INDICATES NEGATIVE NUMBERS.
R  INDICATES RECORD WAS SET OR TIED.
MM INDICATES DATA IS MISSING.
T  INDICATES TRACE AMOUNT.




$$
