000
CDUS41 KILN 220538
CLIDAY


CLIMATE REPORT
NATIONAL WEATHER SERVICE WILMINGTON OH
137 AM EDT FRI MAY 22 2015


...................................

...THE DAYTON OH CLIMATE SUMMARY FOR MAY 21 2015...

CLIMATE NORMAL PERIOD 1981 TO 2010
CLIMATE RECORD PERIOD 1869 TO 2015


WEATHER ITEM   OBSERVED TIME   RECORD YEAR NORMAL DEPARTURE LAST
                VALUE   (LST)  VALUE       VALUE  FROM      YEAR
                                                  NORMAL
..................................................................
TEMPERATURE (F)
 YESTERDAY
  MAXIMUM         60    540 PM  92    1902  73    -13       82
  MINIMUM         47   1047 PM  32    1907  53     -6       65
  AVERAGE         54                        63     -9       74

PRECIPITATION (IN)
  YESTERDAY        T             1.75 2014   0.15  -0.15     1.75
  MONTH TO DATE    1.28                      3.14  -1.86     4.60
  SINCE MAR 1     10.45                     10.57  -0.12    13.02
  SINCE JAN 1     14.81                     15.52  -0.71    18.00

SNOWFALL (IN)
  YESTERDAY        0.0           0.0    MM   0.0    0.0      0.0
  MONTH TO DATE    0.0                       0.0    0.0      0.0
  SINCE MAR 1      5.7                       4.0    1.7      8.2
  SINCE JUL 1     27.7                      23.3    4.4     53.6
  SNOW DEPTH       0

DEGREE DAYS
 HEATING
  YESTERDAY       11                         4      7        0
  MONTH TO DATE   62                       135    -73      126
  SINCE MAR 1   1193                      1311   -118     1335
  SINCE JUL 1   5756                      5586    170     5934

 COOLING
  YESTERDAY        0                         2     -2        9
  MONTH TO DATE  104                        30     74       61
  SINCE MAR 1    108                        40     68       69
  SINCE JAN 1    108                        40     68       69
..................................................................


WIND (MPH)
  RESULTANT WIND SPEED   7   RESULTANT WIND DIRECTION  NW (330)
  HIGHEST WIND SPEED    18   HIGHEST WIND DIRECTION     W (290)
  HIGHEST GUST SPEED    25   HIGHEST GUST DIRECTION     E (70)
  AVERAGE WIND SPEED    10.2



WEATHER CONDITIONS
 THE FOLLOWING WEATHER WAS RECORDED YESTERDAY.
  LIGHT RAIN


RELATIVE HUMIDITY (PERCENT)
 HIGHEST    86           200 AM
 LOWEST     51          1200 PM
 AVERAGE    69

..........................................................


THE DAYTON OH CLIMATE NORMALS FOR TODAY
                         NORMAL    RECORD    YEAR
 MAXIMUM TEMPERATURE (F)   73        92      1902
 MINIMUM TEMPERATURE (F)   53        34      2002


SUNRISE AND SUNSET
MAY 22 2015...........SUNRISE   616 AM EDT   SUNSET   851 PM EDT
MAY 23 2015...........SUNRISE   616 AM EDT   SUNSET   852 PM EDT


-  INDICATES NEGATIVE NUMBERS.
R  INDICATES RECORD WAS SET OR TIED.
MM INDICATES DATA IS MISSING.
T  INDICATES TRACE AMOUNT.




$$
