000
CDUS41 KILN 302041
CLIDAY


CLIMATE REPORT
NATIONAL WEATHER SERVICE WILMINGTON OH
440 PM EDT SAT AUG 30 2014


...................................

...THE DAYTON OH CLIMATE SUMMARY FOR AUGUST 30 2014...
VALID TODAY AS OF 0400 PM LOCAL TIME.

CLIMATE NORMAL PERIOD 1981 TO 2010
CLIMATE RECORD PERIOD 1869 TO 2014


WEATHER ITEM   OBSERVED TIME   RECORD YEAR NORMAL DEPARTURE LAST
                VALUE   (LST)  VALUE       VALUE  FROM      YEAR
                                                  NORMAL
..................................................................
TEMPERATURE (F)
 TODAY
  MAXIMUM         86   1233 PM  96    1953  81      5       90
                                      1898
  MINIMUM         71    338 AM  43    1986  61     10       65
                                      1976
  AVERAGE         79                        71      8       78

PRECIPITATION (IN)
  TODAY            T             2.29 2005   0.10  -0.10     0.00
  MONTH TO DATE    2.81                      2.88  -0.07     1.38
  SINCE JUN 1      9.57                     11.16  -1.59     8.08
  SINCE JAN 1     27.65                     28.20  -0.55    22.38

SNOWFALL (IN)
  TODAY            0.0                       0.0    0.0      0.0
  MONTH TO DATE    0.0                       0.0    0.0      0.0
  SINCE JUN 1      0.0                       0.0    0.0      0.0
  SINCE JUL 1      0.0                       0.0    0.0      0.0
  SNOW DEPTH       0

DEGREE DAYS
 HEATING
  TODAY            0                         1     -1        0
  MONTH TO DATE    3                         1      2        9
  SINCE JUN 1      9                        23    -14       23
  SINCE JUL 1      7                         1      6       12

 COOLING
  TODAY           14                         6      8       13
  MONTH TO DATE  274                       237     37      243
  SINCE JUN 1    729                       706     23      740
  SINCE JAN 1    858                       776     82      871
..................................................................


WIND (MPH)
  RESULTANT WIND SPEED   9   RESULTANT WIND DIRECTION   S (200)
  HIGHEST WIND SPEED    22   HIGHEST WIND DIRECTION    SW (220)
  HIGHEST GUST SPEED    28   HIGHEST GUST DIRECTION    SW (220)
  AVERAGE WIND SPEED    10.1


SKY COVER
  POSSIBLE SUNSHINE  MM
  AVERAGE SKY COVER 0.5


WEATHER CONDITIONS
 THE FOLLOWING WEATHER WAS RECORDED TODAY.
  LIGHT RAIN


RELATIVE HUMIDITY (PERCENT)
 HIGHEST    90           500 AM
 LOWEST     55           100 PM
 AVERAGE    73

..........................................................


THE DAYTON OH CLIMATE NORMALS FOR TOMORROW
                         NORMAL    RECORD    YEAR
 MAXIMUM TEMPERATURE (F)   81       100      1951
 MINIMUM TEMPERATURE (F)   60        42      1915


SUNRISE AND SUNSET
AUGUST 30 2014........SUNRISE   703 AM EDT   SUNSET   811 PM EDT
AUGUST 31 2014........SUNRISE   704 AM EDT   SUNSET   810 PM EDT


-  INDICATES NEGATIVE NUMBERS.
R  INDICATES RECORD WAS SET OR TIED.
MM INDICATES DATA IS MISSING.
T  INDICATES TRACE AMOUNT.




$$
