552
CDUS41 KILN 180553
CLIDAY


CLIMATE REPORT
NATIONAL WEATHER SERVICE WILMINGTON OH
1252 AM EST WED JAN 18 2017


...................................

...THE DAYTON OH CLIMATE SUMMARY FOR JANUARY 17 2017...

CLIMATE NORMAL PERIOD 1981 TO 2010
CLIMATE RECORD PERIOD 1869 TO 2017


WEATHER ITEM   OBSERVED TIME   RECORD YEAR NORMAL DEPARTURE LAST
                VALUE   (LST)  VALUE       VALUE  FROM      YEAR
                                                  NORMAL
..................................................................
TEMPERATURE (F)
 YESTERDAY
  MAXIMUM         57    945 AM  63    1952  35     22       28
  MINIMUM         42   1159 PM -21    1977  20     22        6
  AVERAGE         50                        27     23       17

PRECIPITATION (IN)
  YESTERDAY        0.24          1.17 1932   0.09   0.15     0.01
  MONTH TO DATE    2.47                      1.58   0.89     1.35
  SINCE DEC 1      5.46                      4.70   0.76     5.74
  SINCE JAN 1      2.47                      1.58   0.89     1.35

SNOWFALL (IN)
  YESTERDAY        0.0           4.9  1978   0.3   -0.3      0.3
  MONTH TO DATE    1.2                       4.3   -3.1      3.3
  SINCE DEC 1      5.3                       8.8   -3.5      3.5
  SINCE JUL 1      5.3                       9.8   -4.5      3.5
  SNOW DEPTH       0

DEGREE DAYS
 HEATING
  YESTERDAY       15                        38    -23       48
  MONTH TO DATE  575                       640    -65      619
  SINCE DEC 1   1643                      1688    -45     1272
  SINCE JUL 1   2416                      2799   -383     2108

 COOLING
  YESTERDAY        0                         0      0        0
  MONTH TO DATE    0                         0      0        0
  SINCE DEC 1      0                         0      0        0
  SINCE JAN 1      0                         0      0        0
..................................................................


WIND (MPH)
  RESULTANT WIND SPEED  13   RESULTANT WIND DIRECTION  SW (240)
  HIGHEST WIND SPEED    25   HIGHEST WIND DIRECTION     W (250)
  HIGHEST GUST SPEED    33   HIGHEST GUST DIRECTION    SW (240)
  AVERAGE WIND SPEED    14.8



WEATHER CONDITIONS
 THE FOLLOWING WEATHER WAS RECORDED YESTERDAY.
  HEAVY RAIN
  RAIN
  LIGHT RAIN
  FOG


RELATIVE HUMIDITY (PERCENT)
 HIGHEST   100           100 AM
 LOWEST     77           300 PM
 AVERAGE    89

..........................................................


THE DAYTON OH CLIMATE NORMALS FOR TODAY
                         NORMAL    RECORD    YEAR
 MAXIMUM TEMPERATURE (F)   35        67      1929
 MINIMUM TEMPERATURE (F)   20       -25      1994


SUNRISE AND SUNSET
JANUARY 18 2017.......SUNRISE   755 AM EST   SUNSET   540 PM EST
JANUARY 19 2017.......SUNRISE   754 AM EST   SUNSET   541 PM EST


-  INDICATES NEGATIVE NUMBERS.
R  INDICATES RECORD WAS SET OR TIED.
MM INDICATES DATA IS MISSING.
T  INDICATES TRACE AMOUNT.




$$
