754
CDUS41 KILN 230621
CLIDAY


CLIMATE REPORT
NATIONAL WEATHER SERVICE WILMINGTON OH
220 AM EDT FRI JUN 23 2017


...................................

...THE DAYTON OH CLIMATE SUMMARY FOR JUNE 22 2017...

CLIMATE NORMAL PERIOD 1981 TO 2010
CLIMATE RECORD PERIOD 1869 TO 2017


WEATHER ITEM   OBSERVED TIME   RECORD YEAR NORMAL DEPARTURE LAST
                VALUE   (LST)  VALUE       VALUE  FROM      YEAR
                                                  NORMAL
..................................................................
TEMPERATURE (F)
 YESTERDAY
  MAXIMUM         83    303 PM  98    1988  82      1       77
  MINIMUM         71   1159 PM  44    1897  63      8       63
  AVERAGE         77                        72      5       70

PRECIPITATION (IN)
  YESTERDAY        T             2.25 1969   0.14  -0.14     0.02
  MONTH TO DATE    3.41                      3.09   0.32     2.24
  SINCE JUN 1      3.41                      3.09   0.32     2.24
  SINCE JAN 1     25.26                     20.13   5.13    18.46

SNOWFALL (IN)
  YESTERDAY        0.0                       0.0    0.0      0.0
  MONTH TO DATE    0.0                       0.0    0.0      0.0
  SINCE JUN 1      0.0                       0.0    0.0      0.0
  SINCE JUL 1      8.5                      23.3  -14.8     12.7
  SNOW DEPTH       0

DEGREE DAYS
 HEATING
  YESTERDAY        0                         0      0        0
  MONTH TO DATE   10                        22    -12        4
  SINCE JUN 1     10                        22    -12        4
  SINCE JUL 1   4565                      5642  -1077     4681

 COOLING
  YESTERDAY       12                         8      4        5
  MONTH TO DATE  158                       123     35      167
  SINCE JUN 1    158                       123     35      167
  SINCE JAN 1    250                       193     57      246
..................................................................


WIND (MPH)
  RESULTANT WIND SPEED  13   RESULTANT WIND DIRECTION  SW (210)
  HIGHEST WIND SPEED    24   HIGHEST WIND DIRECTION    SW (210)
  HIGHEST GUST SPEED    29   HIGHEST GUST DIRECTION    SW (210)
  AVERAGE WIND SPEED    13.4



WEATHER CONDITIONS
 THE FOLLOWING WEATHER WAS RECORDED YESTERDAY.
  NO SIGNIFICANT WEATHER WAS OBSERVED.


RELATIVE HUMIDITY (PERCENT)
 HIGHEST    84           100 AM
 LOWEST     62           500 PM
 AVERAGE    73

..........................................................


THE DAYTON OH CLIMATE NORMALS FOR TODAY
                         NORMAL    RECORD    YEAR
 MAXIMUM TEMPERATURE (F)   82        98      1899
 MINIMUM TEMPERATURE (F)   63        43      1902


SUNRISE AND SUNSET
JUNE 23 2017..........SUNRISE   609 AM EDT   SUNSET   909 PM EDT
JUNE 24 2017..........SUNRISE   609 AM EDT   SUNSET   909 PM EDT


-  INDICATES NEGATIVE NUMBERS.
R  INDICATES RECORD WAS SET OR TIED.
MM INDICATES DATA IS MISSING.
T  INDICATES TRACE AMOUNT.




$$
