000
CDUS41 KILN 240550
CLIDAY


CLIMATE REPORT
NATIONAL WEATHER SERVICE WILMINGTON OH
143 AM EDT THU JUL 24 2014


...................................

...THE DAYTON OH CLIMATE SUMMARY FOR JULY 23 2014...

CLIMATE NORMAL PERIOD 1981 TO 2010
CLIMATE RECORD PERIOD 1869 TO 2014


WEATHER ITEM   OBSERVED TIME   RECORD YEAR NORMAL DEPARTURE LAST
                VALUE   (LST)  VALUE       VALUE  FROM      YEAR
                                                  NORMAL
..................................................................
TEMPERATURE (F)
 YESTERDAY
  MAXIMUM         80    341 PM 100    1933  84     -4       88
  MINIMUM         63   1159 PM  52    1985  65     -2       65
  AVERAGE         72                        74     -2       77

PRECIPITATION (IN)
  YESTERDAY        0.25          1.56 1957   0.13   0.12     0.07
  MONTH TO DATE    3.16                      3.17  -0.01     2.32
  SINCE JUN 1      6.69                      7.34  -0.65     5.44
  SINCE JAN 1     24.77                     24.38   0.39    19.74

SNOWFALL (IN)
  YESTERDAY        0.0           0.0         0.0    0.0      0.0
  MONTH TO DATE    0.0                       0.0    0.0      0.0
  SINCE JUN 1      0.0                       0.0    0.0      0.0
  SINCE JUL 1      0.0                       0.0    0.0      0.0
  SNOW DEPTH       0

DEGREE DAYS
 HEATING
  YESTERDAY        0                         0      0        0
  MONTH TO DATE    2                         0      2        0
  SINCE JUN 1      4                        22    -18       11
  SINCE JUL 1      2                         0      2        0

 COOLING
  YESTERDAY        7                         9     -2       12
  MONTH TO DATE  159                       207    -48      270
  SINCE JUN 1    422                       397     25      478
  SINCE JAN 1    551                       467     84      609
..................................................................


WIND (MPH)
  RESULTANT WIND SPEED   3   RESULTANT WIND DIRECTION  NW (320)
  HIGHEST WIND SPEED    20   HIGHEST WIND DIRECTION    SW (240)
  HIGHEST GUST SPEED    26   HIGHEST GUST DIRECTION    NW (310)
  AVERAGE WIND SPEED    10.5



WEATHER CONDITIONS
 THE FOLLOWING WEATHER WAS RECORDED YESTERDAY.
  THUNDERSTORM
  HEAVY RAIN
  LIGHT RAIN
  FOG


RELATIVE HUMIDITY (PERCENT)
 HIGHEST    93          1000 PM
 LOWEST     67          1100 AM
 AVERAGE    80

..........................................................


THE DAYTON OH CLIMATE NORMALS FOR TODAY
                         NORMAL    RECORD    YEAR
 MAXIMUM TEMPERATURE (F)   84       103      1934
 MINIMUM TEMPERATURE (F)   64        50      1906


SUNRISE AND SUNSET
JULY 24 2014..........SUNRISE   628 AM EDT   SUNSET   858 PM EDT
JULY 25 2014..........SUNRISE   629 AM EDT   SUNSET   857 PM EDT


-  INDICATES NEGATIVE NUMBERS.
R  INDICATES RECORD WAS SET OR TIED.
MM INDICATES DATA IS MISSING.
T  INDICATES TRACE AMOUNT.




$$
