000
CDUS41 KILN 120539
CLIDAY


CLIMATE REPORT
NATIONAL WEATHER SERVICE WILMINGTON OH
139 AM EDT SAT JUL 12 2014


...................................

...THE DAYTON OH CLIMATE SUMMARY FOR JULY 11 2014...

CLIMATE NORMAL PERIOD 1981 TO 2010
CLIMATE RECORD PERIOD 1869 TO 2014


WEATHER ITEM   OBSERVED TIME   RECORD YEAR NORMAL DEPARTURE LAST
                VALUE   (LST)  VALUE       VALUE  FROM      YEAR
                                                  NORMAL
..................................................................
TEMPERATURE (F)
 YESTERDAY
  MAXIMUM         84    445 PM 102    1936  84      0       79
  MINIMUM         58    543 AM  45    1898  65     -7       65
  AVERAGE         71                        74     -3       72

PRECIPITATION (IN)
  YESTERDAY        0.00          2.82 1990   0.15  -0.15     0.00
  MONTH TO DATE    2.26                      1.58   0.68     1.60
  SINCE JUN 1      5.79                      5.75   0.04     4.72
  SINCE JAN 1     23.87                     22.79   1.08    19.02

SNOWFALL (IN)
  YESTERDAY        0.0           0.0    MM   0.0    0.0      0.0
  MONTH TO DATE    0.0                       0.0    0.0      0.0
  SINCE JUN 1      0.0                       0.0    0.0      0.0
  SINCE JUL 1      0.0                       0.0    0.0      0.0
  SNOW DEPTH       0

DEGREE DAYS
 HEATING
  YESTERDAY        0                         0      0        0
  MONTH TO DATE    0                         0      0        0
  SINCE JUN 1      2                        22    -20       11
  SINCE JUL 1      0                         0      0        0

 COOLING
  YESTERDAY        6                         9     -3        7
  MONTH TO DATE   77                        99    -22      108
  SINCE JUN 1    340                       289     51      316
  SINCE JAN 1    469                       359    110      447
..................................................................


WIND (MPH)
  RESULTANT WIND SPEED   1   RESULTANT WIND DIRECTION   N (360)
  HIGHEST WIND SPEED     9   HIGHEST WIND DIRECTION     E (110)
  HIGHEST GUST SPEED    22   HIGHEST GUST DIRECTION    SE (150)
  AVERAGE WIND SPEED     2.4



WEATHER CONDITIONS
 THE FOLLOWING WEATHER WAS RECORDED YESTERDAY.
  NO SIGNIFICANT WEATHER WAS OBSERVED.


RELATIVE HUMIDITY (PERCENT)
 HIGHEST    84           400 AM
 LOWEST     43           300 PM
 AVERAGE    64

..........................................................


THE DAYTON OH CLIMATE NORMALS FOR TODAY
                         NORMAL    RECORD    YEAR
 MAXIMUM TEMPERATURE (F)   84       103      1936
 MINIMUM TEMPERATURE (F)   65        49      1898


SUNRISE AND SUNSET
JULY 12 2014..........SUNRISE   619 AM EDT   SUNSET   906 PM EDT
JULY 13 2014..........SUNRISE   619 AM EDT   SUNSET   905 PM EDT


-  INDICATES NEGATIVE NUMBERS.
R  INDICATES RECORD WAS SET OR TIED.
MM INDICATES DATA IS MISSING.
T  INDICATES TRACE AMOUNT.




$$
