000
CDUS43 KDVN 310905
CLIDBQ


CLIMATE REPORT
NATIONAL WEATHER SERVICE QUAD CITIES IA IL
405 AM CDT MON AUG 31 2015


...................................

...THE DUBUQUE IA CLIMATE SUMMARY FOR AUGUST 30 2015...

CLIMATE NORMAL PERIOD 1981 TO 2010
CLIMATE RECORD PERIOD 1873 TO 2015


WEATHER ITEM   OBSERVED TIME   RECORD YEAR NORMAL DEPARTURE LAST
                VALUE   (LST)  VALUE       VALUE  FROM      YEAR
                                                  NORMAL
..................................................................
TEMPERATURE (F)
 YESTERDAY
  MAXIMUM         74    137 PM  94    1941  78     -4       79
                                      1937
                                      1889
  MINIMUM         56    506 AM  40    1915  58     -2       64
  AVERAGE         65                        68     -3       72

PRECIPITATION (IN)
  YESTERDAY        0.00          2.80 1957   0.14  -0.14     0.04
  MONTH TO DATE    2.52                      4.26  -1.74     3.12
  SINCE JUN 1     12.06                     12.97  -0.91    17.77
  SINCE JAN 1     22.83                     25.84  -3.01    30.15

SNOWFALL (IN)
  YESTERDAY        0.0          MM      MM   0.0    0.0      0.0
  MONTH TO DATE    0.0                       0.0    0.0      0.0
  SINCE JUN 1      T                         0.0    0.0      0.0
  SINCE JUL 1      0.0                       0.0    0.0      0.0
  SNOW DEPTH       0

DEGREE DAYS
 HEATING
  YESTERDAY        0                         1     -1        0
  MONTH TO DATE   20                        15      5        2
  SINCE JUN 1     56                        63     -7       39
  SINCE JUL 1     33                        23     10       29

 COOLING
  YESTERDAY        0                         4     -4        7
  MONTH TO DATE  140                       172    -32      165
  SINCE JUN 1    452                       535    -83      421
  SINCE JAN 1    488                       572    -84      475
..................................................................


WIND (MPH)
  HIGHEST WIND SPEED     8   HIGHEST WIND DIRECTION    SW (220)
  HIGHEST GUST SPEED    11   HIGHEST GUST DIRECTION     S (190)
  AVERAGE WIND SPEED     2.5


SKY COVER
  POSSIBLE SUNSHINE  MM
  AVERAGE SKY COVER 0.3


WEATHER CONDITIONS
 THE FOLLOWING WEATHER WAS RECORDED YESTERDAY.
  FOG


RELATIVE HUMIDITY (PERCENT)
 HIGHEST   100          1200 AM
 LOWEST     73          1100 AM
 AVERAGE    87

..........................................................


THE DUBUQUE IA CLIMATE NORMALS FOR TODAY
                         NORMAL    RECORD    YEAR
 MAXIMUM TEMPERATURE (F)   78        96      1953
 MINIMUM TEMPERATURE (F)   58        42      1967


SUNRISE AND SUNSET
AUGUST 31 2015........SUNRISE   627 AM CDT   SUNSET   739 PM CDT
SEPTEMBER  1 2015.....SUNRISE   628 AM CDT   SUNSET   737 PM CDT


-  INDICATES NEGATIVE NUMBERS.
R  INDICATES RECORD WAS SET OR TIED.
MM INDICATES DATA IS MISSING.
T  INDICATES TRACE AMOUNT.




$$
