000
CDUS43 KDVN 262126
CLIDBQ


CLIMATE REPORT
NATIONAL WEATHER SERVICE QUAD CITIES IA IL
422 PM CDT THU MAY 26 2016


...................................

...THE DUBUQUE IA CLIMATE SUMMARY FOR MAY 26 2016...
VALID TODAY AS OF 0400 PM LOCAL TIME.

CLIMATE NORMAL PERIOD 1981 TO 2010
CLIMATE RECORD PERIOD 1873 TO 2016


WEATHER ITEM   OBSERVED TIME   RECORD YEAR NORMAL DEPARTURE LAST
                VALUE   (LST)  VALUE       VALUE  FROM      YEAR
                                                  NORMAL
..................................................................
TEMPERATURE (F)
 TODAY
  MAXIMUM         83    259 PM  91    1914  72     11       71
  MINIMUM         61    538 AM  33    1961  52      9       59
  AVERAGE         72                        62     10       65

PRECIPITATION (IN)
  TODAY            0.03          2.25 1965   0.14  -0.11     1.18
  MONTH TO DATE    3.14                      3.50  -0.36     5.46
  SINCE MAR 1      8.68                      9.57  -0.89     8.16
  SINCE JAN 1      9.76                     12.18  -2.42    10.45

SNOWFALL (IN)
  TODAY            0.0          MM      MM   0.0    0.0      0.0
  MONTH TO DATE    0.0                       0.1   -0.1      0.0
  SINCE MAR 1      3.3                       8.4   -5.1      4.1
  SINCE JUL 1     34.8                      42.0   -7.2     33.7
  SNOW DEPTH       0

DEGREE DAYS
 HEATING
  TODAY            0                         5     -5        0
  MONTH TO DATE  229                       205     24      163
  SINCE MAR 1   1490                      1633   -143     1518
  SINCE JUL 1   5967                      7026  -1059     7366

 COOLING
  TODAY            7                         2      5        0
  MONTH TO DATE   24                        22      2       24
  SINCE MAR 1     27                        27      0       24
  SINCE JAN 1     27                        27      0       24
..................................................................


WIND (MPH)
  HIGHEST WIND SPEED    40   HIGHEST WIND DIRECTION     W (280)
  HIGHEST GUST SPEED    54   HIGHEST GUST DIRECTION     W (280)
  AVERAGE WIND SPEED     7.3


SKY COVER
  POSSIBLE SUNSHINE  MM
  AVERAGE SKY COVER 0.2


WEATHER CONDITIONS
 THE FOLLOWING WEATHER WAS RECORDED TODAY.
  THUNDERSTORM
  RAIN
  LIGHT RAIN
  FOG


RELATIVE HUMIDITY (PERCENT)
 HIGHEST    87           300 AM
 LOWEST     42           100 PM
 AVERAGE    65

..........................................................


THE DUBUQUE IA CLIMATE NORMALS FOR TOMORROW
                         NORMAL    RECORD    YEAR
 MAXIMUM TEMPERATURE (F)   73        94      1874
 MINIMUM TEMPERATURE (F)   52        35      1961


SUNRISE AND SUNSET
MAY 26 2016...........SUNRISE   532 AM CDT   SUNSET   829 PM CDT
MAY 27 2016...........SUNRISE   531 AM CDT   SUNSET   830 PM CDT


-  INDICATES NEGATIVE NUMBERS.
R  INDICATES RECORD WAS SET OR TIED.
MM INDICATES DATA IS MISSING.
T  INDICATES TRACE AMOUNT.




$$
