000
CDUS43 KDVN 061008
CLIDBQ


CLIMATE REPORT
NATIONAL WEATHER SERVICE QUAD CITIES IA IL
408 AM CST TUE DEC 6 2016


...................................

...THE DUBUQUE IA CLIMATE SUMMARY FOR DECEMBER 5 2016...

CLIMATE NORMAL PERIOD 1981 TO 2010
CLIMATE RECORD PERIOD 1873 TO 2016


WEATHER ITEM   OBSERVED TIME   RECORD YEAR NORMAL DEPARTURE LAST
                VALUE   (LST)  VALUE       VALUE  FROM      YEAR
                                                  NORMAL
..................................................................
TEMPERATURE (F)
 YESTERDAY
  MAXIMUM         33    358 AM  64    2001  34     -1       43
  MINIMUM         29   1159 PM  -9    2005  19     10       30
  AVERAGE         31                        26      5       37

PRECIPITATION (IN)
  YESTERDAY        0.00          0.77 1943   0.07  -0.07     0.00
  MONTH TO DATE    0.49                      0.37   0.12     0.04
  SINCE DEC 1      0.49                      0.37   0.12     0.04
  SINCE JAN 1     39.92                     34.82   5.10    35.03

SNOWFALL (IN)
  YESTERDAY        0.0          MM      MM   0.4   -0.4      0.0
  MONTH TO DATE    5.6                       1.7    3.9      0.9
  SINCE DEC 1      5.6                       1.7    3.9      0.9
  SINCE JUL 1      5.6                       4.5    1.1     12.7
  SNOW DEPTH       5

DEGREE DAYS
 HEATING
  YESTERDAY       34                        39     -5       28
  MONTH TO DATE  162                       189    -27      157
  SINCE DEC 1    162                       189    -27      157
  SINCE JUL 1   1154                      1689   -535     1364

 COOLING
  YESTERDAY        0                         0      0        0
  MONTH TO DATE    0                         0      0        0
  SINCE DEC 1      0                         0      0        0
  SINCE JAN 1    781                       643    138      637
..................................................................


WIND (MPH)
  HIGHEST WIND SPEED    25   HIGHEST WIND DIRECTION    SE (150)
  HIGHEST GUST SPEED    32   HIGHEST GUST DIRECTION    SE (150)
  AVERAGE WIND SPEED    13.9


SKY COVER
  POSSIBLE SUNSHINE  MM
  AVERAGE SKY COVER 1.0


WEATHER CONDITIONS
 THE FOLLOWING WEATHER WAS RECORDED YESTERDAY.
  FOG
  FOG W/VISIBILITY <= 1/4 MILE


RELATIVE HUMIDITY (PERCENT)
 HIGHEST   100          1200 AM
 LOWEST     92           100 AM
 AVERAGE    96

..........................................................


THE DUBUQUE IA CLIMATE NORMALS FOR TODAY
                         NORMAL    RECORD    YEAR
 MAXIMUM TEMPERATURE (F)   33        56      1951
                                             1939
 MINIMUM TEMPERATURE (F)   18       -10      1977


SUNRISE AND SUNSET
DECEMBER  6 2016......SUNRISE   718 AM CST   SUNSET   430 PM CST
DECEMBER  7 2016......SUNRISE   719 AM CST   SUNSET   430 PM CST


-  INDICATES NEGATIVE NUMBERS.
R  INDICATES RECORD WAS SET OR TIED.
MM INDICATES DATA IS MISSING.
T  INDICATES TRACE AMOUNT.




$$
