000
CDUS43 KDVN 230908
CLIDBQ


CLIMATE REPORT
NATIONAL WEATHER SERVICE QUAD CITIES IA IL
407 AM CDT WED APR 23 2014


...................................

...THE DUBUQUE IA CLIMATE SUMMARY FOR APRIL 22 2014...

CLIMATE NORMAL PERIOD 1981 TO 2010
CLIMATE RECORD PERIOD 1873 TO 2014


WEATHER ITEM   OBSERVED TIME   RECORD YEAR NORMAL DEPARTURE LAST
                VALUE   (LST)  VALUE       VALUE  FROM      YEAR
                                                  NORMAL
..................................................................
TEMPERATURE (F)
 YESTERDAY
  MAXIMUM         59    318 PM  93    1980  61     -2       66
  MINIMUM         40   1159 PM  25    1986  40      0       43
  AVERAGE         50                        51     -1       55

PRECIPITATION (IN)
  YESTERDAY        0.00          2.05 1999   0.13  -0.13     0.02
  MONTH TO DATE    3.72                      2.60   1.12     8.50
  SINCE MAR 1      4.86                      5.01  -0.15    11.07
  SINCE JAN 1      7.34                      7.62  -0.28    14.49

SNOWFALL (IN)
  YESTERDAY        0.0          MM      MM   0.1   -0.1      0.0
  MONTH TO DATE    0.7                       1.8   -1.1       T
  SINCE MAR 1     11.6                       8.1    3.5     12.6
  SINCE JUL 1     63.3                      41.7   21.6     54.5
  SNOW DEPTH       0

DEGREE DAYS
 HEATING
  YESTERDAY       15                        15      0       10
  MONTH TO DATE  423                       407     16      514
  SINCE MAR 1   1582                      1325    257     1687
  SINCE JUL 1   7958                      6718   1240     6937

 COOLING
  YESTERDAY        0                         0      0        0
  MONTH TO DATE    0                         0      0        0
  SINCE MAR 1      0                         0      0        0
  SINCE JAN 1      0                         0      0        0
..................................................................


WIND (MPH)
  HIGHEST WIND SPEED    23   HIGHEST WIND DIRECTION     N (350)
  HIGHEST GUST SPEED    29   HIGHEST GUST DIRECTION     N (350)
  AVERAGE WIND SPEED    13.1


SKY COVER
  POSSIBLE SUNSHINE  MM
  AVERAGE SKY COVER 0.0


WEATHER CONDITIONS
 THE FOLLOWING WEATHER WAS RECORDED YESTERDAY.
  NO SIGNIFICANT WEATHER WAS OBSERVED.


RELATIVE HUMIDITY (PERCENT)
 HIGHEST    70           400 AM
 LOWEST     30           300 PM
 AVERAGE    50

..........................................................


THE DUBUQUE IA CLIMATE NORMALS FOR TODAY
                         NORMAL    RECORD    YEAR
 MAXIMUM TEMPERATURE (F)   62        85      1925
 MINIMUM TEMPERATURE (F)   41        22      1910


SUNRISE AND SUNSET
APRIL 23 2014.........SUNRISE   609 AM CDT   SUNSET   754 PM CDT
APRIL 24 2014.........SUNRISE   608 AM CDT   SUNSET   755 PM CDT


-  INDICATES NEGATIVE NUMBERS.
R  INDICATES RECORD WAS SET OR TIED.
MM INDICATES DATA IS MISSING.
T  INDICATES TRACE AMOUNT.




$$
