000
CDUS43 KDVN 191023
CLIDBQ


CLIMATE REPORT
NATIONAL WEATHER SERVICE QUAD CITIES IA IL
423 AM CST THU JAN 19 2017


...................................

...THE DUBUQUE IA CLIMATE SUMMARY FOR JANUARY 18 2017...

CLIMATE NORMAL PERIOD 1981 TO 2010
CLIMATE RECORD PERIOD 1873 TO 2017


WEATHER ITEM   OBSERVED TIME   RECORD YEAR NORMAL DEPARTURE LAST
                VALUE   (LST)  VALUE       VALUE  FROM      YEAR
                                                  NORMAL
..................................................................
TEMPERATURE (F)
 YESTERDAY
  MAXIMUM         34    213 PM  55    1880  27      7        3
  MINIMUM         29    958 AM -24    1994  11     18       -9
  AVERAGE         32                        19     13       -3

PRECIPITATION (IN)
  YESTERDAY        0.00          0.77 1996   0.04  -0.04     0.00
  MONTH TO DATE    1.30                      0.68   0.62     0.28
  SINCE DEC 1      2.84                      2.52   0.32     4.47
  SINCE JAN 1      1.30                      0.68   0.62     0.28

SNOWFALL (IN)
  YESTERDAY        0.0          MM      MM   0.3   -0.3      0.0
  MONTH TO DATE    0.2                       5.7   -5.5      1.6
  SINCE DEC 1     17.6                      17.5    0.1     10.0
  SINCE JUL 1     17.6                      20.3   -2.7     21.8
  SNOW DEPTH       T

DEGREE DAYS
 HEATING
  YESTERDAY       33                        46    -13       68
  MONTH TO DATE  819                       828     -9      856
  SINCE DEC 1   2174                      2138     36     1802
  SINCE JUL 1   3166                      3638   -472     3009

 COOLING
  YESTERDAY        0                         0      0        0
  MONTH TO DATE    0                         0      0        0
  SINCE DEC 1      0                         0      0        0
  SINCE JAN 1      0                         0      0        0
..................................................................


WIND (MPH)
  HIGHEST WIND SPEED    23   HIGHEST WIND DIRECTION     S (200)
  HIGHEST GUST SPEED    27   HIGHEST GUST DIRECTION     S (200)
  AVERAGE WIND SPEED    12.1


SKY COVER
  POSSIBLE SUNSHINE  MM
  AVERAGE SKY COVER 0.9


WEATHER CONDITIONS
 THE FOLLOWING WEATHER WAS RECORDED YESTERDAY.
  FOG
  FOG W/VISIBILITY <= 1/4 MILE


RELATIVE HUMIDITY (PERCENT)
 HIGHEST   100          1200 AM
 LOWEST     89           100 PM
 AVERAGE    95

..........................................................


THE DUBUQUE IA CLIMATE NORMALS FOR TODAY
                         NORMAL    RECORD    YEAR
 MAXIMUM TEMPERATURE (F)   27        51      1921
 MINIMUM TEMPERATURE (F)   11       -27      1985


SUNRISE AND SUNSET
JANUARY 19 2017.......SUNRISE   727 AM CST   SUNSET   501 PM CST
JANUARY 20 2017.......SUNRISE   726 AM CST   SUNSET   502 PM CST


-  INDICATES NEGATIVE NUMBERS.
R  INDICATES RECORD WAS SET OR TIED.
MM INDICATES DATA IS MISSING.
T  INDICATES TRACE AMOUNT.




$$
