000
CDUS41 KLWX 270524
CLIDCA


CLIMATE REPORT
NATIONAL WEATHER SERVICE BALTIMORE MD/WASHINGTON DC
124 AM EDT SAT AUG 27 2016


...................................

...THE WASHINGTON NATIONAL DC CLIMATE SUMMARY FOR AUGUST 26 2016...

CLIMATE NORMAL PERIOD 1981 TO 2010
CLIMATE RECORD PERIOD 1871 TO 2016


WEATHER ITEM   OBSERVED TIME   RECORD YEAR NORMAL DEPARTURE LAST
                VALUE   (LST)  VALUE       VALUE  FROM      YEAR
                                                  NORMAL
..................................................................
TEMPERATURE (F)
 YESTERDAY
  MAXIMUM         95    403 PM  97    1948  85     10       82
  MINIMUM         77    602 AM  51    1942  69      8       67
  AVERAGE         86                        77      9       75

PRECIPITATION (IN)
  YESTERDAY        0.00          2.03 1999   0.09  -0.09     0.00
  MONTH TO DATE    2.79                      2.49   0.30     1.16
  SINCE JUN 1      9.60                     10.00  -0.40    18.11
  SINCE JAN 1     24.93                     25.96  -1.03    32.89

SNOWFALL (IN)
  YESTERDAY        0.0          MM      MM   0.0    0.0
  MONTH TO DATE    0.0                       0.0    0.0
  SINCE JUL 1      0.0                       0.0    0.0
  SNOW DEPTH       0

DEGREE DAYS
 HEATING
  YESTERDAY        0                         0      0        0
  MONTH TO DATE    0                         0      0        0
  SINCE JUN 1      0                         6     -6        6
  SINCE JUL 1      0                         0      0        0

 COOLING
  YESTERDAY       21                        12      9       10
  MONTH TO DATE  466                       348    118      390
  SINCE JUN 1   1368                      1119    249     1317
  SINCE JAN 1   1496                      1253    243     1615
..................................................................


WIND (MPH)
  HIGHEST WIND SPEED    20   HIGHEST WIND DIRECTION     N (340)
  HIGHEST GUST SPEED    26   HIGHEST GUST DIRECTION    NW (330)
  AVERAGE WIND SPEED     7.4


SKY COVER
  POSSIBLE SUNSHINE  MM
  AVERAGE SKY COVER 0.4


WEATHER CONDITIONS
 THE FOLLOWING WEATHER WAS RECORDED YESTERDAY.
  NO SIGNIFICANT WEATHER WAS OBSERVED.


RELATIVE HUMIDITY (PERCENT)
 HIGHEST    94           600 AM
 LOWEST     44           300 PM
 AVERAGE    69

..........................................................


THE WASHINGTON NATIONAL DC CLIMATE NORMALS FOR TODAY
                         NORMAL    RECORD    YEAR
 MAXIMUM TEMPERATURE (F)   85       100      1987
 MINIMUM TEMPERATURE (F)   68        51      1885


SUNRISE AND SUNSET
AUGUST 27 2016........SUNRISE   633 AM EDT   SUNSET   745 PM EDT
AUGUST 28 2016........SUNRISE   634 AM EDT   SUNSET   744 PM EDT


-  INDICATES NEGATIVE NUMBERS.
R  INDICATES RECORD WAS SET OR TIED.
MM INDICATES DATA IS MISSING.
T  INDICATES TRACE AMOUNT.




$$
