000
CDUS41 KLWX 010523
CLIDCA


CLIMATE REPORT
NATIONAL WEATHER SERVICE BALTIMORE MD/WASHINGTON DC
123 AM EDT SUN MAY 1 2016


...................................

...THE WASHINGTON NATIONAL DC CLIMATE SUMMARY FOR APRIL 30 2016...

CLIMATE NORMAL PERIOD 1981 TO 2010
CLIMATE RECORD PERIOD 1871 TO 2016


WEATHER ITEM   OBSERVED TIME   RECORD YEAR NORMAL DEPARTURE LAST
                VALUE   (LST)  VALUE       VALUE  FROM      YEAR
                                                  NORMAL
..................................................................
TEMPERATURE (F)
 YESTERDAY
  MAXIMUM         58    248 PM  92    1942  71    -13       74
                                      1910
  MINIMUM         51    721 AM  34    1874  52     -1       56
  AVERAGE         55                        61     -6       65

PRECIPITATION (IN)
  YESTERDAY        0.02          2.70 2014   0.10  -0.08     0.54
  MONTH TO DATE    2.05                      3.06  -1.01     3.41
  SINCE MAR 1      3.21                      6.54  -3.33     7.45
  SINCE JAN 1      9.68                     11.97  -2.29    12.86

SNOWFALL (IN)
  YESTERDAY        0.0           0.0  2002   0.0    0.0
                                      2001
  MONTH TO DATE    T                         T      0.0
  SINCE JUL 1     22.2                      15.4    6.8
  SNOW DEPTH       0

DEGREE DAYS
 HEATING
  YESTERDAY       10                         5      5        0
  MONTH TO DATE  269                       269      0      181
  SINCE MAR 1    620                       838   -218      784
  SINCE JUL 1   3221                      3946   -725     3908

 COOLING
  YESTERDAY        0                         1     -1        0
  MONTH TO DATE   33                        24      9       20
  SINCE MAR 1     36                        26     10       20
  SINCE JAN 1     36                        26     10       20
..................................................................


WIND (MPH)
  HIGHEST WIND SPEED    13   HIGHEST WIND DIRECTION    NE (60)
  HIGHEST GUST SPEED    15   HIGHEST GUST DIRECTION    NE (60)
  AVERAGE WIND SPEED     6.0


SKY COVER
  POSSIBLE SUNSHINE  MM
  AVERAGE SKY COVER 1.0


WEATHER CONDITIONS
 THE FOLLOWING WEATHER WAS RECORDED YESTERDAY.
  LIGHT RAIN
  FOG


RELATIVE HUMIDITY (PERCENT)
 HIGHEST    96           100 AM
 LOWEST     72          1200 PM
 AVERAGE    84

..........................................................


THE WASHINGTON NATIONAL DC CLIMATE NORMALS FOR TODAY
                         NORMAL    RECORD    YEAR
 MAXIMUM TEMPERATURE (F)   71        96      1942
 MINIMUM TEMPERATURE (F)   52        34      1876


SUNRISE AND SUNSET
MAY  1 2016...........SUNRISE   610 AM EDT   SUNSET   801 PM EDT
MAY  2 2016...........SUNRISE   609 AM EDT   SUNSET   802 PM EDT


-  INDICATES NEGATIVE NUMBERS.
R  INDICATES RECORD WAS SET OR TIED.
MM INDICATES DATA IS MISSING.
T  INDICATES TRACE AMOUNT.




$$
