000
CDUS41 KLWX 260527
CLIDCA


CLIMATE REPORT
NATIONAL WEATHER SERVICE BALTIMORE MD/WASHINGTON DC
127 AM EDT SUN MAR 26 2017


...................................

...THE WASHINGTON NATIONAL DC CLIMATE SUMMARY FOR MARCH 25 2017...

CLIMATE NORMAL PERIOD 1981 TO 2010
CLIMATE RECORD PERIOD 1871 TO 2017


WEATHER ITEM   OBSERVED TIME   RECORD YEAR NORMAL DEPARTURE LAST
                VALUE   (LST)  VALUE       VALUE  FROM      YEAR
                                                  NORMAL
..................................................................
TEMPERATURE (F)
 YESTERDAY
  MAXIMUM         78    255 PM  84    1939  59     19       72
  MINIMUM         54    634 AM  19    1940  40     14       49
                                      1896
  AVERAGE         66                        50     16       61

PRECIPITATION (IN)
  YESTERDAY        0.00          1.60 1876   0.12  -0.12     0.03
  MONTH TO DATE    2.20                      2.74  -0.54     0.82
  SINCE MAR 1      2.20                      2.74  -0.54     0.82
  SINCE JAN 1      5.63                      8.17  -2.54     7.29

SNOWFALL (IN)
  YESTERDAY        0.0           1.7  2014   0.1   -0.1
  MONTH TO DATE    2.0                       1.3    0.7
  SINCE JUL 1      3.4                      15.4  -12.0
  SNOW DEPTH       0

DEGREE DAYS
 HEATING
  YESTERDAY        0                        15    -15        4
  MONTH TO DATE  497                       481     16      295
  SINCE MAR 1    497                       481     16      295
  SINCE JUL 1   2873                      3589   -716     2896

 COOLING
  YESTERDAY        1                         0      1        0
  MONTH TO DATE    4                         0      4        3
  SINCE MAR 1      4                         0      4        3
  SINCE JAN 1      5                         0      5        3
..................................................................


WIND (MPH)
  HIGHEST WIND SPEED    22   HIGHEST WIND DIRECTION     E (70)
  HIGHEST GUST SPEED    24   HIGHEST GUST DIRECTION    NE (60)
  AVERAGE WIND SPEED     8.5


SKY COVER
  POSSIBLE SUNSHINE  MM
  AVERAGE SKY COVER 0.8


WEATHER CONDITIONS
 THE FOLLOWING WEATHER WAS RECORDED YESTERDAY.
  NO SIGNIFICANT WEATHER WAS OBSERVED.


RELATIVE HUMIDITY (PERCENT)
 HIGHEST    77           300 AM
 LOWEST     39           300 PM
 AVERAGE    58

..........................................................


THE WASHINGTON NATIONAL DC CLIMATE NORMALS FOR TODAY
                         NORMAL    RECORD    YEAR
 MAXIMUM TEMPERATURE (F)   59        87      1921
 MINIMUM TEMPERATURE (F)   41        23      1955


SUNRISE AND SUNSET
MARCH 26 2017.........SUNRISE   702 AM EDT   SUNSET   726 PM EDT
MARCH 27 2017.........SUNRISE   700 AM EDT   SUNSET   727 PM EDT


-  INDICATES NEGATIVE NUMBERS.
R  INDICATES RECORD WAS SET OR TIED.
MM INDICATES DATA IS MISSING.
T  INDICATES TRACE AMOUNT.




$$
