000
CDUS41 KALY 250622
CLIDDH


CLIMATE REPORT
NATIONAL WEATHER SERVICE ALBANY NY
222 AM EDT THU AUG 25 2016


...................................

...THE BENNINGTON VT CLIMATE SUMMARY FOR AUGUST 24 2016...

CLIMATE NORMAL PERIOD 1981 TO 2010
CLIMATE RECORD PERIOD 9999 TO 9999


WEATHER ITEM   OBSERVED TIME   NORMAL DEPARTURE LAST
                VALUE   (LST)  VALUE  FROM      YEAR
                                      NORMAL
......................................................
TEMPERATURE (F)
 YESTERDAY
  MAXIMUM         82    422 PM  77      5       84
  MINIMUM         51    455 AM  54     -3       62
  AVERAGE         67            66      1       73

PRECIPITATION (IN)
  YESTERDAY        0.00          0.12  -0.12     0.00
  MONTH TO DATE    3.72          3.19   0.53     1.39
  SINCE JUN 1      7.85         11.66  -3.81     6.33
  SINCE JAN 1     20.90         26.73  -5.83    13.89

DEGREE DAYS
 HEATING
  YESTERDAY        0             2     -2        0
  MONTH TO DATE   10            28    -18        4
  SINCE JUN 1     89           149    -60      126
  SINCE JUL 1     20            52    -32       31

 COOLING
  YESTERDAY        2             2      0        8
  MONTH TO DATE  146            81     65      106
  SINCE JUN 1    370           262    108      290
  SINCE JAN 1    412           276    136      354
......................................................


WIND (MPH)
  HIGHEST WIND SPEED     9   HIGHEST WIND DIRECTION     S (180)
  HIGHEST GUST SPEED    12   HIGHEST GUST DIRECTION    NW (320)
  AVERAGE WIND SPEED     1.8


SKY COVER
  AVERAGE SKY COVER 0.0



RELATIVE HUMIDITY (PERCENT)
 HIGHEST    96           500 AM
 LOWEST     43           200 PM
 AVERAGE    70

..........................................................


THE BENNINGTON VT CLIMATE NORMALS FOR TODAY
                         NORMAL
 MAXIMUM TEMPERATURE (F)   77
 MINIMUM TEMPERATURE (F)   54


SUNRISE AND SUNSET
AUGUST 25 2016........SUNRISE   610 AM EDT   SUNSET   739 PM EDT
AUGUST 26 2016........SUNRISE   612 AM EDT   SUNSET   737 PM EDT


-  INDICATES NEGATIVE NUMBERS.
R  INDICATES RECORD WAS SET OR TIED.
MM INDICATES DATA IS MISSING.
T  INDICATES TRACE AMOUNT.




$$
