000
CDUS41 KALY 190633
CLIDDH


CLIMATE REPORT
NATIONAL WEATHER SERVICE ALBANY NY
233 AM EDT SAT AUG 19 2017


...................................

...THE BENNINGTON VT CLIMATE SUMMARY FOR AUGUST 18 2017...

CLIMATE NORMAL PERIOD 1981 TO 2010
CLIMATE RECORD PERIOD 9999 TO 9999


WEATHER ITEM   OBSERVED TIME   NORMAL DEPARTURE LAST
                VALUE   (LST)  VALUE  FROM      YEAR
                                      NORMAL
......................................................
TEMPERATURE (F)
 YESTERDAY
  MAXIMUM         77    518 PM  78     -1       83
  MINIMUM         64   1253 AM  55      9       57
  AVERAGE         71            66      5       70

PRECIPITATION (IN)
  YESTERDAY        1.42          0.13   1.29     0.01
  MONTH TO DATE    2.61          2.47   0.14     2.98
  SINCE JUN 1     15.89         10.94   4.95     7.11
  SINCE JAN 1     32.13         26.01   6.12    20.16

DEGREE DAYS
 HEATING
  YESTERDAY        0             1     -1        0
  MONTH TO DATE    9            18     -9        0
  SINCE JUN 1    117           139    -22       79
  SINCE JUL 1     22            42    -20       10

 COOLING
  YESTERDAY        6             3      3        5
  MONTH TO DATE   58            66     -8      129
  SINCE JUN 1    264           247     17      353
  SINCE JAN 1    279           261     18      395
......................................................


WIND (MPH)
  HIGHEST WIND SPEED    13   HIGHEST WIND DIRECTION     S (170)
  HIGHEST GUST SPEED    19   HIGHEST GUST DIRECTION     S (170)
  AVERAGE WIND SPEED     3.4


SKY COVER
  AVERAGE SKY COVER 0.9



RELATIVE HUMIDITY (PERCENT)
 HIGHEST    93           200 PM
 LOWEST     68           200 AM
 AVERAGE    81

..........................................................


THE BENNINGTON VT CLIMATE NORMALS FOR TODAY
                         NORMAL
 MAXIMUM TEMPERATURE (F)   78
 MINIMUM TEMPERATURE (F)   55


SUNRISE AND SUNSET
AUGUST 19 2017........SUNRISE   604 AM EDT   SUNSET   749 PM EDT
AUGUST 20 2017........SUNRISE   605 AM EDT   SUNSET   747 PM EDT


-  INDICATES NEGATIVE NUMBERS.
R  INDICATES RECORD WAS SET OR TIED.
MM INDICATES DATA IS MISSING.
T  INDICATES TRACE AMOUNT.




$$
