000
CDUS41 KALY 182145
CLIDDH


CLIMATE REPORT
NATIONAL WEATHER SERVICE ALBANY NY
444 PM EST MON DEC 18 2017


...................................

...THE BENNINGTON VT CLIMATE SUMMARY FOR DECEMBER 18 2017...
VALID TODAY AS OF 0400 PM LOCAL TIME.

CLIMATE NORMAL PERIOD 1981 TO 2010
CLIMATE RECORD PERIOD 9999 TO 9999


WEATHER ITEM   OBSERVED TIME   NORMAL DEPARTURE LAST
                VALUE   (LST)  VALUE  FROM      YEAR
                                      NORMAL
......................................................
TEMPERATURE (F)
 TODAY
  MAXIMUM         35    325 PM  35      0       52
  MINIMUM         14   1203 AM  19     -5       20
  AVERAGE         25            27     -2       36

PRECIPITATION (IN)
  TODAY            0.02          0.09  -0.07     0.49
  MONTH TO DATE    0.97          1.68  -0.71     1.81
  SINCE DEC 1      0.97          1.68  -0.71     1.81
  SINCE JAN 1     40.53         39.59   0.94    32.35

DEGREE DAYS
 HEATING
  TODAY           40            38      2       29
  MONTH TO DATE  652           630     22      647
  SINCE DEC 1    652           630     22      647
  SINCE JUL 1   1952          2243   -291     2017

 COOLING
  TODAY            0             0      0        0
  MONTH TO DATE    0             0      0        0
  SINCE DEC 1      0             0      0        0
  SINCE JAN 1    395           313     82      488
......................................................


WIND (MPH)
  HIGHEST WIND SPEED     6   HIGHEST WIND DIRECTION     N (20)
  HIGHEST GUST SPEED     8   HIGHEST GUST DIRECTION     N (20)
  AVERAGE WIND SPEED     2.1


SKY COVER
  AVERAGE SKY COVER 0.9



RELATIVE HUMIDITY (PERCENT)
 HIGHEST    92
 LOWEST     62
 AVERAGE    77

..........................................................


THE BENNINGTON VT CLIMATE NORMALS FOR TOMORROW
                         NORMAL
 MAXIMUM TEMPERATURE (F)   34
 MINIMUM TEMPERATURE (F)   18


SUNRISE AND SUNSET
DECEMBER 18 2017......SUNRISE   719 AM EST   SUNSET   420 PM EST
DECEMBER 19 2017......SUNRISE   720 AM EST   SUNSET   421 PM EST


-  INDICATES NEGATIVE NUMBERS.
R  INDICATES RECORD WAS SET OR TIED.
MM INDICATES DATA IS MISSING.
T  INDICATES TRACE AMOUNT.




$$
