000
CDUS41 KALY 310627
CLIDDH


CLIMATE REPORT
NATIONAL WEATHER SERVICE ALBANY NY
226 AM EDT THU JUL 31 2014


...................................

...THE BENNINGTON VT CLIMATE SUMMARY FOR JULY 30 2014...

CLIMATE NORMAL PERIOD 1981 TO 2010
CLIMATE RECORD PERIOD 9999 TO 9999


WEATHER ITEM   OBSERVED TIME   NORMAL DEPARTURE LAST
                VALUE   (LST)  VALUE  FROM      YEAR
                                      NORMAL
......................................................
TEMPERATURE (F)
 YESTERDAY
  MAXIMUM         75    429 PM  79     -4       76
  MINIMUM         54   1237 AM  57     -3       51
  AVERAGE         65            68     -3       64

PRECIPITATION (IN)
  YESTERDAY        0.00          0.14  -0.14     0.00
  MONTH TO DATE    7.57          4.20   3.37     5.60
  SINCE JUN 1     10.90          8.33   2.57    12.89
  SINCE JAN 1     23.73         23.40   0.33    27.36

DEGREE DAYS
 HEATING
  YESTERDAY        0             1     -1        1
  MONTH TO DATE   11            30    -19       10
  SINCE JUN 1     58           127    -69      110
  SINCE JUL 1     11            30    -19       10

 COOLING
  YESTERDAY        0             4     -4        0
  MONTH TO DATE  124           119      5      248
  SINCE JUN 1    186           177      9      346
  SINCE JAN 1    202           191     11      378
......................................................


WIND (MPH)
  HIGHEST WIND SPEED     8   HIGHEST WIND DIRECTION     W (250)
  HIGHEST GUST SPEED    13   HIGHEST GUST DIRECTION    NW (300)
  AVERAGE WIND SPEED     1.3


SKY COVER
  AVERAGE SKY COVER 0.6



RELATIVE HUMIDITY (PERCENT)
 HIGHEST    93          1200 AM
 LOWEST     41           400 PM
 AVERAGE    67

..........................................................


THE BENNINGTON VT CLIMATE NORMALS FOR TODAY
                         NORMAL
 MAXIMUM TEMPERATURE (F)   79
 MINIMUM TEMPERATURE (F)   57


SUNRISE AND SUNSET
JULY 31 2014..........SUNRISE   543 AM EDT   SUNSET   815 PM EDT
AUGUST  1 2014........SUNRISE   544 AM EDT   SUNSET   814 PM EDT


-  INDICATES NEGATIVE NUMBERS.
R  INDICATES RECORD WAS SET OR TIED.
MM INDICATES DATA IS MISSING.
T  INDICATES TRACE AMOUNT.




$$
