000
CDUS43 KILX 230708
CLIDEC


CLIMATE REPORT
NATIONAL WEATHER SERVICE LINCOLN IL
107 AM CST FRI FEB 23 2018


...................................

...THE DECATUR IL AIRPORT CLIMATE SUMMARY FOR FEBRUARY 22 2018...

CLIMATE NORMAL PERIOD 1981 TO 2010
CLIMATE RECORD PERIOD 9999 TO 9999


WEATHER ITEM   OBSERVED TIME   RECORD YEAR NORMAL DEPARTURE LAST
                VALUE   (LST)  VALUE       VALUE  FROM      YEAR
                                                  NORMAL
..................................................................
TEMPERATURE (F)
 YESTERDAY
  MAXIMUM         44   1159 PM  MM      MM  42      2       69
  MINIMUM         32    434 AM  MM      MM  25      7       42
  AVERAGE         38                        33      5       56

PRECIPITATION (IN)
  YESTERDAY        0.05         MM      MM   0.07  -0.02     0.00
  MONTH TO DATE    3.67                      1.52   2.15     0.35
  SINCE DEC 1      4.82                      5.80  -0.98     2.69
  SINCE JAN 1      4.70                      3.26   1.44     2.00

DEGREE DAYS
 HEATING
  YESTERDAY       27                        32     -5        9
  MONTH TO DATE  769                       766      3      522
  SINCE DEC 1   3088                      2992     96     2542
  SINCE JUL 1   4030                      4073    -43     3238

 COOLING
  YESTERDAY        0                         0      0        0
  MONTH TO DATE    0                         0      0        0
  SINCE DEC 1      0                         0      0        0
  SINCE JAN 1      0                         0      0        0
..................................................................


WIND (MPH)
  HIGHEST WIND SPEED    23   HIGHEST WIND DIRECTION     E (70)
  HIGHEST GUST SPEED    27   HIGHEST GUST DIRECTION    NE (60)
  AVERAGE WIND SPEED    14.4


SKY COVER
  POSSIBLE SUNSHINE  MM
  AVERAGE SKY COVER 1.0


WEATHER CONDITIONS
 THE FOLLOWING WEATHER WAS RECORDED YESTERDAY.
  LIGHT RAIN
  LIGHT SNOW
  FOG


RELATIVE HUMIDITY (PERCENT)
 HIGHEST   100           800 AM
 LOWEST     85          1200 AM
 AVERAGE    93

..........................................................


THE DECATUR IL AIRPORT CLIMATE NORMALS FOR TODAY
                         NORMAL    RECORD    YEAR
 MAXIMUM TEMPERATURE (F)   42        MM        MM
 MINIMUM TEMPERATURE (F)   25        MM        MM


SUNRISE AND SUNSET
FEBRUARY 23 2018......SUNRISE   637 AM CST   SUNSET   541 PM CST
FEBRUARY 24 2018......SUNRISE   636 AM CST   SUNSET   542 PM CST


-  INDICATES NEGATIVE NUMBERS.
R  INDICATES RECORD WAS SET OR TIED.
MM INDICATES DATA IS MISSING.
T  INDICATES TRACE AMOUNT.




$$
