000
CDUS43 KILX 230648
CLIDEC


CLIMATE REPORT
NATIONAL WEATHER SERVICE LINCOLN IL
138 AM CDT SUN JUL 23 2017


...................................

...THE DECATUR IL AIRPORT CLIMATE SUMMARY FOR JULY 22 2017...

CLIMATE NORMAL PERIOD 1981 TO 2010
CLIMATE RECORD PERIOD 9999 TO 9999


WEATHER ITEM   OBSERVED TIME   RECORD YEAR NORMAL DEPARTURE LAST
                VALUE   (LST)  VALUE       VALUE  FROM      YEAR
                                                  NORMAL
..................................................................
TEMPERATURE (F)
 YESTERDAY
  MAXIMUM         92    356 PM  MM      MM  86      6       87
  MINIMUM         70    846 AM  MM      MM  65      5       72
  AVERAGE         81                        76      5       80

PRECIPITATION (IN)
  YESTERDAY        0.44         MM      MM   0.13   0.31     0.34
  MONTH TO DATE    2.98                      2.81   0.17     2.35
  SINCE JUN 1      4.40                      7.16  -2.76     4.51
  SINCE JAN 1     23.33                     21.61   1.72    15.37

DEGREE DAYS
 HEATING
  YESTERDAY        0                         0      0        0
  MONTH TO DATE    0                         0      0        5
  SINCE JUN 1      4                        17    -13        5
  SINCE JUL 1      0                         0      0        5

 COOLING
  YESTERDAY       16                        11      5       15
  MONTH TO DATE  288                       242     46      243
  SINCE JUN 1    543                       471     72      566
  SINCE JAN 1    640                       558     82      656
..................................................................


WIND (MPH)
  HIGHEST WIND SPEED    26   HIGHEST WIND DIRECTION     N (350)
  HIGHEST GUST SPEED    34   HIGHEST GUST DIRECTION     N (350)
  AVERAGE WIND SPEED     8.1


SKY COVER
  POSSIBLE SUNSHINE  MM
  AVERAGE SKY COVER 0.4


WEATHER CONDITIONS
 THE FOLLOWING WEATHER WAS RECORDED YESTERDAY.
  THUNDERSTORM
  HEAVY RAIN
  RAIN
  LIGHT RAIN
  FOG


RELATIVE HUMIDITY (PERCENT)
 HIGHEST    93           900 AM
 LOWEST     56           200 PM
 AVERAGE    75

..........................................................


THE DECATUR IL AIRPORT CLIMATE NORMALS FOR TODAY
                         NORMAL    RECORD    YEAR
 MAXIMUM TEMPERATURE (F)   86        MM        MM
 MINIMUM TEMPERATURE (F)   65        MM        MM


SUNRISE AND SUNSET
JULY 23 2017..........SUNRISE   546 AM CDT   SUNSET   817 PM CDT
JULY 24 2017..........SUNRISE   547 AM CDT   SUNSET   816 PM CDT


-  INDICATES NEGATIVE NUMBERS.
R  INDICATES RECORD WAS SET OR TIED.
MM INDICATES DATA IS MISSING.
T  INDICATES TRACE AMOUNT.




$$
