802
CDUS43 KILX 170643
CLIDEC


CLIMATE REPORT
NATIONAL WEATHER SERVICE LINCOLN IL
1241 AM CST TUE JAN 17 2017


...................................

...THE DECATUR IL AIRPORT CLIMATE SUMMARY FOR JANUARY 16 2017...

CLIMATE NORMAL PERIOD 1981 TO 2010
CLIMATE RECORD PERIOD 9999 TO 9999


WEATHER ITEM   OBSERVED TIME   RECORD YEAR NORMAL DEPARTURE LAST
                VALUE   (LST)  VALUE       VALUE  FROM      YEAR
                                                  NORMAL
..................................................................
TEMPERATURE (F)
 YESTERDAY
  MAXIMUM         55   1159 PM  MM      MM  35     20       28
  MINIMUM         33    331 AM  MM      MM  19     14       23
  AVERAGE         44                        27     17       26

PRECIPITATION (IN)
  YESTERDAY        0.20         MM      MM   0.07   0.13     0.00
  MONTH TO DATE    0.93                      1.05  -0.12     0.80
  SINCE DEC 1      1.62                      3.59  -1.97    10.02
  SINCE JAN 1      0.93                      1.05  -0.12     0.80

DEGREE DAYS
 HEATING
  YESTERDAY       21                        38    -17       39
  MONTH TO DATE  598                       603     -5      559
  SINCE DEC 1   1632                      1661    -29     1258
  SINCE JUL 1   2328                      2742   -414     2040

 COOLING
  YESTERDAY        0                         0      0        0
  MONTH TO DATE    0                         0      0        0
  SINCE DEC 1      0                         0      0        0
  SINCE JAN 1      0                         0      0        0
..................................................................


WIND (MPH)
  HIGHEST WIND SPEED    18   HIGHEST WIND DIRECTION     S (180)
  HIGHEST GUST SPEED    22   HIGHEST GUST DIRECTION     S (180)
  AVERAGE WIND SPEED    10.0


SKY COVER
  POSSIBLE SUNSHINE  MM
  AVERAGE SKY COVER 1.0


WEATHER CONDITIONS
 THE FOLLOWING WEATHER WAS RECORDED YESTERDAY.
  RAIN
  LIGHT RAIN
  FOG
  FOG W/VISIBILITY <= 1/4 MILE
  HAZE


RELATIVE HUMIDITY (PERCENT)
 HIGHEST   100          1200 AM
 LOWEST    100          1200 AM
 AVERAGE   100

..........................................................


THE DECATUR IL AIRPORT CLIMATE NORMALS FOR TODAY
                         NORMAL    RECORD    YEAR
 MAXIMUM TEMPERATURE (F)   35        MM        MM
 MINIMUM TEMPERATURE (F)   19        MM        MM


SUNRISE AND SUNSET
JANUARY 17 2017.......SUNRISE   714 AM CST   SUNSET   458 PM CST
JANUARY 18 2017.......SUNRISE   713 AM CST   SUNSET   459 PM CST


-  INDICATES NEGATIVE NUMBERS.
R  INDICATES RECORD WAS SET OR TIED.
MM INDICATES DATA IS MISSING.
T  INDICATES TRACE AMOUNT.




$$
