000
CDUS43 KILX 210637
CLIDEC


CLIMATE REPORT
NATIONAL WEATHER SERVICE LINCOLN IL
137 AM CDT TUE OCT 21 2014


...................................

...THE DECATUR IL AIRPORT CLIMATE SUMMARY FOR OCTOBER 20 2014...

CLIMATE NORMAL PERIOD 1981 TO 2010
CLIMATE RECORD PERIOD 9999 TO 9999


WEATHER ITEM   OBSERVED TIME   RECORD YEAR NORMAL DEPARTURE LAST
                VALUE   (LST)  VALUE       VALUE  FROM      YEAR
                                                  NORMAL
..................................................................
TEMPERATURE (F)
 YESTERDAY
  MAXIMUM         69    209 PM  MM      MM  64      5       69
  MINIMUM         47   1159 PM  MM      MM  42      5       40
  AVERAGE         58                        53      5       55

PRECIPITATION (IN)
  YESTERDAY        0.00         MM      MM   0.11  -0.11     0.00
  MONTH TO DATE    4.36                      2.01   2.35     1.78
  SINCE SEP 1      8.28                      4.90   3.38     2.37
  SINCE JAN 1     32.21                     31.21   1.00    28.74

DEGREE DAYS
 HEATING
  YESTERDAY        7                        12     -5       10
  MONTH TO DATE  183                       192     -9      127
  SINCE SEP 1    270                       259     11      170
  SINCE JUL 1    272                       265      7      180

 COOLING
  YESTERDAY        0                         0      0        0
  MONTH TO DATE    8                        14     -6       40
  SINCE SEP 1    101                       125    -24      207
  SINCE JAN 1   1005                      1043    -38     1079
..................................................................


WIND (MPH)
  HIGHEST WIND SPEED    20   HIGHEST WIND DIRECTION    NW (310)
  HIGHEST GUST SPEED    26   HIGHEST GUST DIRECTION    NW (320)
  AVERAGE WIND SPEED    10.0


SKY COVER
  POSSIBLE SUNSHINE  MM
  AVERAGE SKY COVER 0.1


WEATHER CONDITIONS
 THE FOLLOWING WEATHER WAS RECORDED YESTERDAY.
  NO SIGNIFICANT WEATHER WAS OBSERVED.


RELATIVE HUMIDITY (PERCENT)
 HIGHEST    89           600 AM
 LOWEST     42           300 PM
 AVERAGE    66

..........................................................


THE DECATUR IL AIRPORT CLIMATE NORMALS FOR TODAY
                         NORMAL    RECORD    YEAR
 MAXIMUM TEMPERATURE (F)   64        MM        MM
 MINIMUM TEMPERATURE (F)   42        MM        MM


SUNRISE AND SUNSET
OCTOBER 21 2014.......SUNRISE   712 AM CDT   SUNSET   607 PM CDT
OCTOBER 22 2014.......SUNRISE   713 AM CDT   SUNSET   606 PM CDT


-  INDICATES NEGATIVE NUMBERS.
R  INDICATES RECORD WAS SET OR TIED.
MM INDICATES DATA IS MISSING.
T  INDICATES TRACE AMOUNT.




$$
