000
CDUS45 KBOU 172324
CLIDEN


CLIMATE REPORT
NATIONAL WEATHER SERVICE DENVER CO
524 PM MDT THU APR 17 2014


...................................

...THE DENVER CO CLIMATE SUMMARY FOR APRIL 17 2014...
VALID TODAY AS OF 0500 PM LOCAL TIME.

CLIMATE NORMAL PERIOD 1981 TO 2010
CLIMATE RECORD PERIOD 1872 TO 2014


WEATHER ITEM   OBSERVED TIME   RECORD YEAR NORMAL DEPARTURE LAST
                VALUE   (LST)  VALUE       VALUE  FROM      YEAR
                                                  NORMAL
..................................................................
TEMPERATURE (F)
 TODAY
  MAXIMUM         64    138 PM  83    2006  62      2       30
                                      1987
  MINIMUM         29    158 AM  13    1901  34     -5       19
  AVERAGE         47                        48     -1       25

PRECIPITATION (IN)
  TODAY            0.00          1.16 2009   0.06  -0.06     0.16
  MONTH TO DATE    0.69                      0.82  -0.13     1.36
  SINCE MAR 1      1.52                      1.74  -0.22     2.83
  SINCE JAN 1      2.65                      2.52   0.13     3.91

DEGREE DAYS
 HEATING
  TODAY           18                        18      0       40
  MONTH TO DATE  321                       327     -6      437
  SINCE MAR 1   1060                      1090    -30     1277
  SINCE JUL 1   5579                      5529     50     5549

 COOLING
  TODAY            0                         0      0        0
  MONTH TO DATE    0                         0      0        0
  SINCE MAR 1      0                         0      0        0
  SINCE JAN 1      0                         0      0        0
..................................................................


WIND (MPH)
  HIGHEST WIND SPEED    17   HIGHEST WIND DIRECTION    SE (150)
  HIGHEST GUST SPEED    24   HIGHEST GUST DIRECTION     S (160)
  AVERAGE WIND SPEED     9.1


SKY COVER **
  POSSIBLE SUNSHINE  MM
  AVERAGE SKY COVER 0.5


WEATHER CONDITIONS
 THE FOLLOWING WEATHER WAS RECORDED TODAY.
  NO SIGNIFICANT WEATHER WAS OBSERVED.


RELATIVE HUMIDITY (PERCENT)
 HIGHEST    92           200 AM
 LOWEST     20           100 PM
 AVERAGE    56

..........................................................


THE DENVER CO CLIMATE NORMALS FOR TOMORROW
                         NORMAL    RECORD    YEAR
 MAXIMUM TEMPERATURE (F)   62        82      1987
 MINIMUM TEMPERATURE (F)   34         8      1953


SUNRISE AND SUNSET
APRIL 17 2014.........SUNRISE   618 AM MDT   SUNSET   738 PM MDT
APRIL 18 2014.........SUNRISE   617 AM MDT   SUNSET   739 PM MDT


-  INDICATES NEGATIVE NUMBERS.
R  INDICATES RECORD WAS SET OR TIED.
MM INDICATES DATA IS MISSING.
T  INDICATES TRACE AMOUNT.




$$
