000
CDUS45 KBOU 260757
CLIDEN


CLIMATE REPORT
NATIONAL WEATHER SERVICE DENVER/BOULDER CO
1256 AM MST SUN FEB 26 2017


...................................

...THE DENVER CO CLIMATE SUMMARY FOR FEBRUARY 25 2017...

CLIMATE NORMAL PERIOD 1981 TO 2010
CLIMATE RECORD PERIOD 1872 TO 2017


WEATHER ITEM   OBSERVED TIME   RECORD YEAR NORMAL DEPARTURE LAST
                VALUE   (LST)  VALUE       VALUE  FROM      YEAR
                                                  NORMAL
..................................................................
TEMPERATURE (F)
 YESTERDAY
  MAXIMUM         38    304 PM  74    1986  49    -11       48
  MINIMUM         15    838 PM -11    1874  21     -6       17
  AVERAGE         27                        35     -8       33

PRECIPITATION (IN)
  YESTERDAY        0.00          0.25 1981   0.02  -0.02     0.00
  MONTH TO DATE    0.21                      0.32  -0.11     0.48
  SINCE DEC 1      1.53                      1.08   0.45     1.69
  SINCE JAN 1      0.75                      0.73   0.02     0.98

SNOWFALL (IN)
  YESTERDAY        0.0
  MONTH TO DATE    1.6
  SINCE DEC 1     17.6
  SINCE JUL 1     19.3
  SNOW DEPTH       T


DEGREE DAYS
 HEATING
  YESTERDAY       38                        30      8       32
  MONTH TO DATE  581                       820   -239      709
  SINCE DEC 1   2802                      2969   -167     2827
  SINCE JUL 1   3698                      4351   -653     3917

 COOLING
  YESTERDAY        0                         0      0        0
  MONTH TO DATE    0                         0      0        0
  SINCE DEC 1      0                         0      0        0
  SINCE JAN 1      0                         0      0        0
..................................................................


WIND (MPH)
  HIGHEST WIND SPEED    32   HIGHEST WIND DIRECTION    NW (310)
  HIGHEST GUST SPEED    40   HIGHEST GUST DIRECTION    NW (300)
  AVERAGE WIND SPEED     9.6


SKY COVER **
  POSSIBLE SUNSHINE  MM
  AVERAGE SKY COVER 0.5


WEATHER CONDITIONS
 THE FOLLOWING WEATHER WAS RECORDED YESTERDAY.
  NO SIGNIFICANT WEATHER WAS OBSERVED.


RELATIVE HUMIDITY (PERCENT)
 HIGHEST    77          1200 AM
 LOWEST     20           200 PM
 AVERAGE    49

..........................................................


THE DENVER CO CLIMATE NORMALS FOR TODAY
                         NORMAL    RECORD    YEAR
 MAXIMUM TEMPERATURE (F)   49        71      1950
 MINIMUM TEMPERATURE (F)   21        -8      2002
                                             1962


SUNRISE AND SUNSET
FEBRUARY 26 2017......SUNRISE   635 AM MST   SUNSET   547 PM MST
FEBRUARY 27 2017......SUNRISE   634 AM MST   SUNSET   549 PM MST


-  INDICATES NEGATIVE NUMBERS.
R  INDICATES RECORD WAS SET OR TIED.
MM INDICATES DATA IS MISSING.
T  INDICATES TRACE AMOUNT.

&&

** SUNSHINE DATA WILL NO LONGER BE AVAILABLE EFFECTIVE OCTOBER 1ST 2009.




$$
