000
CDUS45 KBOU 250759
CLIDEN


CLIMATE REPORT
NATIONAL WEATHER SERVICE DENVER CO
157 AM MDT FRI JUL 25 2014


...................................

...THE DENVER CO CLIMATE SUMMARY FOR JULY 24 2014...

CLIMATE NORMAL PERIOD 1981 TO 2010
CLIMATE RECORD PERIOD 1872 TO 2014


WEATHER ITEM   OBSERVED TIME   RECORD YEAR NORMAL DEPARTURE LAST
                VALUE   (LST)  VALUE       VALUE  FROM      YEAR
                                                  NORMAL
..................................................................
TEMPERATURE (F)
 YESTERDAY
  MAXIMUM         98   1203 PM 100    2003  90      8       85
  MINIMUM         66    206 AM  49    2004  60      6       59
  AVERAGE         82                        75      7       72

PRECIPITATION (IN)
  YESTERDAY        T             1.06 1973   0.08  -0.08     0.00
  MONTH TO DATE    0.92                      1.61  -0.69     1.48
  SINCE JUN 1      2.74                      3.59  -0.85     2.23
  SINCE JAN 1      9.45                      9.12   0.33     7.47

SNOWFALL (IN)
  YESTERDAY        0.0
  MONTH TO DATE      0
  SINCE JUN 1        0
  SINCE JUL 1        0
  SNOW DEPTH       0


DEGREE DAYS
 HEATING
  YESTERDAY        0                         0      0        0
  MONTH TO DATE    0                         1     -1        0
  SINCE JUN 1     30                        63    -33       29
  SINCE JUL 1      0                         1     -1        0

 COOLING
  YESTERDAY       17                        10      7        7
  MONTH TO DATE  251                       219     32      256
  SINCE JUN 1    357                       352      5      477
  SINCE JAN 1    378                       374      4      519
..................................................................


WIND (MPH)
  HIGHEST WIND SPEED    28   HIGHEST WIND DIRECTION     S (160)
  HIGHEST GUST SPEED    34   HIGHEST GUST DIRECTION     S (160)
  AVERAGE WIND SPEED    10.0


SKY COVER **
  POSSIBLE SUNSHINE  MM
  AVERAGE SKY COVER 0.5


WEATHER CONDITIONS
 THE FOLLOWING WEATHER WAS RECORDED YESTERDAY.
  THUNDERSTORM
  HAZE


RELATIVE HUMIDITY (PERCENT)
 HIGHEST    53           900 PM
 LOWEST     14           300 PM
 AVERAGE    34

..........................................................


THE DENVER CO CLIMATE NORMALS FOR TODAY
                         NORMAL    RECORD    YEAR
 MAXIMUM TEMPERATURE (F)   90        99      1963
                                             1931
 MINIMUM TEMPERATURE (F)   60        51      1973


SUNRISE AND SUNSET
JULY 25 2014..........SUNRISE   551 AM MDT   SUNSET   819 PM MDT
JULY 26 2014..........SUNRISE   552 AM MDT   SUNSET   818 PM MDT


-  INDICATES NEGATIVE NUMBERS.
R  INDICATES RECORD WAS SET OR TIED.
MM INDICATES DATA IS MISSING.
T  INDICATES TRACE AMOUNT.

&&

** SUNSHINE DATA WILL NO LONGER BE AVAILABLE EFFECTIVE OCTOBER 1ST 2009.




$$
