000
CDUS45 KBOU 062330
CLIDEN


CLIMATE REPORT
NATIONAL WEATHER SERVICE DENVER CO
429 PM MST FRI MAR 6 2015


...................................

...THE DENVER CO CLIMATE SUMMARY FOR MARCH 6 2015...
VALID TODAY AS OF 0400 PM LOCAL TIME.

CLIMATE NORMAL PERIOD 1981 TO 2010
CLIMATE RECORD PERIOD 1872 TO 2015


WEATHER ITEM   OBSERVED TIME   RECORD YEAR NORMAL DEPARTURE LAST
                VALUE   (LST)  VALUE       VALUE  FROM      YEAR
                                                  NORMAL
..................................................................
TEMPERATURE (F)
 TODAY
  MAXIMUM         49    259 PM  75    1972  52     -3       62
  MINIMUM         19   1250 AM  -7    1943  24     -5       35
  AVERAGE         34                        38     -4       49

PRECIPITATION (IN)
  TODAY            0.00          1.32 1990   0.03  -0.03     0.00
  MONTH TO DATE    0.12                      0.12   0.00     0.29
  SINCE MAR 1      0.12                      0.12   0.00     0.29
  SINCE JAN 1      1.75                      0.90   0.85     1.42

DEGREE DAYS
 HEATING
  TODAY           31                        27      4       16
  MONTH TO DATE  259                       169     90      183
  SINCE MAR 1    259                       169     90      183
  SINCE JUL 1   4372                      4608   -236     4702

 COOLING
  TODAY            0                         0      0        0
  MONTH TO DATE    0                         0      0        0
  SINCE MAR 1      0                         0      0        0
  SINCE JAN 1      0                         0      0        0
..................................................................


WIND (MPH)
  HIGHEST WIND SPEED    14   HIGHEST WIND DIRECTION    SW (210)
  HIGHEST GUST SPEED    15   HIGHEST GUST DIRECTION    SW (210)
  AVERAGE WIND SPEED     8.6


SKY COVER **
  POSSIBLE SUNSHINE  MM
  AVERAGE SKY COVER 0.4


WEATHER CONDITIONS
 THE FOLLOWING WEATHER WAS RECORDED TODAY.
  NO SIGNIFICANT WEATHER WAS OBSERVED.


RELATIVE HUMIDITY (PERCENT)
 HIGHEST    73           100 AM
 LOWEST     36           200 PM
 AVERAGE    55

..........................................................


THE DENVER CO CLIMATE NORMALS FOR TOMORROW
                         NORMAL    RECORD    YEAR
 MAXIMUM TEMPERATURE (F)   52        72      1879
 MINIMUM TEMPERATURE (F)   24        -2      1971
                                             1920


SUNRISE AND SUNSET
MARCH  6 2015.........SUNRISE   624 AM MST   SUNSET   555 PM MST
MARCH  7 2015.........SUNRISE   623 AM MST   SUNSET   556 PM MST


-  INDICATES NEGATIVE NUMBERS.
R  INDICATES RECORD WAS SET OR TIED.
MM INDICATES DATA IS MISSING.
T  INDICATES TRACE AMOUNT.




$$
