000
CDUS45 KBOU 290810
CLIDEN


CLIMATE REPORT
NATIONAL WEATHER SERVICE DENVER CO
109 AM MST MON DEC 29 2014


...................................

...THE DENVER CO CLIMATE SUMMARY FOR DECEMBER 28 2014...

CLIMATE NORMAL PERIOD 1981 TO 2010
CLIMATE RECORD PERIOD 1872 TO 2014


WEATHER ITEM   OBSERVED TIME   RECORD YEAR NORMAL DEPARTURE LAST
                VALUE   (LST)  VALUE       VALUE  FROM      YEAR
                                                  NORMAL
..................................................................
TEMPERATURE (F)
 YESTERDAY
  MAXIMUM         40    206 PM  65    1886  43     -3       59
  MINIMUM          6   1249 AM -12    1983  17    -11       19
  AVERAGE         23                        30     -7       39

PRECIPITATION (IN)
  YESTERDAY        0.00          0.54 1987   0.01  -0.01     0.04
  MONTH TO DATE    0.37                      0.32   0.05     0.25
  SINCE DEC 1      0.37                      0.32   0.05     0.25
  SINCE JAN 1     18.55                     14.27   4.28    17.60

SNOWFALL (IN)
  YESTERDAY        0.0
  MONTH TO DATE    6.1
  SINCE DEC 1      6.1
  SINCE JUL 1     10.1
  SNOW DEPTH       1


DEGREE DAYS
 HEATING
  YESTERDAY       42                        35      7       26
  MONTH TO DATE  853                       982   -129     1033
  SINCE DEC 1    853                       982   -129     1033
  SINCE JUL 1   2107                      2364   -257     2356

 COOLING
  YESTERDAY        0                         0      0        0
  MONTH TO DATE    0                         0      0        0
  SINCE DEC 1      0                         0      0        0
  SINCE JAN 1    701                       769    -68      999
..................................................................


WIND (MPH)
  HIGHEST WIND SPEED    15   HIGHEST WIND DIRECTION     S (170)
  HIGHEST GUST SPEED    16   HIGHEST GUST DIRECTION     S (170)
  AVERAGE WIND SPEED     7.2


SKY COVER **
  POSSIBLE SUNSHINE  MM
  AVERAGE SKY COVER 0.5


WEATHER CONDITIONS
 THE FOLLOWING WEATHER WAS RECORDED YESTERDAY.
  FOG


RELATIVE HUMIDITY (PERCENT)
 HIGHEST    84           600 PM
 LOWEST     32           200 PM
 AVERAGE    58

..........................................................


THE DENVER CO CLIMATE NORMALS FOR TODAY
                         NORMAL    RECORD    YEAR
 MAXIMUM TEMPERATURE (F)   43        68      1919
 MINIMUM TEMPERATURE (F)   17       -15      1983


SUNRISE AND SUNSET
DECEMBER 29 2014......SUNRISE   719 AM MST   SUNSET   442 PM MST
DECEMBER 30 2014......SUNRISE   720 AM MST   SUNSET   443 PM MST


-  INDICATES NEGATIVE NUMBERS.
R  INDICATES RECORD WAS SET OR TIED.
MM INDICATES DATA IS MISSING.
T  INDICATES TRACE AMOUNT.

&&

** SUNSHINE DATA WILL NO LONGER BE AVAILABLE EFFECTIVE OCTOBER 1ST 2009.




$$
