000
CDUS45 KBOU 222336
CLIDEN


CLIMATE REPORT
NATIONAL WEATHER SERVICE DENVER/BOULDER CO
536 PM MDT SUN OCT 22 2017


...................................

...THE DENVER CO CLIMATE SUMMARY FOR OCTOBER 22 2017...
VALID TODAY AS OF 0500 PM LOCAL TIME.

CLIMATE NORMAL PERIOD 1981 TO 2010
CLIMATE RECORD PERIOD 1872 TO 2017


WEATHER ITEM   OBSERVED TIME   RECORD YEAR NORMAL DEPARTURE LAST
                VALUE   (LST)  VALUE       VALUE  FROM      YEAR
                                                  NORMAL
..................................................................
TEMPERATURE (F)
 TODAY
  MAXIMUM         70    224 PM  84    2003  63      7       82
  MINIMUM         34    358 AM   8    1873  35     -1       41
  AVERAGE         52                        49      3       62

PRECIPITATION (IN)
  TODAY            0.00          0.91 1978   0.03  -0.03     0.00
                                      1914
  MONTH TO DATE    0.94                      0.77   0.17     0.26
  SINCE SEP 1      2.20                      1.73   0.47     0.54
  SINCE JAN 1     11.17                     13.09  -1.92    10.55

DEGREE DAYS
 HEATING
  TODAY           13                        16     -3        3
  MONTH TO DATE  274                       276     -2      188
  SINCE SEP 1    396                       401     -5      252
  SINCE JUL 1    404                       417    -13      267

 COOLING
  TODAY            0                         0      0        0
  MONTH TO DATE    0                         1     -1       13
  SINCE SEP 1    131                        77     54      112
  SINCE JAN 1    880                       765    115      874
..................................................................


WIND (MPH)
  HIGHEST WIND SPEED    21   HIGHEST WIND DIRECTION     W (280)
  HIGHEST GUST SPEED    26   HIGHEST GUST DIRECTION     W (260)
  AVERAGE WIND SPEED    11.2


SKY COVER **
  POSSIBLE SUNSHINE  MM
  AVERAGE SKY COVER 0.4


WEATHER CONDITIONS
 THE FOLLOWING WEATHER WAS RECORDED TODAY.
  NO SIGNIFICANT WEATHER WAS OBSERVED.


RELATIVE HUMIDITY (PERCENT)
 HIGHEST    40           600 AM
 LOWEST     18           300 PM
 AVERAGE    29

..........................................................


THE DENVER CO CLIMATE NORMALS FOR TOMORROW
                         NORMAL    RECORD    YEAR
 MAXIMUM TEMPERATURE (F)   62        87      1973
 MINIMUM TEMPERATURE (F)   34        16      1873


SUNRISE AND SUNSET
OCTOBER 22 2017.......SUNRISE   717 AM MDT   SUNSET   609 PM MDT
OCTOBER 23 2017.......SUNRISE   718 AM MDT   SUNSET   608 PM MDT


-  INDICATES NEGATIVE NUMBERS.
R  INDICATES RECORD WAS SET OR TIED.
MM INDICATES DATA IS MISSING.
T  INDICATES TRACE AMOUNT.




$$
