000
CDUS45 KBOU 242330
CLIDEN


CLIMATE REPORT
NATIONAL WEATHER SERVICE DENVER/BOULDER CO
529 PM MDT WED AUG 24 2016


...................................

...THE DENVER CO CLIMATE SUMMARY FOR AUGUST 24 2016...
VALID TODAY AS OF 0500 PM LOCAL TIME.

CLIMATE NORMAL PERIOD 1981 TO 2010
CLIMATE RECORD PERIOD 1872 TO 2016


WEATHER ITEM   OBSERVED TIME   RECORD YEAR NORMAL DEPARTURE LAST
                VALUE   (LST)  VALUE       VALUE  FROM      YEAR
                                                  NORMAL
..................................................................
TEMPERATURE (F)
 TODAY
  MAXIMUM         68    842 AM  98    2011  86    -18       92
  MINIMUM         58    146 PM  40    1910  57      1       54
  AVERAGE         63                        71     -8       73

PRECIPITATION (IN)
  TODAY            0.12          1.98 1992   0.05   0.07     0.00
  MONTH TO DATE    0.17                      1.42  -1.25     1.06
  SINCE JUN 1      2.86                      5.56  -2.70     4.65
  SINCE JAN 1      9.96                     11.09  -1.13    13.48

DEGREE DAYS
 HEATING
  TODAY            2                         0      2        0
  MONTH TO DATE    5                         0      5       13
  SINCE JUN 1      9                        68    -59       29
  SINCE JUL 1      5                         6     -1       18

 COOLING
  TODAY            0                         7     -7        8
  MONTH TO DATE  196                       204     -8      232
  SINCE JUN 1    737                       626    111      637
  SINCE JAN 1    740                       648     92      641
..................................................................


WIND (MPH)
  HIGHEST WIND SPEED    20   HIGHEST WIND DIRECTION    SE (150)
  HIGHEST GUST SPEED    24   HIGHEST GUST DIRECTION     S (180)
  AVERAGE WIND SPEED    10.9


SKY COVER **
  POSSIBLE SUNSHINE  MM
  AVERAGE SKY COVER 1.0


WEATHER CONDITIONS
 THE FOLLOWING WEATHER WAS RECORDED TODAY.
  LIGHT RAIN
  FOG


RELATIVE HUMIDITY (PERCENT)
 HIGHEST    75           100 PM
 LOWEST     40           800 AM
 AVERAGE    58

..........................................................


THE DENVER CO CLIMATE NORMALS FOR TOMORROW
                         NORMAL    RECORD    YEAR
 MAXIMUM TEMPERATURE (F)   86        99      2011
 MINIMUM TEMPERATURE (F)   56        40      1910


SUNRISE AND SUNSET
AUGUST 24 2016........SUNRISE   620 AM MDT   SUNSET   742 PM MDT
AUGUST 25 2016........SUNRISE   621 AM MDT   SUNSET   740 PM MDT


-  INDICATES NEGATIVE NUMBERS.
R  INDICATES RECORD WAS SET OR TIED.
MM INDICATES DATA IS MISSING.
T  INDICATES TRACE AMOUNT.




$$
