000
CDUS45 KBOU 252330
CLIDEN


CLIMATE REPORT
NATIONAL WEATHER SERVICE DENVER CO
430 PM MST SUN JAN 25 2015


...................................

...THE DENVER CO CLIMATE SUMMARY FOR JANUARY 25 2015...
VALID TODAY AS OF 0400 PM LOCAL TIME.

CLIMATE NORMAL PERIOD 1981 TO 2010
CLIMATE RECORD PERIOD 1872 TO 2015


WEATHER ITEM   OBSERVED TIME   RECORD YEAR NORMAL DEPARTURE LAST
                VALUE   (LST)  VALUE       VALUE  FROM      YEAR
                                                  NORMAL
..................................................................
TEMPERATURE (F)
 TODAY
  MAXIMUM         61    312 PM  72    1890  44     17       56
  MINIMUM         26    711 AM -20    1872  17      9       32
  AVERAGE         44                        31     13       44

PRECIPITATION (IN)
  TODAY            0.00          0.36 1967   0.01  -0.01     0.00
  MONTH TO DATE    0.30                      0.33  -0.03     0.58
  SINCE DEC 1      0.89                      0.68   0.21     0.83
  SINCE JAN 1      0.30                      0.33  -0.03     0.58

DEGREE DAYS
 HEATING
  TODAY           21                        34    -13       21
  MONTH TO DATE  839                       855    -16      822
  SINCE DEC 1   1876                      1941    -65     1950
  SINCE JUL 1   3130                      3323   -193     3273

 COOLING
  TODAY            0                         0      0        0
  MONTH TO DATE    0                         0      0        0
  SINCE DEC 1      0                         0      0        0
  SINCE JAN 1      0                         0      0        0
..................................................................


WIND (MPH)
  HIGHEST WIND SPEED    16   HIGHEST WIND DIRECTION     S (170)
  HIGHEST GUST SPEED    18   HIGHEST GUST DIRECTION     S (170)
  AVERAGE WIND SPEED     9.5


SKY COVER **
  POSSIBLE SUNSHINE  MM
  AVERAGE SKY COVER 0.5


WEATHER CONDITIONS
 THE FOLLOWING WEATHER WAS RECORDED TODAY.
  NO SIGNIFICANT WEATHER WAS OBSERVED.


RELATIVE HUMIDITY (PERCENT)
 HIGHEST    92           400 AM
 LOWEST     25           200 PM
 AVERAGE    59

..........................................................


THE DENVER CO CLIMATE NORMALS FOR TOMORROW
                         NORMAL    RECORD    YEAR
 MAXIMUM TEMPERATURE (F)   44        73      1982
 MINIMUM TEMPERATURE (F)   17       -20      1902


SUNRISE AND SUNSET
JANUARY 25 2015.......SUNRISE   713 AM MST   SUNSET   508 PM MST
JANUARY 26 2015.......SUNRISE   712 AM MST   SUNSET   510 PM MST


-  INDICATES NEGATIVE NUMBERS.
R  INDICATES RECORD WAS SET OR TIED.
MM INDICATES DATA IS MISSING.
T  INDICATES TRACE AMOUNT.




$$
