000
CDUS45 KBOU 140012
CLIDEN


CLIMATE REPORT
NATIONAL WEATHER SERVICE DENVER/BOULDER CO
512 PM MST SAT FEB 13 2016


...................................

...THE DENVER CO CLIMATE SUMMARY FOR FEBRUARY 13 2016...
VALID TODAY AS OF 0400 PM LOCAL TIME.

CLIMATE NORMAL PERIOD 1981 TO 2010
CLIMATE RECORD PERIOD 1872 TO 2016


WEATHER ITEM   OBSERVED TIME   RECORD YEAR NORMAL DEPARTURE LAST
                VALUE   (LST)  VALUE       VALUE  FROM      YEAR
                                                  NORMAL
..................................................................
TEMPERATURE (F)
 TODAY
  MAXIMUM         63    223 PM  73    1954  46     17       62
  MINIMUM         27    126 AM -14    1905  18      9       31
  AVERAGE         45                        32     13       47

PRECIPITATION (IN)
  TODAY            0.00          0.30 1909   0.01  -0.01     0.00
  MONTH TO DATE    0.48                      0.16   0.32     0.17
  SINCE DEC 1      1.69                      0.92   0.77     1.14
  SINCE JAN 1      0.98                      0.57   0.41     0.55

DEGREE DAYS
 HEATING
  TODAY           20                        33    -13       18
  MONTH TO DATE  432                       439     -7      271
  SINCE DEC 1   2550                      2588    -38     2266
  SINCE JUL 1   3640                      3970   -330     3520

 COOLING
  TODAY            0                         0      0        0
  MONTH TO DATE    0                         0      0        0
  SINCE DEC 1      0                         0      0        0
  SINCE JAN 1      0                         0      0        0
..................................................................


WIND (MPH)
  HIGHEST WIND SPEED    14   HIGHEST WIND DIRECTION     N (340)
  HIGHEST GUST SPEED    17   HIGHEST GUST DIRECTION    NW (320)
  AVERAGE WIND SPEED     3.5


SKY COVER **
  POSSIBLE SUNSHINE  MM
  AVERAGE SKY COVER 0.9


WEATHER CONDITIONS
 THE FOLLOWING WEATHER WAS RECORDED TODAY.
  FOG
  FOG W/VISIBILITY <= 1/4 MILE
  HAZE


RELATIVE HUMIDITY (PERCENT)
 HIGHEST   100          1200 AM
 LOWEST     16           200 PM
 AVERAGE    58

..........................................................


THE DENVER CO CLIMATE NORMALS FOR TOMORROW
                         NORMAL    RECORD    YEAR
 MAXIMUM TEMPERATURE (F)   46        71      1979
                                             1924
 MINIMUM TEMPERATURE (F)   18       -10      1903


SUNRISE AND SUNSET
FEBRUARY 13 2016......SUNRISE   654 AM MST   SUNSET   531 PM MST
FEBRUARY 14 2016......SUNRISE   653 AM MST   SUNSET   533 PM MST


-  INDICATES NEGATIVE NUMBERS.
R  INDICATES RECORD WAS SET OR TIED.
MM INDICATES DATA IS MISSING.
T  INDICATES TRACE AMOUNT.




$$
