000
CDUS45 KBOU 301232
CLIDEN


CLIMATE REPORT
NATIONAL WEATHER SERVICE DENVER CO
632 AM MDT TUE JUN 30 2015


...................................

...THE DENVER CO CLIMATE SUMMARY FOR JUNE 30 2015...
VALID AS OF 0600 AM LOCAL TIME.

CLIMATE NORMAL PERIOD 1981 TO 2010
CLIMATE RECORD PERIOD 1872 TO 2015


WEATHER ITEM   OBSERVED TIME   RECORD YEAR NORMAL DEPARTURE LAST
                VALUE   (LST)  VALUE       VALUE  FROM      YEAR
                                                  NORMAL
..................................................................
TEMPERATURE (F)
 TODAY
  MAXIMUM         68   1235 AM 102    1990  87    -19       91
  MINIMUM         63    451 AM  40    1968  56      7       57
  AVERAGE         66                        72     -6       74

PRECIPITATION (IN)
  TODAY            0.00          0.55 1945   0.06  -0.06     0.00
  MONTH TO DATE    2.53                      1.98   0.55     1.82
  SINCE JUN 1      2.53                      1.98   0.55     1.82
  SINCE JAN 1     11.36                      7.51   3.85     8.53

..................................................................


WIND (MPH)
  HIGHEST WIND SPEED    13   HIGHEST WIND DIRECTION    SW (230)
  HIGHEST GUST SPEED    15   HIGHEST GUST DIRECTION    SW (220)
  AVERAGE WIND SPEED     9.6




RELATIVE HUMIDITY (PERCENT)
 HIGHEST    63           100 AM
 LOWEST     56           300 AM
 AVERAGE    60

..........................................................


THE DENVER CO CLIMATE NORMALS FOR TOMORROW
                         NORMAL    RECORD    YEAR
 MAXIMUM TEMPERATURE (F)   87       102      1990
 MINIMUM TEMPERATURE (F)   57        46      1995
                                             1908


SUNRISE AND SUNSET
JUNE 30 2015..........SUNRISE   534 AM MST   SUNSET   831 PM MST
JULY  1 2015..........SUNRISE   534 AM MST   SUNSET   831 PM MST


-  INDICATES NEGATIVE NUMBERS.
R  INDICATES RECORD WAS SET OR TIED.
MM INDICATES DATA IS MISSING.
T  INDICATES TRACE AMOUNT.




$$
