000
CDUS45 KBOU 251230
CLIDEN


CLIMATE REPORT
NATIONAL WEATHER SERVICE DENVER/BOULDER CO
629 AM MDT SUN SEP 25 2016


...................................

...THE DENVER CO CLIMATE SUMMARY FOR SEPTEMBER 25 2016...
VALID AS OF 0600 AM LOCAL TIME.

CLIMATE NORMAL PERIOD 1981 TO 2010
CLIMATE RECORD PERIOD 1872 TO 2016


WEATHER ITEM   OBSERVED TIME   RECORD YEAR NORMAL DEPARTURE LAST
                VALUE   (LST)  VALUE       VALUE  FROM      YEAR
                                                  NORMAL
..................................................................
TEMPERATURE (F)
 TODAY
  MAXIMUM         49   1208 AM  91    1998  75    -26       84
  MINIMUM         39    445 AM  25    1926  44     -5       51
  AVERAGE         44                        59    -15       68

PRECIPITATION (IN)
  TODAY            0.00          1.13 1915   0.03  -0.03     0.00
  MONTH TO DATE    0.28                      0.80  -0.52     0.04
  SINCE SEP 1      0.28                      0.80  -0.52     0.04
  SINCE JAN 1     10.29                     12.16  -1.87    13.64

..................................................................


WIND (MPH)
  HIGHEST WIND SPEED    10   HIGHEST WIND DIRECTION     S (180)
  HIGHEST GUST SPEED    10   HIGHEST GUST DIRECTION     S (180)
  AVERAGE WIND SPEED     5.9




RELATIVE HUMIDITY (PERCENT)
 HIGHEST    70           500 AM
 LOWEST     58          1200 AM
 AVERAGE    64

..........................................................


THE DENVER CO CLIMATE NORMALS FOR TOMORROW
                         NORMAL    RECORD    YEAR
 MAXIMUM TEMPERATURE (F)   74        90      2010
                                             1892
 MINIMUM TEMPERATURE (F)   44        28      1927


SUNRISE AND SUNSET
SEPTEMBER 25 2016.....SUNRISE   650 AM MDT   SUNSET   650 PM MDT
SEPTEMBER 26 2016.....SUNRISE   651 AM MDT   SUNSET   649 PM MDT


-  INDICATES NEGATIVE NUMBERS.
R  INDICATES RECORD WAS SET OR TIED.
MM INDICATES DATA IS MISSING.
T  INDICATES TRACE AMOUNT.




$$
