000
CDUS44 KSHV 272302
CLIDEQ


CLIMATE REPORT
NATIONAL WEATHER SERVICE SHREVEPORT, LA
459 PM CST SAT DEC 27 2014


...................................

...THE DE QUEEN CLIMATE SUMMARY FOR DECEMBER 27 2014...
VALID TODAY AS OF 0400 PM LOCAL TIME.

CLIMATE NORMAL PERIOD 1981 TO 2010
CLIMATE RECORD PERIOD 1902 TO 2014


WEATHER ITEM   OBSERVED TIME   RECORD YEAR NORMAL DEPARTURE LAST
                VALUE   (LST)  VALUE       VALUE  FROM      YEAR
                                                  NORMAL
..................................................................
TEMPERATURE (F)
 TODAY
  MAXIMUM         56    721 AM  78    2005  54      2       57
  MINIMUM         45    359 PM  15    1983  30     15       26
  AVERAGE         51                        42      9       42

PRECIPITATION (IN)
  TODAY            0.03          2.50 2000   0.17  -0.14     0.00
  MONTH TO DATE    1.69                      3.67  -1.98     1.93
  SINCE DEC 1      1.69                      3.67  -1.98     1.93
  SINCE JAN 1     42.43                     48.30  -5.87    34.72

SNOWFALL (IN)
  TODAY            0.0
  MONTH TO DATE    0.0
  SINCE DEC 1      0.0
  SINCE JUL 1      0.5
  SNOW DEPTH       0

DEGREE DAYS
 HEATING
  TODAY           14                        23     -9       23
  MONTH TO DATE  479                       590   -111      597
  SINCE DEC 1    479                       590   -111      597
  SINCE JUL 1   1101                      1116    -15     1210

 COOLING
  TODAY            0                         0      0        0
  MONTH TO DATE    0                         0      0        3
  SINCE DEC 1      0                         0      0        3
  SINCE JAN 1   1712                      1941   -229     2032
..................................................................


WIND (MPH)
  HIGHEST WIND SPEED    15   HIGHEST WIND DIRECTION     N (10)
  HIGHEST GUST SPEED    22   HIGHEST GUST DIRECTION     N (20)
  AVERAGE WIND SPEED     6.0


SKY COVER
  POSSIBLE SUNSHINE  MM
  AVERAGE SKY COVER 1.0


WEATHER CONDITIONS
 THE FOLLOWING WEATHER WAS RECORDED TODAY.
  LIGHT RAIN
  FOG
  FOG W/VISIBILITY <= 1/4 MILE


RELATIVE HUMIDITY (PERCENT)
 HIGHEST   100           500 AM
 LOWEST     71           200 PM
 AVERAGE    86

..........................................................


THE DE QUEEN CLIMATE NORMALS FOR TOMORROW
                         NORMAL    RECORD    YEAR
 MAXIMUM TEMPERATURE (F)   54        73      1989
 MINIMUM TEMPERATURE (F)   30        16      1938


SUNRISE AND SUNSET
DECEMBER 27 2014......SUNRISE   722 AM CST   SUNSET   516 PM CST
DECEMBER 28 2014......SUNRISE   722 AM CST   SUNSET   516 PM CST


-  INDICATES NEGATIVE NUMBERS.
R  INDICATES RECORD WAS SET OR TIED.
MM INDICATES DATA IS MISSING.
T  INDICATES TRACE AMOUNT.




$$
