000
CDUS44 KSHV 262252
CLIDEQ


CLIMATE REPORT
NATIONAL WEATHER SERVICE SHREVEPORT, LA
451 PM CST SUN FEB 26 2017


...................................

...THE DE QUEEN CLIMATE SUMMARY FOR FEBRUARY 26 2017...
VALID TODAY AS OF 0400 PM LOCAL TIME.

CLIMATE NORMAL PERIOD 1981 TO 2010
CLIMATE RECORD PERIOD 1902 TO 2017


WEATHER ITEM   OBSERVED TIME   RECORD YEAR NORMAL DEPARTURE LAST
                VALUE   (LST)  VALUE       VALUE  FROM      YEAR
                                                  NORMAL
..................................................................
TEMPERATURE (F)
 TODAY
  MAXIMUM         58    346 PM  79    1976  61     -3       56
  MINIMUM         29    420 AM  18    1960  35     -6       25
  AVERAGE         44                        48     -4       41

PRECIPITATION (IN)
  TODAY            T             2.10 2000   0.11  -0.11     0.00
  MONTH TO DATE    1.09                      3.50  -2.41     1.38
  SINCE DEC 1      6.41                     11.18  -4.77    12.53
  SINCE JAN 1      3.70                      6.82  -3.12     2.25

SNOWFALL (IN)
  TODAY           MM
  MONTH TO DATE    0.0
  SINCE DEC 1      0.3
  SINCE JUL 1      0.3
  SNOW DEPTH       0

DEGREE DAYS
 HEATING
  TODAY           21                        17      4       24
  MONTH TO DATE  308                       523   -215      439
  SINCE DEC 1   1445                      1933   -488     1573
  SINCE JUL 1   1759                      2459   -700     1914

 COOLING
  TODAY            0                         0      0        0
  MONTH TO DATE    4                         0      4        0
  SINCE DEC 1      9                         1      8        3
  SINCE JAN 1      7                         1      6        0
..................................................................


WIND (MPH)
  HIGHEST WIND SPEED    12   HIGHEST WIND DIRECTION     E (110)
  HIGHEST GUST SPEED    18   HIGHEST GUST DIRECTION    SE (140)
  AVERAGE WIND SPEED     4.5


SKY COVER
  POSSIBLE SUNSHINE  MM
  AVERAGE SKY COVER 0.4


WEATHER CONDITIONS
 THE FOLLOWING WEATHER WAS RECORDED TODAY.
  FOG


RELATIVE HUMIDITY (PERCENT)
 HIGHEST   100          1200 AM
 LOWEST     36           200 PM
 AVERAGE    68

..........................................................


THE DE QUEEN CLIMATE NORMALS FOR TOMORROW
                         NORMAL    RECORD    YEAR
 MAXIMUM TEMPERATURE (F)   62        87      1986
 MINIMUM TEMPERATURE (F)   36        15      2014


SUNRISE AND SUNSET
FEBRUARY 26 2017......SUNRISE   650 AM CST   SUNSET   612 PM CST
FEBRUARY 27 2017......SUNRISE   648 AM CST   SUNSET   613 PM CST


-  INDICATES NEGATIVE NUMBERS.
R  INDICATES RECORD WAS SET OR TIED.
MM INDICATES DATA IS MISSING.
T  INDICATES TRACE AMOUNT.




$$
