934
CDUS44 KSHV 240737
CLIDEQ


CLIMATE REPORT
NATIONAL WEATHER SERVICE SHREVEPORT, LA
237 AM CDT FRI MAR 24 2017


...................................

...THE DE QUEEN CLIMATE SUMMARY FOR MARCH 23 2017...

CLIMATE NORMAL PERIOD 1981 TO 2010
CLIMATE RECORD PERIOD 1902 TO 2017


WEATHER ITEM   OBSERVED TIME   RECORD YEAR NORMAL DEPARTURE LAST
                VALUE   (LST)  VALUE       VALUE  FROM      YEAR
                                                  NORMAL
..................................................................
TEMPERATURE (F)
 YESTERDAY
  MAXIMUM         84    339 PM  86    1995  68     16       75
  MINIMUM         51    550 AM  26    1983  42      9       61
  AVERAGE         68                        55     13       68

PRECIPITATION (IN)
  YESTERDAY        0.00          2.58 1969   0.19  -0.19     0.00
  MONTH TO DATE    1.70                      3.15  -1.45     3.19
  SINCE DEC 1      8.59                     14.51  -5.92    15.72
  SINCE JAN 1      5.88                     10.15  -4.27     5.44

SNOWFALL (IN)
  YESTERDAY        0.0
  MONTH TO DATE    0.0
  SINCE MAR 1      0.0
  SINCE JUL 1      0.3
  SNOW DEPTH       0

DEGREE DAYS
 HEATING
  YESTERDAY        0                        10    -10        0
  MONTH TO DATE  207                       300    -93      187
  SINCE MAR 1    207                       300    -93      187
  SINCE JUL 1   1976                      2791   -815     2139

 COOLING
  YESTERDAY        3                         0      3        3
  MONTH TO DATE   23                         0     23        5
  SINCE MAR 1     23                         0     23        5
  SINCE JAN 1     33                         2     31        5
..................................................................


WIND (MPH)
  HIGHEST WIND SPEED    18   HIGHEST WIND DIRECTION     S (170)
  HIGHEST GUST SPEED    24   HIGHEST GUST DIRECTION     S (160)
  AVERAGE WIND SPEED     8.2


SKY COVER
  POSSIBLE SUNSHINE  MM
  AVERAGE SKY COVER 0.3


WEATHER CONDITIONS
 THE FOLLOWING WEATHER WAS RECORDED YESTERDAY.
  NO SIGNIFICANT WEATHER WAS OBSERVED.


RELATIVE HUMIDITY (PERCENT)
 HIGHEST    77           100 AM
 LOWEST     34           500 PM
 AVERAGE    56

..........................................................


THE DE QUEEN CLIMATE NORMALS FOR TODAY
                         NORMAL    RECORD    YEAR
 MAXIMUM TEMPERATURE (F)   68        88      1995
 MINIMUM TEMPERATURE (F)   42        23      1968


SUNRISE AND SUNSET
MARCH 24 2017.........SUNRISE   715 AM CDT   SUNSET   733 PM CDT
MARCH 25 2017.........SUNRISE   714 AM CDT   SUNSET   733 PM CDT


-  INDICATES NEGATIVE NUMBERS.
R  INDICATES RECORD WAS SET OR TIED.
MM INDICATES DATA IS MISSING.
T  INDICATES TRACE AMOUNT.




$$
