000
CDUS44 KSHV 180739
CLIDEQ


CLIMATE REPORT
NATIONAL WEATHER SERVICE SHREVEPORT, LA
238 AM CDT THU SEP 18 2014


...................................

...THE DE QUEEN CLIMATE SUMMARY FOR SEPTEMBER 17 2014...

CLIMATE NORMAL PERIOD 1981 TO 2010
CLIMATE RECORD PERIOD 1902 TO 2014


WEATHER ITEM   OBSERVED TIME   RECORD YEAR NORMAL DEPARTURE LAST
                VALUE   (LST)  VALUE       VALUE  FROM      YEAR
                                                  NORMAL
..................................................................
TEMPERATURE (F)
 YESTERDAY
  MAXIMUM         88    330 PM 102    1980  86      2       91
  MINIMUM         66    627 AM  43    1903  61      5       66
  AVERAGE         77                        73      4       79

PRECIPITATION (IN)
  YESTERDAY        0.00          2.07 1968   0.12  -0.12     0.00
  MONTH TO DATE    6.96                      2.09   4.87     0.56
  SINCE DEC 1     35.24                     38.04  -2.80    24.91
  SINCE JAN 1     33.31                     33.68  -0.37    20.86

SNOWFALL (IN)
  YESTERDAY        0.0
  MONTH TO DATE    0.0
  SINCE SEP 1      0.0
  SINCE JUL 1      0.0
  SNOW DEPTH       0

DEGREE DAYS
 HEATING
  YESTERDAY        0                         0      0        0
  MONTH TO DATE    1                         0      1        0
  SINCE SEP 1      1                         0      1        0
  SINCE JUL 1      1                         0      1        0

 COOLING
  YESTERDAY       12                         8      4       14
  MONTH TO DATE  210                       195     15      262
  SINCE SEP 1    210                       195     15      262
  SINCE JAN 1   1540                      1787   -247     1825
..................................................................


WIND (MPH)
  HIGHEST WIND SPEED     9   HIGHEST WIND DIRECTION     N (360)
  HIGHEST GUST SPEED    14   HIGHEST GUST DIRECTION     N (350)
  AVERAGE WIND SPEED     3.0


SKY COVER
  POSSIBLE SUNSHINE  MM
  AVERAGE SKY COVER 0.3


WEATHER CONDITIONS
 THE FOLLOWING WEATHER WAS RECORDED YESTERDAY.
  FOG
  FOG W/VISIBILITY <= 1/4 MILE
  HAZE


RELATIVE HUMIDITY (PERCENT)
 HIGHEST   100          1200 AM
 LOWEST     63           400 PM
 AVERAGE    82

..........................................................


THE DE QUEEN CLIMATE NORMALS FOR TODAY
                         NORMAL    RECORD    YEAR
 MAXIMUM TEMPERATURE (F)   86       100      2005
 MINIMUM TEMPERATURE (F)   60        40      1981


SUNRISE AND SUNSET
SEPTEMBER 18 2014.....SUNRISE   703 AM CDT   SUNSET   720 PM CDT
SEPTEMBER 19 2014.....SUNRISE   704 AM CDT   SUNSET   718 PM CDT


-  INDICATES NEGATIVE NUMBERS.
R  INDICATES RECORD WAS SET OR TIED.
MM INDICATES DATA IS MISSING.
T  INDICATES TRACE AMOUNT.




$$
