000
CDUS46 KOTX 160830
CLIDEW


CLIMATE REPORT
NATIONAL WEATHER SERVICE SPOKANE, WA
126 AM PDT WED APR 16 2014


...................................

...THE DEER_PARK WA AIRPORT CLIMATE SUMMARY FOR APRIL 15 2014...

CLIMATE NORMAL PERIOD 1981 TO 2010
CLIMATE RECORD PERIOD 9999 TO 9999


WEATHER ITEM   OBSERVED TIME   RECORD YEAR NORMAL DEPARTURE LAST
                VALUE   (LST)  VALUE       VALUE  FROM      YEAR
                                                  NORMAL
..................................................................
TEMPERATURE (F)
 YESTERDAY
  MAXIMUM         60    326 PM   MM    MM   58      2       48
  MINIMUM         34   1154 PM   MM    MM   32      2       28
  AVERAGE         47                        45      2       38

PRECIPITATION (IN)
  YESTERDAY        T             MM    MM   0.05  -0.05     0.00
  MONTH TO DATE    0.19                     0.93  -0.74     1.09
  SINCE OCT 1     11.87                    15.07  -3.20    13.41
  SINCE JAN 1      8.07                     7.25   0.82     4.57

SNOWFALL (IN)
  YESTERDAY       MM             MM    MM    MM     MM       MM
  MONTH TO DATE   MM                         MM     MM       MM
  SINCE MAR 1     MM                         MM     MM       MM
  SINCE JUL 1     MM                         MM     MM       MM
  SNOW DEPTH      MM

DEGREE DAYS
 HEATING
  YESTERDAY       18                        20     -2       27
  MONTH TO DATE  305                       324    -19      252
  SINCE MAR 1   1163                      1166     -3     1079
  SINCE JUL 1   6557                      6531     26     6157

 COOLING
  YESTERDAY        0                         0      0        0
  MONTH TO DATE    0                         0      0        0
  SINCE MAR 1      0                         0      0        0
  SINCE JAN 1      0                         0      0        0
..................................................................


WIND (MPH)
  HIGHEST WIND SPEED    25   HIGHEST WIND DIRECTION    NW (330)
  HIGHEST GUST SPEED    31   HIGHEST GUST DIRECTION    NW (330)
  AVERAGE WIND SPEED     7.3


SKY COVER
  POSSIBLE SUNSHINE  MM
  AVERAGE SKY COVER 0.4


WEATHER CONDITIONS
 THE FOLLOWING WEATHER WAS RECORDED YESTERDAY.
  LIGHT RAIN


RELATIVE HUMIDITY (PERCENT)
 HIGHEST    75           900 PM
 LOWEST     20           300 PM
 AVERAGE    48

..........................................................


THE DEER_PARK WA AIRPORT CLIMATE NORMALS FOR TODAY
                         NORMAL    RECORD    YEAR
 MAXIMUM TEMPERATURE (F)   58        MM        MM
 MINIMUM TEMPERATURE (F)   32        MM        MM


SUNRISE AND SUNSET
APRIL 16 2014.........SUNRISE   558 AM PDT   SUNSET   741 PM PDT
APRIL 17 2014.........SUNRISE   556 AM PDT   SUNSET   743 PM PDT


-  INDICATES NEGATIVE NUMBERS.
R  INDICATES RECORD WAS SET OR TIED.
MM INDICATES DATA IS MISSING.
T  INDICATES TRACE AMOUNT.

$$
