000
CDUS46 KOTX 251245
CLIDEW


CLIMATE REPORT
NATIONAL WEATHER SERVICE SPOKANE, WA
545 AM PDT THU AUG 25 2016


...................................

...THE DEER_PARK WA AIRPORT CLIMATE SUMMARY FOR AUGUST 24 2016...

CLIMATE NORMAL PERIOD 1981 TO 2010
CLIMATE RECORD PERIOD 9999 TO 9999


WEATHER ITEM   OBSERVED TIME   RECORD YEAR NORMAL DEPARTURE LAST
                VALUE   (LST)  VALUE       VALUE  FROM      YEAR
                                                  NORMAL
..................................................................
TEMPERATURE (F)
 YESTERDAY
  MAXIMUM         83    255 PM  MM      MM  82      1       86
  MINIMUM         50    315 AM  MM      MM  46      4       44
  AVERAGE         67                        64      3       65

PRECIPITATION (IN)
  YESTERDAY        0.00         MM      MM   0.03  -0.03     0.00
  MONTH TO DATE    0.17                      0.58  -0.41     0.09
  SINCE OCT 1     23.24                     21.00   2.24    16.71
  SINCE JAN 1     14.25                     13.18   1.07    10.32

SNOWFALL (IN)
  YESTERDAY       MM

DEGREE DAYS
 HEATING
  YESTERDAY        0                         3     -3        0
  MONTH TO DATE   33                        49    -16       27
  SINCE JUN 1    286                       317    -31      119
  SINCE JUL 1    115                       117     -2       41

 COOLING
  YESTERDAY        2                         2      0        0
  MONTH TO DATE   71                        64      7       98
  SINCE JUN 1    192                       158     34      359
  SINCE JAN 1    192                       161     31      370
..................................................................


WIND (MPH)
  HIGHEST WIND SPEED    18   HIGHEST WIND DIRECTION    NE (50)
  HIGHEST GUST SPEED    24   HIGHEST GUST DIRECTION    NE (50)
  AVERAGE WIND SPEED     8.1


SKY COVER
  POSSIBLE SUNSHINE  MM
  AVERAGE SKY COVER 0.1


WEATHER CONDITIONS
 THE FOLLOWING WEATHER WAS RECORDED YESTERDAY.
  NO SIGNIFICANT WEATHER WAS OBSERVED.


RELATIVE HUMIDITY (PERCENT)
 HIGHEST    77           300 AM
 LOWEST     18           300 PM
 AVERAGE    48

..........................................................


THE DEER_PARK WA AIRPORT CLIMATE NORMALS FOR TODAY
                         NORMAL    RECORD    YEAR
 MAXIMUM TEMPERATURE (F)   82        MM        MM
 MINIMUM TEMPERATURE (F)   45        MM        MM


SUNRISE AND SUNSET
AUGUST 25 2016........SUNRISE   559 AM PDT   SUNSET   743 PM PDT
AUGUST 26 2016........SUNRISE   600 AM PDT   SUNSET   741 PM PDT


-  INDICATES NEGATIVE NUMBERS.
R  INDICATES RECORD WAS SET OR TIED.
MM INDICATES DATA IS MISSING.
T  INDICATES TRACE AMOUNT.




$$
