000
CDUS46 KOTX 300824
CLIDEW


CLIMATE REPORT
NATIONAL WEATHER SERVICE SPOKANE, WA
122 AM PDT THU JUL 30 2015


...................................

...THE DEER_PARK WA AIRPORT CLIMATE SUMMARY FOR JULY 29 2015...

CLIMATE NORMAL PERIOD 1981 TO 2010
CLIMATE RECORD PERIOD 9999 TO 9999


WEATHER ITEM   OBSERVED TIME   RECORD YEAR NORMAL DEPARTURE LAST
                VALUE   (LST)  VALUE       VALUE  FROM      YEAR
                                                  NORMAL
..................................................................
TEMPERATURE (F)
 YESTERDAY
  MAXIMUM         89    416 PM  MM      MM  86      3      100
  MINIMUM         42    455 AM  MM      MM  49     -7       55
  AVERAGE         66                        67     -1       78

PRECIPITATION (IN)
  YESTERDAY        0.00         MM      MM   0.01  -0.01     0.00
  MONTH TO DATE    0.15                      0.87  -0.72     0.09
  SINCE OCT 1     16.62                     20.39  -3.77    17.48
  SINCE JAN 1     10.23                     12.57  -2.34    13.68

SNOWFALL (IN)
  YESTERDAY       MM

DEGREE DAYS
 HEATING
  YESTERDAY        0                         1     -1        0
  MONTH TO DATE   14                        62    -48       18
  SINCE JUN 1     92                       262   -170      224
  SINCE JUL 1     14                        62    -48       18

 COOLING
  YESTERDAY        1                         3     -2       13
  MONTH TO DATE  143                        69     74      190
  SINCE JUN 1    246                        86    160      192
  SINCE JAN 1    257                        89    168      192
..................................................................


WIND (MPH)
  HIGHEST WIND SPEED    16   HIGHEST WIND DIRECTION    SW (220)
  HIGHEST GUST SPEED    23   HIGHEST GUST DIRECTION    SW (220)
  AVERAGE WIND SPEED     3.8


SKY COVER
  POSSIBLE SUNSHINE  MM
  AVERAGE SKY COVER 0.0


WEATHER CONDITIONS
 THE FOLLOWING WEATHER WAS RECORDED YESTERDAY.
  HAZE


RELATIVE HUMIDITY (PERCENT)
 HIGHEST    76           400 AM
 LOWEST     15           200 PM
 AVERAGE    46

..........................................................


THE DEER_PARK WA AIRPORT CLIMATE NORMALS FOR TODAY
                         NORMAL    RECORD    YEAR
 MAXIMUM TEMPERATURE (F)   86        MM        MM
 MINIMUM TEMPERATURE (F)   49        MM        MM


SUNRISE AND SUNSET
JULY 30 2015..........SUNRISE   523 AM PDT   SUNSET   828 PM PDT
JULY 31 2015..........SUNRISE   524 AM PDT   SUNSET   827 PM PDT


-  INDICATES NEGATIVE NUMBERS.
R  INDICATES RECORD WAS SET OR TIED.
MM INDICATES DATA IS MISSING.
T  INDICATES TRACE AMOUNT.




$$
