876
CDUS46 KOTX 050821
CLIDEW


CLIMATE REPORT
NATIONAL WEATHER SERVICE SPOKANE, WA
1221 AM PST FRI FEB 5 2016


...................................

...THE DEER_PARK WA AIRPORT CLIMATE SUMMARY FOR FEBRUARY 4 2016...

CLIMATE NORMAL PERIOD 1981 TO 2010
CLIMATE RECORD PERIOD 9999 TO 9999


WEATHER ITEM   OBSERVED TIME   RECORD YEAR NORMAL DEPARTURE LAST
                VALUE   (LST)  VALUE       VALUE  FROM      YEAR
                                                  NORMAL
..................................................................
TEMPERATURE (F)
 YESTERDAY
  MAXIMUM         MM        MM  MM      MM  37     MM       41
  MINIMUM         MM        MM  MM      MM  22     MM       33
  AVERAGE         MM                        29     MM       37

PRECIPITATION (IN)
  YESTERDAY        0.08         MM      MM   0.07   0.01     0.04
  MONTH TO DATE    0.21                      0.28  -0.07     0.27
  SINCE OCT 1     12.43                     10.73   1.70     8.70
  SINCE JAN 1      3.44                      2.91   0.53     2.31

SNOWFALL (IN)
  YESTERDAY       MM

DEGREE DAYS
 HEATING
  YESTERDAY       MM                        36     MM       28
  MONTH TO DATE  127                       144    -17      124
  SINCE DEC 1   2293                      2537   -244     2285
  SINCE JUL 1   3964                      4540   -576     3910

 COOLING
  YESTERDAY       MM                         0     MM        0
  MONTH TO DATE    0                         0      0        0
  SINCE DEC 1      0                         0      0        0
  SINCE JAN 1      0                         0      0        0
..................................................................


WIND (MPH)
  HIGHEST WIND SPEED     9   HIGHEST WIND DIRECTION     S (190)
  HIGHEST GUST SPEED    MM   HIGHEST GUST DIRECTION    MM
  AVERAGE WIND SPEED     5.7


SKY COVER
  POSSIBLE SUNSHINE  MM
  AVERAGE SKY COVER 1.0


WEATHER CONDITIONS
 THE FOLLOWING WEATHER WAS RECORDED YESTERDAY.
  LIGHT SNOW
  FOG


RELATIVE HUMIDITY (PERCENT)
 HIGHEST   100          1200 AM
 LOWEST     89           900 AM
 AVERAGE    95

..........................................................


THE DEER_PARK WA AIRPORT CLIMATE NORMALS FOR TODAY
                         NORMAL    RECORD    YEAR
 MAXIMUM TEMPERATURE (F)   37        MM        MM
 MINIMUM TEMPERATURE (F)   22        MM        MM


SUNRISE AND SUNSET
FEBRUARY  5 2016......SUNRISE   712 AM PST   SUNSET   456 PM PST
FEBRUARY  6 2016......SUNRISE   711 AM PST   SUNSET   457 PM PST


-  INDICATES NEGATIVE NUMBERS.
R  INDICATES RECORD WAS SET OR TIED.
MM INDICATES DATA IS MISSING.
T  INDICATES TRACE AMOUNT.




$$
