000
CDUS44 KFWD 092222
CLIDFW


CLIMATE REPORT
NATIONAL WEATHER SERVICE FORT WORTH TX
422 PM CST FRI DEC 9 2016


...................................

...THE DALLAS FORT WORTH CLIMATE SUMMARY FOR DECEMBER 9 2016...
VALID AS OF 0400 PM LOCAL TIME.

CLIMATE NORMAL PERIOD 1981 TO 2010
CLIMATE RECORD PERIOD 1898 TO 2016


WEATHER ITEM   OBSERVED TIME   RECORD YEAR NORMAL DEPARTURE LAST
                VALUE   (LST)  VALUE       VALUE  FROM      YEAR
                                                  NORMAL
..................................................................
TEMPERATURE (F)
 TODAY
  MAXIMUM         38    359 PM  79    1906  58    -20       71
  MINIMUM         24    435 AM  15    2005  38    -14       44
  AVERAGE         31

PRECIPITATION (IN)
  TODAY            0.00          2.38 1971   0.09  -0.09     0.00
  MONTH TO DATE    0.55                      0.77  -0.22     0.00
  SINCE DEC 1      0.55                      0.77  -0.22     0.00
  SINCE JAN 1     35.43                     34.36   1.07    58.78

SNOWFALL (IN)
  TODAY            0.0           5.5  1898   0.0    0.0      0.0
  MONTH TO DATE    0.0                       0.0    0.0      0.0
  SINCE DEC 1      0.0                       0.0    0.0      0.0
  SINCE JUL 1      0.0                       T      0.0      0.0
  SNOW DEPTH       0

..................................................................


WIND (MPH)
  HIGHEST WIND SPEED    12   HIGHEST WIND DIRECTION    NE (40)
  HIGHEST GUST SPEED    14   HIGHEST GUST DIRECTION    NE (30)
  AVERAGE WIND SPEED     5.5




..........................................................


THE DALLAS FORT WORTH CLIMATE NORMALS FOR TOMORROW
                         NORMAL    RECORD    YEAR
 MAXIMUM TEMPERATURE (F)   58        84      1938
 MINIMUM TEMPERATURE (F)   38        11      1898


SUNRISE AND SUNSET
DECEMBER  9 2016......SUNRISE   720 AM CST   SUNSET   522 PM CST
DECEMBER 10 2016......SUNRISE   720 AM CST   SUNSET   522 PM CST


-  INDICATES NEGATIVE NUMBERS.
R  INDICATES RECORD WAS SET OR TIED.
MM INDICATES DATA IS MISSING.
T  INDICATES TRACE AMOUNT.




$$
