000
CDUS44 KFWD 120640
CLIDFW


CLIMATE REPORT
NATIONAL WEATHER SERVICE FORT WORTH TX
1238 AM CST FRI FEB 12 2016


...................................

...THE DALLAS FORT WORTH CLIMATE SUMMARY FOR FEBRUARY 11 2016...

CLIMATE NORMAL PERIOD 1981 TO 2010
CLIMATE RECORD PERIOD 1898 TO 2016


WEATHER ITEM   OBSERVED TIME   RECORD YEAR NORMAL DEPARTURE LAST
                VALUE   (LST)  VALUE       VALUE  FROM      YEAR
                                                  NORMAL
..................................................................
TEMPERATURE (F)
 YESTERDAY
  MAXIMUM         75    313 PM  88    1922  60     15       67
  MINIMUM         41    720 AM  10    1981  38      3       45
  AVERAGE         58                        49      9       56

PRECIPITATION (IN)
  YESTERDAY        0.00          1.19 1977   0.10  -0.10     0.00
  MONTH TO DATE    T                         0.95  -0.95     0.10
  SINCE DEC 1      4.87                      5.63  -0.76     4.85
  SINCE JAN 1      1.04                      3.08  -2.04     3.72

SNOWFALL (IN)
  YESTERDAY        0.0          11.2  2010   0.0    0.0      0.0
  MONTH TO DATE    0.0                       0.4   -0.4      0.0
  SINCE DEC 1      T                         0.9   -0.9       T
  SINCE JUL 1      T                         0.9   -0.9       T
  SNOW DEPTH       0

DEGREE DAYS
 HEATING
  YESTERDAY        7                        16     -9        9
  MONTH TO DATE  162                       188    -26      173
  SINCE DEC 1   1068                      1339   -271     1254
  SINCE JUL 1   1283                      1693   -410     1672

 COOLING
  YESTERDAY        0                         0      0        0
  MONTH TO DATE    0                         0      0        0
  SINCE DEC 1      9                         6      3        1
  SINCE JAN 1      0                         2     -2        0
..................................................................


WIND (MPH)
  HIGHEST WIND SPEED    17   HIGHEST WIND DIRECTION    SW (220)
  HIGHEST GUST SPEED    22   HIGHEST GUST DIRECTION    SW (220)
  AVERAGE WIND SPEED     7.4


SKY COVER
  POSSIBLE SUNSHINE  MM
  AVERAGE SKY COVER 0.2


WEATHER CONDITIONS
 THE FOLLOWING WEATHER WAS RECORDED YESTERDAY.
  NO SIGNIFICANT WEATHER WAS OBSERVED.


RELATIVE HUMIDITY (PERCENT)
 HIGHEST    58           600 AM
 LOWEST     19           200 PM
 AVERAGE    39

..........................................................


THE DALLAS FORT WORTH CLIMATE NORMALS FOR TODAY
                         NORMAL    RECORD    YEAR
 MAXIMUM TEMPERATURE (F)   60        84      1962
 MINIMUM TEMPERATURE (F)   39        -8      1899


SUNRISE AND SUNSET
FEBRUARY 12 2016......SUNRISE   715 AM CST   SUNSET   610 PM CST
FEBRUARY 13 2016......SUNRISE   714 AM CST   SUNSET   611 PM CST


-  INDICATES NEGATIVE NUMBERS.
R  INDICATES RECORD WAS SET OR TIED.
MM INDICATES DATA IS MISSING.
T  INDICATES TRACE AMOUNT.




$$
