000
CDUS44 KFWD 290645
CLIDFW


CLIMATE REPORT
NATIONAL WEATHER SERVICE FORT WORTH TX
145 AM CDT SUN MAR 29 2015


...................................

...THE DALLAS FORT WORTH CLIMATE SUMMARY FOR MARCH 28 2015...

CLIMATE NORMAL PERIOD 1981 TO 2010
CLIMATE RECORD PERIOD 1898 TO 2015


WEATHER ITEM   OBSERVED TIME   RECORD YEAR NORMAL DEPARTURE LAST
                VALUE   (LST)  VALUE       VALUE  FROM      YEAR
                                                  NORMAL
..................................................................
TEMPERATURE (F)
 YESTERDAY
  MAXIMUM         81    445 PM  90    1928  72      9       80
  MINIMUM         45    554 AM  25    1899  50     -5       54
  AVERAGE         63                        61      2       67

PRECIPITATION (IN)
  YESTERDAY        0.00          2.64 1989   0.10  -0.10      T
  MONTH TO DATE    2.53                      3.17  -0.64     1.45
  SINCE MAR 1      2.53                      3.17  -0.64     1.45
  SINCE JAN 1      9.11                      7.96   1.15     2.19

SNOWFALL (IN)
  YESTERDAY        0.0           0.0    MM   0.0    0.0      0.0
  MONTH TO DATE    3.5                       0.2    3.3      0.1
  SINCE MAR 1      3.5                       0.2    3.3      0.1
  SINCE JUL 1      5.8                       1.2    4.6      2.9
  SNOW DEPTH       0

DEGREE DAYS
 HEATING
  YESTERDAY        2                         6     -4        0
  MONTH TO DATE  301                       245     56      315
  SINCE MAR 1    301                       245     56      315
  SINCE JUL 1   2337                      2177    160     2488

 COOLING
  YESTERDAY        0                         2     -2        2
  MONTH TO DATE   21                        29     -8       18
  SINCE MAR 1     21                        29     -8       18
  SINCE JAN 1     21                        36    -15       18
..................................................................


WIND (MPH)
  HIGHEST WIND SPEED    17   HIGHEST WIND DIRECTION     S (170)
  HIGHEST GUST SPEED    20   HIGHEST GUST DIRECTION     S (180)
  AVERAGE WIND SPEED     9.9


SKY COVER
  POSSIBLE SUNSHINE  MM
  AVERAGE SKY COVER 0.3


WEATHER CONDITIONS
 THE FOLLOWING WEATHER WAS RECORDED YESTERDAY.
  NO SIGNIFICANT WEATHER WAS OBSERVED.


RELATIVE HUMIDITY (PERCENT)
 HIGHEST    76           300 AM
 LOWEST     35           300 PM
 AVERAGE    56

..........................................................


THE DALLAS FORT WORTH CLIMATE NORMALS FOR TODAY
                         NORMAL    RECORD    YEAR
 MAXIMUM TEMPERATURE (F)   72        88      1967
                                             1946
 MINIMUM TEMPERATURE (F)   50        28      1944


SUNRISE AND SUNSET
MARCH 29 2015.........SUNRISE   720 AM CDT   SUNSET   746 PM CDT
MARCH 30 2015.........SUNRISE   719 AM CDT   SUNSET   747 PM CDT


-  INDICATES NEGATIVE NUMBERS.
R  INDICATES RECORD WAS SET OR TIED.
MM INDICATES DATA IS MISSING.
T  INDICATES TRACE AMOUNT.




$$
