000
CDUS44 KFWD 222222 AAA
CLIDFW

CLIMATE REPORT...UPDATED
NATIONAL WEATHER SERVICE FORT WORTH TX
523 PM CDT FRI AUG 22 2014

...................................

...THE DALLAS FORT WORTH CLIMATE SUMMARY FOR AUGUST 22 2014...
VALID AS OF 0520 PM LOCAL TIME.

CLIMATE NORMAL PERIOD 1981 TO 2010
CLIMATE RECORD PERIOD 1898 TO 2014


WEATHER ITEM   OBSERVED TIME   RECORD YEAR NORMAL DEPARTURE LAST
                VALUE   (LST)  VALUE       VALUE  FROM      YEAR
                                                  NORMAL
..................................................................
TEMPERATURE (F)
 TODAY
  MAXIMUM        100    357 PM 105    2010  96      4       98
                                      1980
  MINIMUM         80    655 AM  61    1956  75      5       77
  AVERAGE         90

PRECIPITATION (IN)
  TODAY            0.00          2.47 1916   0.06  -0.06     0.00
  MONTH TO DATE    3.94                      1.23   2.71     1.18
  SINCE JUN 1      8.18                      7.18   1.00     5.37
  SINCE JAN 1     15.51                     23.43  -7.92    18.53

..................................................................


WIND (MPH)
  HIGHEST WIND SPEED    23   HIGHEST WIND DIRECTION    SW (210)
  HIGHEST GUST SPEED    32   HIGHEST GUST DIRECTION     S (200)
  AVERAGE WIND SPEED    15.4




..........................................................


THE DALLAS FORT WORTH CLIMATE NORMALS FOR TOMORROW
                         NORMAL    RECORD    YEAR
 MAXIMUM TEMPERATURE (F)   96       107      2010
                                             1952
 MINIMUM TEMPERATURE (F)   75        64      1961
                                             1956
                                             1949


SUNRISE AND SUNSET
AUGUST 22 2014........SUNRISE   656 AM CDT   SUNSET   805 PM CDT
AUGUST 23 2014........SUNRISE   657 AM CDT   SUNSET   804 PM CDT


-  INDICATES NEGATIVE NUMBERS.
R  INDICATES RECORD WAS SET OR TIED.
MM INDICATES DATA IS MISSING.
T  INDICATES TRACE AMOUNT.


$$

58
