000
CDUS44 KFWD 190647
CLIDFW


CLIMATE REPORT
NATIONAL WEATHER SERVICE FORT WORTH TX
1247 AM CST MON FEB 19 2018


...................................

...THE DALLAS FORT WORTH CLIMATE SUMMARY FOR FEBRUARY 18 2018...

CLIMATE NORMAL PERIOD 1981 TO 2010
CLIMATE RECORD PERIOD 1898 TO 2018


WEATHER ITEM   OBSERVED TIME   RECORD YEAR NORMAL DEPARTURE LAST
                VALUE   (LST)  VALUE       VALUE  FROM      YEAR
                                                  NORMAL
..................................................................
TEMPERATURE (F)
 YESTERDAY
  MAXIMUM         67   1159 PM  85    1986  61      6       82
  MINIMUM         47    355 AM  10    1936  40      7       59
  AVERAGE         57                        50      7       71

PRECIPITATION (IN)
  YESTERDAY        0.02          1.55 1921   0.10  -0.08     0.00
  MONTH TO DATE    0.59                      1.65  -1.06     1.51
  SINCE DEC 1      6.00                      6.33  -0.33     6.50
  SINCE JAN 1      1.44                      3.78  -2.34     5.90

SNOWFALL (IN)
  YESTERDAY        0.0           T    1927   0.1   -0.1      0.0
                                      1926
                                      1921
  MONTH TO DATE    T                         0.7   -0.7      0.0
  SINCE DEC 1      T                         1.2   -1.2      0.1
  SINCE JUL 1      T                         1.2   -1.2      0.1
  SNOW DEPTH       0

DEGREE DAYS
 HEATING
  YESTERDAY        8                        15     -7        0
  MONTH TO DATE  284                       295    -11      134
  SINCE DEC 1   1348                      1446    -98     1045
  SINCE JUL 1   1551                      1800   -249     1147

 COOLING
  YESTERDAY        0                         0      0        6
  MONTH TO DATE    9                         0      9       34
  SINCE DEC 1     24                         6     18       56
  SINCE JAN 1     12                         2     10       40
..................................................................


WIND (MPH)
  HIGHEST WIND SPEED    24   HIGHEST WIND DIRECTION    SE (140)
  HIGHEST GUST SPEED    28   HIGHEST GUST DIRECTION    SE (150)
  AVERAGE WIND SPEED     9.7


SKY COVER
  POSSIBLE SUNSHINE  MM
  AVERAGE SKY COVER 0.9


WEATHER CONDITIONS
 THE FOLLOWING WEATHER WAS RECORDED YESTERDAY.
  LIGHT RAIN
  FOG


RELATIVE HUMIDITY (PERCENT)
 HIGHEST   100          1000 PM
 LOWEST     77          1200 AM
 AVERAGE    89

..........................................................


THE DALLAS FORT WORTH CLIMATE NORMALS FOR TODAY
                         NORMAL    RECORD    YEAR
 MAXIMUM TEMPERATURE (F)   61        87      1986
 MINIMUM TEMPERATURE (F)   40         9      1978


SUNRISE AND SUNSET
FEBRUARY 19 2018......SUNRISE   707 AM CST   SUNSET   617 PM CST
FEBRUARY 20 2018......SUNRISE   706 AM CST   SUNSET   618 PM CST


-  INDICATES NEGATIVE NUMBERS.
R  INDICATES RECORD WAS SET OR TIED.
MM INDICATES DATA IS MISSING.
T  INDICATES TRACE AMOUNT.




$$
