000
CDUS44 KFWD 280714
CLIDFW


CLIMATE REPORT
NATIONAL WEATHER SERVICE FORT WORTH TX
213 AM CDT THU MAY 28 2015


...................................

...THE DALLAS FORT WORTH CLIMATE SUMMARY FOR MAY 27 2015...

CLIMATE NORMAL PERIOD 1981 TO 2010
CLIMATE RECORD PERIOD 1898 TO 2015


WEATHER ITEM   OBSERVED TIME   RECORD YEAR NORMAL DEPARTURE LAST
                VALUE   (LST)  VALUE       VALUE  FROM      YEAR
                                                  NORMAL
..................................................................
TEMPERATURE (F)
 YESTERDAY
  MAXIMUM         85    313 PM 103    1928  87     -2       79
  MINIMUM         58    525 AM  47    1901  67     -9       66
  AVERAGE         72                        77     -5       73

PRECIPITATION (IN)
  YESTERDAY        T             2.39 2004   0.16  -0.16     0.21
  MONTH TO DATE   12.31                      4.27   8.04     3.39
  SINCE MAR 1     20.40                     10.83   9.57     6.58
  SINCE JAN 1     26.98                     15.62  11.36     7.32

DEGREE DAYS
 HEATING
  YESTERDAY        0                         0      0        0
  MONTH TO DATE    6                         6      0        9
  SINCE MAR 1    363                       350     13      430
  SINCE JUL 1   2399                      2282    117     2603

 COOLING
  YESTERDAY        7                        12     -5        8
  MONTH TO DATE  170                       234    -64      256
  SINCE MAR 1    293                       365    -72      423
  SINCE JAN 1    293                       372    -79      423
..................................................................


WIND (MPH)
  HIGHEST WIND SPEED    37   HIGHEST WIND DIRECTION     S (170)
  HIGHEST GUST SPEED    46   HIGHEST GUST DIRECTION     S (170)
  AVERAGE WIND SPEED     7.8


SKY COVER
  POSSIBLE SUNSHINE  MM
  AVERAGE SKY COVER 0.6


WEATHER CONDITIONS
 THE FOLLOWING WEATHER WAS RECORDED YESTERDAY.
  THUNDERSTORM
  LIGHT RAIN


RELATIVE HUMIDITY (PERCENT)
 HIGHEST    93           900 PM
 LOWEST     54          1200 PM
 AVERAGE    74

..........................................................


THE DALLAS FORT WORTH CLIMATE NORMALS FOR TODAY
                         NORMAL    RECORD    YEAR
 MAXIMUM TEMPERATURE (F)   87       107      1927
 MINIMUM TEMPERATURE (F)   68        51      1907


SUNRISE AND SUNSET
MAY 28 2015...........SUNRISE   622 AM CDT   SUNSET   829 PM CDT
MAY 29 2015...........SUNRISE   622 AM CDT   SUNSET   830 PM CDT


-  INDICATES NEGATIVE NUMBERS.
R  INDICATES RECORD WAS SET OR TIED.
MM INDICATES DATA IS MISSING.
T  INDICATES TRACE AMOUNT.




$$
