000
CDUS44 KFWD 020712
CLIDFW

CLIMATE REPORT
NATIONAL WEATHER SERVICE FORT WORTH TX
212 AM CDT SAT AUG 2 2014


...................................

...THE DALLAS FORT WORTH CLIMATE SUMMARY FOR AUGUST 1 2014...

CLIMATE NORMAL PERIOD 1981 TO 2010
CLIMATE RECORD PERIOD 1898 TO 2014


WEATHER ITEM   OBSERVED TIME   RECORD YEAR NORMAL DEPARTURE LAST
                VALUE   (LST)  VALUE       VALUE  FROM      YEAR
                                                  NORMAL
..................................................................
TEMPERATURE (F)
 YESTERDAY
  MAXIMUM         83    458 PM 107    2011  97    -14      102
  MINIMUM         70    728 AM  63    1936  76     -6       80
  AVERAGE         77                        86     -9       91

PRECIPITATION (IN)
  YESTERDAY        T             1.34 1912   0.05  -0.05     0.00
  MONTH TO DATE    T                         0.05  -0.05     0.00
  SINCE JUN 1      4.24                      6.00  -1.76     4.19
  SINCE JAN 1     11.57                     22.25 -10.68    17.35

DEGREE DAYS
 HEATING
  YESTERDAY        0                         0      0        0
  MONTH TO DATE    0                         0      0        0
  SINCE JUN 1      0                         0      0        0
  SINCE JUL 1      0                         0      0        0

 COOLING
  YESTERDAY       12                        21     -9       26
  MONTH TO DATE   12                        21     -9       26
  SINCE JUN 1   1128                      1143    -15     1173
  SINCE JAN 1   1604                      1565     39     1562
..................................................................


WIND (MPH)
  HIGHEST WIND SPEED    16   HIGHEST WIND DIRECTION     N (360)
  HIGHEST GUST SPEED    20   HIGHEST GUST DIRECTION    NE (50)
  AVERAGE WIND SPEED     9.5


SKY COVER
  POSSIBLE SUNSHINE  MM
  AVERAGE SKY COVER 0.9


WEATHER CONDITIONS
 THE FOLLOWING WEATHER WAS RECORDED YESTERDAY.
  LIGHT RAIN
  FOG


RELATIVE HUMIDITY (PERCENT)
 HIGHEST    90           600 AM
 LOWEST     55           500 PM
 AVERAGE    73

..........................................................


THE DALLAS FORT WORTH CLIMATE NORMALS FOR TODAY
                         NORMAL    RECORD    YEAR
 MAXIMUM TEMPERATURE (F)   97       110      2011
 MINIMUM TEMPERATURE (F)   76        62      1965


SUNRISE AND SUNSET
AUGUST  2 2014........SUNRISE   642 AM CDT   SUNSET   826 PM CDT
AUGUST  3 2014........SUNRISE   643 AM CDT   SUNSET   825 PM CDT


-  INDICATES NEGATIVE NUMBERS.
R  INDICATES RECORD WAS SET OR TIED.
MM INDICATES DATA IS MISSING.
T  INDICATES TRACE AMOUNT.




$$
