000
CDUS44 KFWD 200643
CLIDFW

CLIMATE REPORT
NATIONAL WEATHER SERVICE FORT WORTH TX
1240 AM CST FRI JAN 20 2017

...................................

...THE DALLAS FORT WORTH CLIMATE SUMMARY FOR JANUARY 19 2017...

CLIMATE NORMAL PERIOD 1981 TO 2010
CLIMATE RECORD PERIOD 1898 TO 2017


WEATHER ITEM   OBSERVED TIME   RECORD YEAR NORMAL DEPARTURE LAST
                VALUE   (LST)  VALUE       VALUE  FROM      YEAR
                                                  NORMAL
..................................................................
TEMPERATURE (F)
 YESTERDAY
  MAXIMUM         67    422 PM  84    1952  57     10       66
  MINIMUM         48    655 AM   5    1943  35     13       35
  AVERAGE         58                        46     12       51

PRECIPITATION (IN)
  YESTERDAY        0.00          1.77 1935   0.07  -0.07     0.00
  MONTH TO DATE    4.37                      1.21   3.16     0.85
  SINCE DEC 1      4.97                      3.76   1.21     4.68
  SINCE JAN 1      4.37                      1.21   3.16     0.85

SNOWFALL (IN)
  YESTERDAY        0.0           1.7  1948   0.0    0.0      0.0
  MONTH TO DATE    0.1                       0.1    0.0      0.0
  SINCE DEC 1      0.1                       0.4   -0.3       T
  SINCE JUL 1      0.1                       0.4   -0.3       T
  SNOW DEPTH       0

DEGREE DAYS
 HEATING
  YESTERDAY        7                        19    -12       14
  MONTH TO DATE  312                       372    -60      362
  SINCE DEC 1    796                       930   -134      718
  SINCE JUL 1    898                      1284   -386      933

 COOLING
  YESTERDAY        0                         0      0        0
  MONTH TO DATE    6                         0      6        0
  SINCE DEC 1     22                         4     18        9
  SINCE JAN 1      6                         0      6        0
..................................................................


WIND (MPH)
  HIGHEST WIND SPEED    22   HIGHEST WIND DIRECTION     S (170)
  HIGHEST GUST SPEED    28   HIGHEST GUST DIRECTION     S (170)
  AVERAGE WIND SPEED    11.8


SKY COVER
  POSSIBLE SUNSHINE  MM
  AVERAGE SKY COVER 0.6


WEATHER CONDITIONS
 THE FOLLOWING WEATHER WAS RECORDED YESTERDAY.
  FOG
  FOG W/VISIBILITY <= 1/4 MILE


RELATIVE HUMIDITY (PERCENT)
 HIGHEST   100           400 AM
 LOWEST     58           300 PM
 AVERAGE    79

..........................................................


THE DALLAS FORT WORTH CLIMATE NORMALS FOR TODAY
                         NORMAL    RECORD    YEAR
 MAXIMUM TEMPERATURE (F)   57        83      1986
 MINIMUM TEMPERATURE (F)   35        10      1985


SUNRISE AND SUNSET
JANUARY 20 2017.......SUNRISE   729 AM CST   SUNSET   549 PM CST
JANUARY 21 2017.......SUNRISE   729 AM CST   SUNSET   550 PM CST


-  INDICATES NEGATIVE NUMBERS.
R  INDICATES RECORD WAS SET OR TIED.
MM INDICATES DATA IS MISSING.
T  INDICATES TRACE AMOUNT.

$$
