000
CDUS44 KFWD 020647
CLIDFW

CLIMATE REPORT
NATIONAL WEATHER SERVICE FORT WORTH TX
147 AM CDT THU OCT 2 2014

...................................

...THE DALLAS FORT WORTH CLIMATE SUMMARY FOR OCTOBER 1 2014...

CLIMATE NORMAL PERIOD 1981 TO 2010
CLIMATE RECORD PERIOD 1898 TO 2014


WEATHER ITEM   OBSERVED TIME   RECORD YEAR NORMAL DEPARTURE LAST
                VALUE   (LST)  VALUE       VALUE  FROM      YEAR
                                                  NORMAL
..................................................................
TEMPERATURE (F)
 YESTERDAY
  MAXIMUM         93    429 PM 102    1979  83     10       90
  MINIMUM         74    700 AM  42    1984  62     12       65
  AVERAGE         84                        72     12       78

PRECIPITATION (IN)
  YESTERDAY        0.00          4.85 1959   0.09  -0.09     0.00
  MONTH TO DATE    0.00                      0.09  -0.09     0.00
  SINCE SEP 1      0.06                      2.64  -2.58     2.72
  SINCE JAN 1     15.97                     26.75 -10.78    21.39

DEGREE DAYS
 HEATING
  YESTERDAY        0                         1     -1        0
  MONTH TO DATE    0                         1     -1        0
  SINCE SEP 1      1                         7     -6        0
  SINCE JUL 1      1                         7     -6        0

 COOLING
  YESTERDAY       19                         8     11       13
  MONTH TO DATE   19                         8     11       13
  SINCE SEP 1    484                       403     81      545
  SINCE JAN 1   2740                      2585    155     2773
..................................................................

WIND (MPH)
  HIGHEST WIND SPEED    22   HIGHEST WIND DIRECTION     S (190)
  HIGHEST GUST SPEED    32   HIGHEST GUST DIRECTION     S (190)
  AVERAGE WIND SPEED    12.7


SKY COVER
  POSSIBLE SUNSHINE  MM
  AVERAGE SKY COVER 0.3


WEATHER CONDITIONS
 THE FOLLOWING WEATHER WAS RECORDED YESTERDAY.
  NO SIGNIFICANT WEATHER WAS OBSERVED.


RELATIVE HUMIDITY (PERCENT)
 HIGHEST    87           600 AM
 LOWEST     39           400 PM
 AVERAGE    63

..........................................................

THE DALLAS FORT WORTH CLIMATE NORMALS FOR TODAY
                         NORMAL    RECORD    YEAR
 MAXIMUM TEMPERATURE (F)   83        99      1951
 MINIMUM TEMPERATURE (F)   61        47      1985
                                             1975


SUNRISE AND SUNSET
OCTOBER  2 2014.......SUNRISE   723 AM CDT   SUNSET   711 PM CDT
OCTOBER  3 2014.......SUNRISE   724 AM CDT   SUNSET   710 PM CDT


-  INDICATES NEGATIVE NUMBERS.
R  INDICATES RECORD WAS SET OR TIED.
MM INDICATES DATA IS MISSING.
T  INDICATES TRACE AMOUNT.

$$
