000
CDUS44 KFWD 200650
CLIDFW


CLIMATE REPORT
NATIONAL WEATHER SERVICE FORT WORTH TX
148 AM CDT FRI OCT 20 2017

...................................

...THE DALLAS FORT WORTH CLIMATE SUMMARY FOR OCTOBER 19 2017...

CLIMATE NORMAL PERIOD 1981 TO 2010
CLIMATE RECORD PERIOD 1898 TO 2017


WEATHER ITEM   OBSERVED TIME   RECORD YEAR NORMAL DEPARTURE LAST
                VALUE   (LST)  VALUE       VALUE  FROM      YEAR
                                                  NORMAL
..................................................................
TEMPERATURE (F)
 YESTERDAY
  MAXIMUM         83    353 PM  94    1921  77      6       91
  MINIMUM         59    723 AM  38    1989  56      3       73
  AVERAGE         71                        67      4       82

PRECIPITATION (IN)
  YESTERDAY        0.00          2.64 1971   0.16  -0.16     0.00
  MONTH TO DATE    0.55                      2.42  -1.87     1.70
  SINCE SEP 1      1.02                      4.97  -3.95     2.68
  SINCE JAN 1     29.68                     29.08   0.60    31.35

SNOWFALL (IN)
  YESTERDAY        0.0           0.0    MM   0.0    0.0      0.0
  MONTH TO DATE    0.0                       0.0    0.0      0.0
  SINCE SEP 1      0.0                       0.0    0.0      0.0
  SINCE JUL 1      0.0                       0.0    0.0      0.0
  SNOW DEPTH       0

DEGREE DAYS
 HEATING
  YESTERDAY        0                         2     -2        0
  MONTH TO DATE    7                        25    -18        0
  SINCE SEP 1      7                        31    -24        0
  SINCE JUL 1      7                        31    -24        0

 COOLING
  YESTERDAY        6                         4      2       17
  MONTH TO DATE  183                       109     74      202
  SINCE SEP 1    659                       504    155      703
  SINCE JAN 1   3160                      2686    474     3054
..................................................................

WIND (MPH)
  HIGHEST WIND SPEED    16   HIGHEST WIND DIRECTION    SE (120)
  HIGHEST GUST SPEED    20   HIGHEST GUST DIRECTION     S (180)
  AVERAGE WIND SPEED     8.5


SKY COVER
  POSSIBLE SUNSHINE  MM
  AVERAGE SKY COVER 0.7


WEATHER CONDITIONS
 THE FOLLOWING WEATHER WAS RECORDED YESTERDAY.
  HAZE


RELATIVE HUMIDITY (PERCENT)
 HIGHEST    84           600 AM
 LOWEST     34           400 PM
 AVERAGE    59

..........................................................

THE DALLAS FORT WORTH CLIMATE NORMALS FOR TODAY
                         NORMAL    RECORD    YEAR
 MAXIMUM TEMPERATURE (F)   77        95      1934
 MINIMUM TEMPERATURE (F)   56        33      1989


SUNRISE AND SUNSET
OCTOBER 20 2017.......SUNRISE   736 AM CDT   SUNSET   649 PM CDT
OCTOBER 21 2017.......SUNRISE   737 AM CDT   SUNSET   648 PM CDT


-  INDICATES NEGATIVE NUMBERS.
R  INDICATES RECORD WAS SET OR TIED.
MM INDICATES DATA IS MISSING.
T  INDICATES TRACE AMOUNT.


$$
