024
CDUS44 KFWD 240642
CLIDFW

CLIMATE REPORT
NATIONAL WEATHER SERVICE FORT WORTH TX
1240 AM CST FRI FEB 24 2017

...................................

...THE DALLAS FORT WORTH CLIMATE SUMMARY FOR FEBRUARY 23 2017...

CLIMATE NORMAL PERIOD 1981 TO 2010
CLIMATE RECORD PERIOD 1898 TO 2017


WEATHER ITEM   OBSERVED TIME   RECORD YEAR NORMAL DEPARTURE LAST
                VALUE   (LST)  VALUE       VALUE  FROM      YEAR
                                                  NORMAL
..................................................................
TEMPERATURE (F)
 YESTERDAY
  MAXIMUM         88R   423 PM  86    1933  62     26       55
  MINIMUM         55    617 AM  16    1901  42     13       42
  AVERAGE         72                        52     20       49

PRECIPITATION (IN)
  YESTERDAY        0.00          3.08 1949   0.10  -0.10     1.75
  MONTH TO DATE    2.02                      2.13  -0.11     2.20
  SINCE DEC 1      7.01                      6.81   0.20     7.07
  SINCE JAN 1      6.41                      4.26   2.15     3.24

SNOWFALL (IN)
  YESTERDAY        0.0           3.7  1975   0.0    0.0      0.0
  MONTH TO DATE    0.0                       0.8   -0.8      0.0
  SINCE DEC 1      0.1                       1.3   -1.2       T
  SINCE JUL 1      0.1                       1.3   -1.2       T
  SNOW DEPTH       0

DEGREE DAYS
 HEATING
  YESTERDAY        0                        13    -13       16
  MONTH TO DATE  136                       364   -228      234
  SINCE DEC 1   1047                      1515   -468     1140
  SINCE JUL 1   1149                      1869   -720     1355

 COOLING
  YESTERDAY        7                         0      7        0
  MONTH TO DATE   46                         0     46       11
  SINCE DEC 1     68                         6     62       20
  SINCE JAN 1     52                         2     50       11
..................................................................


WIND (MPH)
  HIGHEST WIND SPEED    28   HIGHEST WIND DIRECTION     S (170)
  HIGHEST GUST SPEED    35   HIGHEST GUST DIRECTION     S (170)
  AVERAGE WIND SPEED    15.2


SKY COVER
  POSSIBLE SUNSHINE  MM
  AVERAGE SKY COVER 0.1


WEATHER CONDITIONS
 THE FOLLOWING WEATHER WAS RECORDED YESTERDAY.
  NO SIGNIFICANT WEATHER WAS OBSERVED.


RELATIVE HUMIDITY (PERCENT)
 HIGHEST    77           600 AM
 LOWEST     24           200 PM
 AVERAGE    51

..........................................................


THE DALLAS FORT WORTH CLIMATE NORMALS FOR TODAY
                         NORMAL    RECORD    YEAR
 MAXIMUM TEMPERATURE (F)   62        93      1918
 MINIMUM TEMPERATURE (F)   42        15      1910


SUNRISE AND SUNSET
FEBRUARY 24 2017......SUNRISE   701 AM CST   SUNSET   621 PM CST
FEBRUARY 25 2017......SUNRISE   700 AM CST   SUNSET   622 PM CST


-  INDICATES NEGATIVE NUMBERS.
R  INDICATES RECORD WAS SET OR TIED.
MM INDICATES DATA IS MISSING.
T  INDICATES TRACE AMOUNT.

$$
