000
CDUS44 KFWD 260639
CLIDFW


CLIMATE REPORT
NATIONAL WEATHER SERVICE FORT WORTH TX
138 AM CDT WED APR 26 2017


...................................

...THE DALLAS FORT WORTH CLIMATE SUMMARY FOR APRIL 25 2017...

CLIMATE NORMAL PERIOD 1981 TO 2010
CLIMATE RECORD PERIOD 1898 TO 2017


WEATHER ITEM   OBSERVED TIME   RECORD YEAR NORMAL DEPARTURE LAST
                VALUE   (LST)  VALUE       VALUE  FROM      YEAR
                                                  NORMAL
..................................................................
TEMPERATURE (F)
 YESTERDAY
  MAXIMUM         86    326 PM  91    1925  78      8       86
                                      1902
  MINIMUM         63    630 AM  33    1910  58      5       68
  AVERAGE         75                        68      7       77

PRECIPITATION (IN)
  YESTERDAY        0.00          8.56 1922   0.12  -0.12     0.00
  MONTH TO DATE    3.32                      2.42   0.90     3.80
  SINCE MAR 1      4.38                      5.91  -1.53     6.47
  SINCE JAN 1     11.10                     10.70   0.40     9.71

SNOWFALL (IN)
  YESTERDAY        0.0           0.0         0.0    0.0      0.0
  MONTH TO DATE    0.0                       0.0    0.0      0.0
  SINCE MAR 1      0.0                       0.2   -0.2      0.0
  SINCE JUL 1      0.1                       1.6   -1.5       T
  SNOW DEPTH       0

DEGREE DAYS
 HEATING
  YESTERDAY        0                         1     -1        0
  MONTH TO DATE   16                        78    -62       27
  SINCE MAR 1    109                       339   -230      169
  SINCE JUL 1   1297                      2271   -974     1580

 COOLING
  YESTERDAY       10                         4      6       12
  MONTH TO DATE  139                        74     65       91
  SINCE MAR 1    262                       106    156      121
  SINCE JAN 1    330                       113    217      132
..................................................................


WIND (MPH)
  HIGHEST WIND SPEED    29   HIGHEST WIND DIRECTION     S (170)
  HIGHEST GUST SPEED    35   HIGHEST GUST DIRECTION     S (190)
  AVERAGE WIND SPEED    20.4


SKY COVER
  POSSIBLE SUNSHINE  MM
  AVERAGE SKY COVER 0.5


WEATHER CONDITIONS
 THE FOLLOWING WEATHER WAS RECORDED YESTERDAY.
  NO SIGNIFICANT WEATHER WAS OBSERVED.


RELATIVE HUMIDITY (PERCENT)
 HIGHEST    84           600 AM
 LOWEST     53          1200 AM
 AVERAGE    69

..........................................................


THE DALLAS FORT WORTH CLIMATE NORMALS FOR TODAY
                         NORMAL    RECORD    YEAR
 MAXIMUM TEMPERATURE (F)   79        90      1955
 MINIMUM TEMPERATURE (F)   58        39      1910


SUNRISE AND SUNSET
APRIL 26 2017.........SUNRISE   646 AM CDT   SUNSET   807 PM CDT
APRIL 27 2017.........SUNRISE   645 AM CDT   SUNSET   807 PM CDT


-  INDICATES NEGATIVE NUMBERS.
R  INDICATES RECORD WAS SET OR TIED.
MM INDICATES DATA IS MISSING.
T  INDICATES TRACE AMOUNT.




$$
