000
CDUS43 KDDC 302325
CLIDGC


CLIMATE REPORT
NATIONAL WEATHER SERVICE DODGE CITY KS
625 PM CDT MON MAY 30 2016


...................................

...THE DODGE CITY KS CLIMATE SUMMARY FOR MAY 30 2016...
VALID TODAY AS OF 0500 PM LOCAL TIME.

CLIMATE NORMAL PERIOD 1981 TO 2010
CLIMATE RECORD PERIOD 1875 TO 2016


WEATHER ITEM   OBSERVED TIME   RECORD YEAR NORMAL DEPARTURE LAST
                VALUE   (LST)  VALUE       VALUE  FROM      YEAR
                                                  NORMAL
..................................................................
TEMPERATURE (F)
 TODAY
  MAXIMUM         82    437 PM 101    1998  81      1       69
  MINIMUM         52    535 AM  41    1889  56     -4       51
  AVERAGE         67                        69     -2       60

PRECIPITATION (IN)
  TODAY            0.00          1.70 1923   0.12  -0.12      T
  MONTH TO DATE    1.60                      2.74  -1.14    10.33
  SINCE MAR 1      9.72                      6.15   3.57    12.42
  SINCE JAN 1     10.31                      7.41   2.90    13.72

SNOWFALL (IN)
  TODAY            0.0           0.0  2002   0.0    0.0      0.0
                                      2001
  MONTH TO DATE    0.0                       0.0    0.0      0.0
  SINCE MAR 1      0.4                       6.0   -5.6       T
  SINCE JUL 1     10.4                      21.1  -10.7     21.4
  SNOW DEPTH       0

DEGREE DAYS
 HEATING
  TODAY            0                         1     -1        5
  MONTH TO DATE  161                       114     47      143
  SINCE MAR 1    976                      1106   -130      904
  SINCE JUL 1   4338                      4953   -615     4652

 COOLING
  TODAY            2                         5     -3        0
  MONTH TO DATE   47                        84    -37       46
  SINCE MAR 1     56                       103    -47       61
  SINCE JAN 1     58                       103    -45       61
..................................................................


WIND (MPH)
  HIGHEST WIND SPEED    22   HIGHEST WIND DIRECTION     S (170)
  HIGHEST GUST SPEED    29   HIGHEST GUST DIRECTION     S (160)
  AVERAGE WIND SPEED    12.0


SKY COVER
  POSSIBLE SUNSHINE  MM
  AVERAGE SKY COVER 0.0


WEATHER CONDITIONS
 THE FOLLOWING WEATHER WAS RECORDED TODAY.
  NO SIGNIFICANT WEATHER WAS OBSERVED.


RELATIVE HUMIDITY (PERCENT)
 HIGHEST    96           500 AM
 LOWEST     37           400 PM
 AVERAGE    67

..........................................................


THE DODGE CITY KS CLIMATE NORMALS FOR TOMORROW
                         NORMAL    RECORD    YEAR
 MAXIMUM TEMPERATURE (F)   81       100      2002
                                             1953
 MINIMUM TEMPERATURE (F)   57        44      1903


SUNRISE AND SUNSET
MAY 30 2016...........SUNRISE   620 AM CDT   SUNSET   855 PM CDT
MAY 31 2016...........SUNRISE   620 AM CDT   SUNSET   856 PM CDT


-  INDICATES NEGATIVE NUMBERS.
R  INDICATES RECORD WAS SET OR TIED.
MM INDICATES DATA IS MISSING.
T  INDICATES TRACE AMOUNT.




$$
