000
CDUS45 KCYS 290727
CLIDGW


CLIMATE REPORT
NATIONAL WEATHER SERVICE CHEYENNE WY
127 AM MDT WED JUL 29 2015


...................................

...THE DOUGLAS WY AIRPORT CLIMATE SUMMARY FOR JULY 28 2015...

CLIMATE NORMAL PERIOD 1981 TO 2010
CLIMATE RECORD PERIOD 1998 TO 2015


WEATHER ITEM   OBSERVED TIME   RECORD YEAR NORMAL DEPARTURE LAST
                VALUE   (LST)  VALUE       VALUE  FROM      YEAR
                                                  NORMAL
..................................................................
TEMPERATURE (F)
 YESTERDAY
  MAXIMUM         79    413 PM 104    2006  89    -10       91
  MINIMUM         46R  1139 PM  50    2004  55     -9       54
                                      2000
  AVERAGE         63                        72     -9       73

PRECIPITATION (IN)
  YESTERDAY        0.00          0.24 2013   0.03  -0.03     0.00
  MONTH TO DATE    0.90                      1.25  -0.35     1.96
  SINCE JAN 1     11.43                      8.80   2.63     8.79

DEGREE DAYS
 HEATING
  YESTERDAY        2                         0      2        0
  MONTH TO DATE   13                         9      4       14
  SINCE JUN 1     35                       119    -84      157
  SINCE JUL 1     13                         9      4       14

 COOLING
  YESTERDAY        0                         8     -8        8
  MONTH TO DATE  144                       183    -39      200
  SINCE JUN 1    228                       254    -26      227
  SINCE JAN 1    229                       260    -31      232
..................................................................


WIND (MPH)
  HIGHEST WIND SPEED    31   HIGHEST WIND DIRECTION     W (280)
  HIGHEST GUST SPEED    38   HIGHEST GUST DIRECTION     W (280)
  AVERAGE WIND SPEED    12.7


SKY COVER
  AVERAGE SKY COVER 0.0


WEATHER CONDITIONS
 THE FOLLOWING WEATHER WAS RECORDED YESTERDAY.
  NO SIGNIFICANT WEATHER WAS OBSERVED.


RELATIVE HUMIDITY (PERCENT)
 HIGHEST    80           100 AM
 LOWEST      9           300 PM
 AVERAGE    45

..........................................................


THE DOUGLAS WY AIRPORT CLIMATE NORMALS FOR TODAY
                         NORMAL    RECORD    YEAR
 MAXIMUM TEMPERATURE (F)   89       105      2006
 MINIMUM TEMPERATURE (F)   55        47      2009


SUNRISE AND SUNSET
JULY 29 2015..........SUNRISE   550 AM MDT   SUNSET   826 PM MDT
JULY 30 2015..........SUNRISE   551 AM MDT   SUNSET   825 PM MDT


-  INDICATES NEGATIVE NUMBERS.
R  INDICATES RECORD WAS SET OR TIED.
MM INDICATES DATA IS MISSING.
T  INDICATES TRACE AMOUNT.




$$
