000
CDUS45 KCYS 290735
CLIDGW


CLIMATE REPORT
NATIONAL WEATHER SERVICE CHEYENNE WY
135 AM MDT TUE JUL 29 2014


...................................

...THE DOUGLAS WY AIRPORT CLIMATE SUMMARY FOR JULY 28 2014...

CLIMATE NORMAL PERIOD 1981 TO 2010
CLIMATE RECORD PERIOD 1998 TO 2014


WEATHER ITEM   OBSERVED TIME   RECORD YEAR NORMAL DEPARTURE LAST
                VALUE   (LST)  VALUE       VALUE  FROM      YEAR
                                                  NORMAL
..................................................................
TEMPERATURE (F)
 YESTERDAY
  MAXIMUM         91    240 PM 104    2006  89      2       83
  MINIMUM         54    449 AM  50    2004  55     -1       58
                                      2000
  AVERAGE         73                        72      1       71

PRECIPITATION (IN)
  YESTERDAY        0.00          0.24 2013   0.03  -0.03     0.24
  MONTH TO DATE    1.96                      1.25   0.71     0.47
  SINCE JAN 1      8.79                      8.80  -0.01     5.66

DEGREE DAYS
 HEATING
  YESTERDAY        0                         0      0        0
  MONTH TO DATE   14                         9      5        0
  SINCE JUN 1    157                       119     38       56
  SINCE JUL 1     14                         9      5        0

 COOLING
  YESTERDAY        8                         8      0        6
  MONTH TO DATE  200                       183     17      261
  SINCE JUN 1    227                       254    -27      367
  SINCE JAN 1    232                       260    -28      383
..................................................................


WIND (MPH)
  HIGHEST WIND SPEED    20   HIGHEST WIND DIRECTION     E (110)
  HIGHEST GUST SPEED    24   HIGHEST GUST DIRECTION     E (110)
  AVERAGE WIND SPEED     8.4


SKY COVER
  AVERAGE SKY COVER 0.0


WEATHER CONDITIONS
 THE FOLLOWING WEATHER WAS RECORDED YESTERDAY.
  NO SIGNIFICANT WEATHER WAS OBSERVED.


RELATIVE HUMIDITY (PERCENT)
 HIGHEST    72           500 AM
 LOWEST     16           300 PM
 AVERAGE    44

..........................................................


THE DOUGLAS WY AIRPORT CLIMATE NORMALS FOR TODAY
                         NORMAL    RECORD    YEAR
 MAXIMUM TEMPERATURE (F)   89       105      2006
 MINIMUM TEMPERATURE (F)   55        47      2009


SUNRISE AND SUNSET
JULY 29 2014..........SUNRISE   550 AM MDT   SUNSET   825 PM MDT
JULY 30 2014..........SUNRISE   551 AM MDT   SUNSET   824 PM MDT


-  INDICATES NEGATIVE NUMBERS.
R  INDICATES RECORD WAS SET OR TIED.
MM INDICATES DATA IS MISSING.
T  INDICATES TRACE AMOUNT.




$$
