000
CDUS44 KTAE 230632
CLIDHN


CLIMATE REPORT
NATIONAL WEATHER SERVICE TALLAHASSEE FL
132 AM EST MON JAN 23 2017


...................................

...THE DOTHAN CLIMATE SUMMARY FOR JANUARY 22 2017...

CLIMATE NORMAL PERIOD 1981 TO 2010
CLIMATE RECORD PERIOD 1965 TO 2017


WEATHER ITEM   OBSERVED TIME   NORMAL DEPARTURE LAST
                VALUE   (LST)  VALUE  FROM      YEAR
                                      NORMAL
......................................................
TEMPERATURE (F)
 YESTERDAY
  MAXIMUM         71    201 PM  60     11       61
  MINIMUM         53   1159 PM  38     15       34
  AVERAGE         62            49     13       48

PRECIPITATION (IN)
  YESTERDAY        1.83          0.15   1.68     0.94
  MONTH TO DATE   14.32          2.92  11.40     3.66
  SINCE DEC 1     24.68          7.31  17.37    13.79
  SINCE JAN 1     14.32          2.92  11.40     3.66

SNOWFALL (IN)
  YESTERDAY        0.0

DEGREE DAYS
 HEATING
  YESTERDAY        3            16    -13       17
  MONTH TO DATE  168           363   -195      391
  SINCE DEC 1    449           799   -350      572
  SINCE JUL 1    610          1076   -466      707
......................................................


WIND (MPH)
  HIGHEST WIND SPEED    35   HIGHEST WIND DIRECTION     W (260)
  HIGHEST GUST SPEED    44   HIGHEST GUST DIRECTION    NW (300)
  AVERAGE WIND SPEED    10.9








-  INDICATES NEGATIVE NUMBERS.
R  INDICATES RECORD WAS SET OR TIED.
MM INDICATES DATA IS MISSING.
T  INDICATES TRACE AMOUNT.




$$
