000
CDUS44 KTAE 232126
CLIDHN


CLIMATE REPORT
NATIONAL WEATHER SERVICE TALLAHASSEE FL
525 PM EDT TUE SEP 23 2014


...................................

...THE DOTHAN CLIMATE SUMMARY FOR SEPTEMBER 23 2014...
VALID TODAY AS OF 0500 PM LOCAL TIME.

CLIMATE NORMAL PERIOD 1981 TO 2010
CLIMATE RECORD PERIOD 1965 TO 2014


WEATHER ITEM   OBSERVED TIME   NORMAL DEPARTURE LAST
                VALUE   (LST)  VALUE  FROM      YEAR
                                      NORMAL
......................................................
TEMPERATURE (F)
 TODAY
  MAXIMUM         82    240 PM  86     -4       83
  MINIMUM         62    108 AM  63     -1       71
  AVERAGE         72            75     -3       77

PRECIPITATION (IN)
  TODAY            0.00          0.09  -0.09     4.09
  MONTH TO DATE    2.33          2.95  -0.62     7.79
  SINCE SEP 1      2.33          2.95  -0.62     7.79
  SINCE JAN 1     42.27         41.34   0.93    65.63

......................................................










-  INDICATES NEGATIVE NUMBERS.
R  INDICATES RECORD WAS SET OR TIED.
MM INDICATES DATA IS MISSING.
T  INDICATES TRACE AMOUNT.




$$
