000
CDUS44 KTAE 280633
CLIDHN


CLIMATE REPORT
NATIONAL WEATHER SERVICE TALLAHASSEE FL
232 AM EDT TUE JUL 28 2015


...................................

...THE DOTHAN CLIMATE SUMMARY FOR JULY 27 2015...

CLIMATE NORMAL PERIOD 1981 TO 2010
CLIMATE RECORD PERIOD 1965 TO 2015


WEATHER ITEM   OBSERVED TIME   NORMAL DEPARTURE LAST
                VALUE   (LST)  VALUE  FROM      YEAR
                                      NORMAL
......................................................
TEMPERATURE (F)
 YESTERDAY
  MAXIMUM         96    347 PM  92      4       94
  MINIMUM         71    521 AM  72     -1       76
  AVERAGE         84            82      2       85

PRECIPITATION (IN)
  YESTERDAY        0.00          0.18  -0.18     0.00
  MONTH TO DATE    4.02          5.18  -1.16     3.23
  SINCE JUN 1      7.22         10.78  -3.56     5.71
  SINCE JAN 1     31.47         33.14  -1.67    35.78

SNOWFALL (IN)
  YESTERDAY        0.0

DEGREE DAYS
 COOLING
  YESTERDAY       19            17      2       20
  MONTH TO DATE  499           458     41      445
  SINCE JUN 1    972           902     70      919
  SINCE JAN 1   1560          1315    245     1304
......................................................


WIND (MPH)
  HIGHEST WIND SPEED    15   HIGHEST WIND DIRECTION    NE (40)
  HIGHEST GUST SPEED    18   HIGHEST GUST DIRECTION    NE (30)
  AVERAGE WIND SPEED     3.4








-  INDICATES NEGATIVE NUMBERS.
R  INDICATES RECORD WAS SET OR TIED.
MM INDICATES DATA IS MISSING.
T  INDICATES TRACE AMOUNT.




$$
