000
CDUS44 KTAE 290635
CLIDHN


CLIMATE REPORT
NATIONAL WEATHER SERVICE TALLAHASSEE FL
234 AM EDT SUN MAY 29 2016


...................................

...THE DOTHAN CLIMATE SUMMARY FOR MAY 28 2016...

CLIMATE NORMAL PERIOD 1981 TO 2010
CLIMATE RECORD PERIOD 1965 TO 2016


WEATHER ITEM   OBSERVED TIME   NORMAL DEPARTURE LAST
                VALUE   (LST)  VALUE  FROM      YEAR
                                      NORMAL
......................................................
TEMPERATURE (F)
 YESTERDAY
  MAXIMUM         90    216 PM  88      2       86
  MINIMUM         69    529 AM  66      3       68
  AVERAGE         80            77      3       77

PRECIPITATION (IN)
  YESTERDAY        0.00          0.18  -0.18      T
  MONTH TO DATE    1.50          3.01  -1.51     5.42
  SINCE MAR 1     13.45         12.41   1.04    17.58
  SINCE JAN 1     24.30         21.81   2.49    24.25

SNOWFALL (IN)
  YESTERDAY        0.0

DEGREE DAYS
 COOLING
  YESTERDAY       15            12      3       12
  MONTH TO DATE  237           255    -18      304
  SINCE MAR 1    397           366     31      544
  SINCE JAN 1    403           376     27      548
......................................................


WIND (MPH)
  HIGHEST WIND SPEED    14   HIGHEST WIND DIRECTION    NW (330)
  HIGHEST GUST SPEED    17   HIGHEST GUST DIRECTION    SW (240)
  AVERAGE WIND SPEED     6.4








-  INDICATES NEGATIVE NUMBERS.
R  INDICATES RECORD WAS SET OR TIED.
MM INDICATES DATA IS MISSING.
T  INDICATES TRACE AMOUNT.




$$
