000
CDUS44 KTAE 240631
CLIDHN


CLIMATE REPORT
NATIONAL WEATHER SERVICE TALLAHASSEE FL
230 AM EDT FRI MAR 24 2017


...................................

...THE DOTHAN CLIMATE SUMMARY FOR MARCH 23 2017...

CLIMATE NORMAL PERIOD 1981 TO 2010
CLIMATE RECORD PERIOD 1965 TO 2017


WEATHER ITEM   OBSERVED TIME   NORMAL DEPARTURE LAST
                VALUE   (LST)  VALUE  FROM      YEAR
                                      NORMAL
......................................................
TEMPERATURE (F)
 YESTERDAY
  MAXIMUM         74    128 PM  72      2       74
  MINIMUM         58    604 AM  48     10       43
  AVERAGE         66            60      6       59

PRECIPITATION (IN)
  YESTERDAY        0.00          0.21  -0.21     0.00
  MONTH TO DATE    1.01          3.97  -2.96     2.27
  SINCE MAR 1      1.01          3.97  -2.96     2.27
  SINCE JAN 1     20.60         13.37   7.23    13.12

SNOWFALL (IN)
  YESTERDAY        0.0

DEGREE DAYS
 HEATING
  YESTERDAY        0             6     -6        6
  MONTH TO DATE  171           172     -1      114
  SINCE MAR 1    171           172     -1      114
  SINCE JUL 1   1030          1731   -701     1292

 COOLING
  YESTERDAY        1             1      0        0
  MONTH TO DATE   26            22      4       64
  SINCE MAR 1     26            22      4       64
  SINCE JAN 1     64            32     32       70
......................................................


WIND (MPH)
  HIGHEST WIND SPEED    18   HIGHEST WIND DIRECTION    SE (120)
  HIGHEST GUST SPEED    26   HIGHEST GUST DIRECTION     E (90)
  AVERAGE WIND SPEED    11.0








-  INDICATES NEGATIVE NUMBERS.
R  INDICATES RECORD WAS SET OR TIED.
MM INDICATES DATA IS MISSING.
T  INDICATES TRACE AMOUNT.




$$
