000
CDUS44 KAMA 040636
CLIDHT


CLIMATE REPORT
NATIONAL WEATHER SERVICE AMARILLO TX
135 AM CDT SAT JUL 4 2015


...................................

...THE DALHART CLIMATE SUMMARY FOR JULY 3 2015...

CLIMATE NORMAL PERIOD 1981 TO 2010
CLIMATE RECORD PERIOD 1894 TO 2015


WEATHER ITEM   OBSERVED TIME   RECORD YEAR NORMAL DEPARTURE LAST
                VALUE   (LST)  VALUE       VALUE  FROM      YEAR
                                                  NORMAL
..................................................................
TEMPERATURE (F)
 YESTERDAY
  MAXIMUM         95    435 PM 105    1957  91      4       85
  MINIMUM         63    558 AM  54    2013  61      2       61
                                      1985
  AVERAGE         79                        76      3       73

PRECIPITATION (IN)
  YESTERDAY        T             1.00 2008   0.08  -0.08     0.00
  MONTH TO DATE    T                         0.25  -0.25     0.09
  SINCE JUN 1      0.85                      2.55  -1.70     3.86
  SINCE JAN 1      7.56                      7.96  -0.40     5.70

SNOWFALL (IN)
  YESTERDAY        0.0           0.0    MM   0.0    0.0      0.0
  MONTH TO DATE    0.0                       0.0    0.0      0.0
  SINCE JUN 1      0.0                       0.0    0.0      0.0
  SINCE JUL 1      0.0                       0.0    0.0      0.0
  SNOW DEPTH       0

DEGREE DAYS
 HEATING
  YESTERDAY        0                         0      0        0
  MONTH TO DATE    0                         0      0        0
  SINCE JUN 1      0                        12    -12        4
  SINCE JUL 1      0                         0      0        0

 COOLING
  YESTERDAY       14                        11      3        8
  MONTH TO DATE   45                        33     12       20
  SINCE JUN 1    378                       273    105      316
  SINCE JAN 1    400                       345     55      436
..................................................................


WIND (MPH)
  RESULTANT WIND SPEED   2   RESULTANT WIND DIRECTION  SE (120)
  HIGHEST WIND SPEED    23   HIGHEST WIND DIRECTION     S (170)
  HIGHEST GUST SPEED    30   HIGHEST GUST DIRECTION     S (170)
  AVERAGE WIND SPEED     8.5


SKY COVER
  AVERAGE SKY COVER 0.1


WEATHER CONDITIONS
 THE FOLLOWING WEATHER WAS RECORDED YESTERDAY.
  THUNDERSTORM
  LIGHT RAIN
  FOG


RELATIVE HUMIDITY (PERCENT)
 HIGHEST    93           600 AM
 LOWEST     23           200 PM
 AVERAGE    58

..........................................................


THE DALHART CLIMATE NORMALS FOR TODAY
                         NORMAL    RECORD    YEAR
 MAXIMUM TEMPERATURE (F)   91       102      1980
 MINIMUM TEMPERATURE (F)   62        52      1972


SUNRISE AND SUNSET
JULY  4 2015..........SUNRISE   638 AM CDT   SUNSET   911 PM CDT
JULY  5 2015..........SUNRISE   639 AM CDT   SUNSET   910 PM CDT


-  INDICATES NEGATIVE NUMBERS.
R  INDICATES RECORD WAS SET OR TIED.
MM INDICATES DATA IS MISSING.
T  INDICATES TRACE AMOUNT.




$$
