000
CDUS44 KAMA 300641
CLIDHT


CLIMATE REPORT
NATIONAL WEATHER SERVICE AMARILLO TX
138 AM CDT SAT MAY 30 2015


...................................

...THE DALHART CLIMATE SUMMARY FOR MAY 29 2015...

CLIMATE NORMAL PERIOD 1981 TO 2010
CLIMATE RECORD PERIOD 1894 TO 2015


WEATHER ITEM   OBSERVED TIME   RECORD YEAR NORMAL DEPARTURE LAST
                VALUE   (LST)  VALUE       VALUE  FROM      YEAR
                                                  NORMAL
..................................................................
TEMPERATURE (F)
 YESTERDAY
  MAXIMUM         77    255 PM 102    2011  82     -5       88
  MINIMUM         53    524 AM  38    1973  53      0       57
  AVERAGE         65                        68     -3       73

PRECIPITATION (IN)
  YESTERDAY        T             2.08 1990   0.09  -0.09     0.00
  MONTH TO DATE    2.02                      2.07  -0.05     1.38
  SINCE MAR 1      3.40                      4.32  -0.92     1.58
  SINCE JAN 1      6.71                      5.24   1.47     1.67

SNOWFALL (IN)
  YESTERDAY        0.0           T    1990   0.0    0.0      0.0
  MONTH TO DATE    0.0                       0.1   -0.1      0.0
  SINCE MAR 1      0.8                       5.5   -4.7      2.1
  SINCE JUL 1     34.1                      19.0   15.1     17.4
  SNOW DEPTH       0

DEGREE DAYS
 HEATING
  YESTERDAY        0                         1     -1        0
  MONTH TO DATE  127                       112     15       92
  SINCE MAR 1    861                      1071   -210      999
  SINCE JUL 1   4154                      4714   -560     4593

 COOLING
  YESTERDAY        0                         4     -4        8
  MONTH TO DATE   20                        57    -37       83
  SINCE MAR 1     21                        63    -42       99
  SINCE JAN 1     21                        63    -42       99
..................................................................


WIND (MPH)
  RESULTANT WIND SPEED  10   RESULTANT WIND DIRECTION   N (20)
  HIGHEST WIND SPEED    37   HIGHEST WIND DIRECTION    NE (30)
  HIGHEST GUST SPEED    45   HIGHEST GUST DIRECTION    NE (30)
  AVERAGE WIND SPEED    12.5


SKY COVER
  AVERAGE SKY COVER 0.3


WEATHER CONDITIONS
 THE FOLLOWING WEATHER WAS RECORDED YESTERDAY.
  THUNDERSTORM
  LIGHT RAIN


RELATIVE HUMIDITY (PERCENT)
 HIGHEST    93           400 AM
 LOWEST     38           100 PM
 AVERAGE    66

..........................................................


THE DALHART CLIMATE NORMALS FOR TODAY
                         NORMAL    RECORD    YEAR
 MAXIMUM TEMPERATURE (F)   83        99      2000
 MINIMUM TEMPERATURE (F)   53        41      1975


SUNRISE AND SUNSET
MAY 30 2015...........SUNRISE   636 AM CDT   SUNSET   900 PM CDT
MAY 31 2015...........SUNRISE   635 AM CDT   SUNSET   901 PM CDT


-  INDICATES NEGATIVE NUMBERS.
R  INDICATES RECORD WAS SET OR TIED.
MM INDICATES DATA IS MISSING.
T  INDICATES TRACE AMOUNT.




$$
