000
CDUS44 KAMA 110627
CLIDHT


CLIMATE REPORT
NATIONAL WEATHER SERVICE AMARILLO TX
127 AM CDT FRI JUL 11 2014


...................................

...THE DALHART CLIMATE SUMMARY FOR JULY 10 2014...

CLIMATE NORMAL PERIOD 1981 TO 2010
CLIMATE RECORD PERIOD 1894 TO 2014


WEATHER ITEM   OBSERVED TIME   RECORD YEAR NORMAL DEPARTURE LAST
                VALUE   (LST)  VALUE       VALUE  FROM      YEAR
                                                  NORMAL
..................................................................
TEMPERATURE (F)
 YESTERDAY
  MAXIMUM         97    410 PM 103    2009  92      5       96
  MINIMUM         64    540 AM  56    1961  62      2       70
  AVERAGE         81                        77      4       83

PRECIPITATION (IN)
  YESTERDAY        0.00          1.26 1949   0.08  -0.08     0.04
  MONTH TO DATE    0.09                      0.80  -0.71     0.04
  SINCE JUN 1      3.86                      3.10   0.76     0.67
  SINCE JAN 1      5.70                      8.51  -2.81     1.97

SNOWFALL (IN)
  YESTERDAY        0.0           0.0    MM   0.0    0.0      0.0
  MONTH TO DATE    0.0                       0.0    0.0      0.0
  SINCE JUN 1      0.0                       0.0    0.0      0.0
  SINCE JUL 1      0.0                       0.0    0.0      0.0
  SNOW DEPTH       0

DEGREE DAYS
 HEATING
  YESTERDAY        0                         0      0        0
  MONTH TO DATE    0                         0      0        0
  SINCE JUN 1      4                        12     -8        0
  SINCE JUL 1      0                         0      0        0

 COOLING
  YESTERDAY       16                        12      4       18
  MONTH TO DATE  116                       116      0      137
  SINCE JUN 1    412                       356     56      544
  SINCE JAN 1    532                       428    104      698
..................................................................


WIND (MPH)
  RESULTANT WIND SPEED  13   RESULTANT WIND DIRECTION   S (190)
  HIGHEST WIND SPEED    28   HIGHEST WIND DIRECTION     S (190)
  HIGHEST GUST SPEED    35   HIGHEST GUST DIRECTION     S (170)
  AVERAGE WIND SPEED    15.1


SKY COVER
  AVERAGE SKY COVER 0.0


WEATHER CONDITIONS
 THE FOLLOWING WEATHER WAS RECORDED YESTERDAY.
  NO SIGNIFICANT WEATHER WAS OBSERVED.


RELATIVE HUMIDITY (PERCENT)
 HIGHEST    73           600 AM
 LOWEST     18           400 PM
 AVERAGE    46

..........................................................


THE DALHART CLIMATE NORMALS FOR TODAY
                         NORMAL    RECORD    YEAR
 MAXIMUM TEMPERATURE (F)   92       103      1954
 MINIMUM TEMPERATURE (F)   62        55      1961


SUNRISE AND SUNSET
JULY 11 2014..........SUNRISE   642 AM CDT   SUNSET   909 PM CDT
JULY 12 2014..........SUNRISE   643 AM CDT   SUNSET   908 PM CDT


-  INDICATES NEGATIVE NUMBERS.
R  INDICATES RECORD WAS SET OR TIED.
MM INDICATES DATA IS MISSING.
T  INDICATES TRACE AMOUNT.




$$
