039
CDUS44 KAMA 230626
CLIDHT


CLIMATE REPORT
NATIONAL WEATHER SERVICE AMARILLO TX
126 AM CDT SAT SEP 23 2017


...................................

...THE DALHART CLIMATE SUMMARY FOR SEPTEMBER 22 2017...

CLIMATE NORMAL PERIOD 1981 TO 2010
CLIMATE RECORD PERIOD 1948 TO 2017


WEATHER ITEM   OBSERVED TIME   RECORD YEAR NORMAL DEPARTURE LAST
                VALUE   (LST)  VALUE       VALUE  FROM      YEAR
                                                  NORMAL
..................................................................
TEMPERATURE (F)
 YESTERDAY
  MAXIMUM         92    319 PM  93    2000  80     12       91
  MINIMUM         64    702 AM  37    1995  50     14       57
  AVERAGE         78                        65     13       74

PRECIPITATION (IN)
  YESTERDAY        0.34          0.45 2004   0.05   0.29     0.00
  MONTH TO DATE    0.57                      1.25  -0.68     3.27
  SINCE SEP 1      0.57                      1.25  -0.68     3.27
  SINCE JAN 1     17.81                     14.60   3.21    17.46

SNOWFALL (IN)
  YESTERDAY        0.0           0.0    MM   0.0    0.0      0.0
  MONTH TO DATE    0.0                       0.0    0.0      0.0
  SINCE SEP 1      0.0                       0.0    0.0      0.0
  SINCE JUL 1      0.0                       0.0    0.0      0.0
  SNOW DEPTH       0

DEGREE DAYS
 HEATING
  YESTERDAY        0                         3     -3        0
  MONTH TO DATE    0                        28    -28        1
  SINCE SEP 1      0                        28    -28        1
  SINCE JUL 1      0                        31    -31        1

 COOLING
  YESTERDAY       13                         3     10        9
  MONTH TO DATE  146                       116     30      207
  SINCE SEP 1    146                       116     30      207
  SINCE JAN 1   1294                      1112    182     1482
..................................................................


WIND (MPH)
  RESULTANT WIND SPEED  16   RESULTANT WIND DIRECTION   S (180)
  HIGHEST WIND SPEED    38   HIGHEST WIND DIRECTION     S (180)
  HIGHEST GUST SPEED    46   HIGHEST GUST DIRECTION     S (180)
  AVERAGE WIND SPEED    16.9


SKY COVER
  AVERAGE SKY COVER 0.2


WEATHER CONDITIONS
 THE FOLLOWING WEATHER WAS RECORDED YESTERDAY.
  THUNDERSTORM
  RAIN
  LIGHT RAIN


RELATIVE HUMIDITY (PERCENT)
 HIGHEST    87           700 AM
 LOWEST     29           400 PM
 AVERAGE    58

..........................................................


THE DALHART CLIMATE NORMALS FOR TODAY
                         NORMAL    RECORD    YEAR
 MAXIMUM TEMPERATURE (F)   79        96      1953
 MINIMUM TEMPERATURE (F)   50        36      2009


SUNRISE AND SUNSET
SEPTEMBER 23 2017.....SUNRISE   739 AM CDT   SUNSET   745 PM CDT
SEPTEMBER 24 2017.....SUNRISE   740 AM CDT   SUNSET   744 PM CDT


-  INDICATES NEGATIVE NUMBERS.
R  INDICATES RECORD WAS SET OR TIED.
MM INDICATES DATA IS MISSING.
T  INDICATES TRACE AMOUNT.




$$
