120
CDUS44 KAMA 250726
CLIDHT


CLIMATE REPORT
NATIONAL WEATHER SERVICE AMARILLO TX
126 AM CST SAT FEB 25 2017


...................................

...THE DALHART CLIMATE SUMMARY FOR FEBRUARY 24 2017...

CLIMATE NORMAL PERIOD 1981 TO 2010
CLIMATE RECORD PERIOD 1948 TO 2017


WEATHER ITEM   OBSERVED TIME   RECORD YEAR NORMAL DEPARTURE LAST
                VALUE   (LST)  VALUE       VALUE  FROM      YEAR
                                                  NORMAL
..................................................................
TEMPERATURE (F)
 YESTERDAY
  MAXIMUM         45    357 PM  77    1986  55    -10       61
  MINIMUM         22   1159 PM   2    1965  25     -3       22
  AVERAGE         34                        40     -6       42

PRECIPITATION (IN)
  YESTERDAY        0.00          0.09 1951   0.02  -0.02     0.00
  MONTH TO DATE    0.05                      0.34  -0.29     0.14
  SINCE DEC 1      1.28                      1.40  -0.12     0.93
  SINCE JAN 1      1.08                      0.86   0.22     0.38

SNOWFALL (IN)
  YESTERDAY        0.0           0.3  2013   0.1   -0.1      0.0
  MONTH TO DATE    T                         2.7   -2.7      0.7
  SINCE DEC 1      1.3                      11.3  -10.0      6.2
  SINCE JUL 1      1.3                      13.2  -11.9      6.7
  SNOW DEPTH       0

DEGREE DAYS
 HEATING
  YESTERDAY       31                        25      6       23
  MONTH TO DATE  441                       662   -221      494
  SINCE DEC 1   2155                      2549   -394     2148
  SINCE JUL 1   2731                      3544   -813     2858

 COOLING
  YESTERDAY        0                         0      0        0
  MONTH TO DATE    0                         0      0        0
  SINCE DEC 1      0                         0      0        0
  SINCE JAN 1      0                         0      0        0
..................................................................


WIND (MPH)
  RESULTANT WIND SPEED  13   RESULTANT WIND DIRECTION   N (20)
  HIGHEST WIND SPEED    23   HIGHEST WIND DIRECTION     N (10)
  HIGHEST GUST SPEED    29   HIGHEST GUST DIRECTION     N (360)
  AVERAGE WIND SPEED    13.0


SKY COVER
  AVERAGE SKY COVER 0.2


WEATHER CONDITIONS
 THE FOLLOWING WEATHER WAS RECORDED YESTERDAY.
  NO SIGNIFICANT WEATHER WAS OBSERVED.


RELATIVE HUMIDITY (PERCENT)
 HIGHEST    78           200 AM
 LOWEST     28           400 PM
 AVERAGE    53

..........................................................


THE DALHART CLIMATE NORMALS FOR TODAY
                         NORMAL    RECORD    YEAR
 MAXIMUM TEMPERATURE (F)   55        82      1986
 MINIMUM TEMPERATURE (F)   25         4      1960


SUNRISE AND SUNSET
FEBRUARY 25 2017......SUNRISE   725 AM CST   SUNSET   642 PM CST
FEBRUARY 26 2017......SUNRISE   724 AM CST   SUNSET   643 PM CST


-  INDICATES NEGATIVE NUMBERS.
R  INDICATES RECORD WAS SET OR TIED.
MM INDICATES DATA IS MISSING.
T  INDICATES TRACE AMOUNT.




$$
