000
CDUS44 KAMA 190627
CLIDHT


CLIMATE REPORT
NATIONAL WEATHER SERVICE AMARILLO TX
127 AM CDT FRI SEP 19 2014


...................................

...THE DALHART CLIMATE SUMMARY FOR SEPTEMBER 18 2014...

CLIMATE NORMAL PERIOD 1981 TO 2010
CLIMATE RECORD PERIOD 1894 TO 2014


WEATHER ITEM   OBSERVED TIME   RECORD YEAR NORMAL DEPARTURE LAST
                VALUE   (LST)  VALUE       VALUE  FROM      YEAR
                                                  NORMAL
..................................................................
TEMPERATURE (F)
 YESTERDAY
  MAXIMUM         82    330 PM  98    1997  81      1       87
  MINIMUM         54    708 AM  37    1971  52      2       63
  AVERAGE         68                        66      2       75

PRECIPITATION (IN)
  YESTERDAY        0.00          1.31 1987   0.06  -0.06     0.00
  MONTH TO DATE    1.13                      1.04   0.09     1.51
  SINCE SEP 1      1.13                      1.04   0.09     1.51
  SINCE JAN 1      9.77                     14.39  -4.62     6.53

SNOWFALL (IN)
  YESTERDAY        0.0           0.0    MM   0.0    0.0      0.0
  MONTH TO DATE    0.0                       0.0    0.0      0.0
  SINCE SEP 1      0.0                       0.0    0.0      0.0
  SINCE JUL 1      0.0                       0.0    0.0      0.0
  SNOW DEPTH       0

DEGREE DAYS
 HEATING
  YESTERDAY        0                         2     -2        0
  MONTH TO DATE   21                        17      4        0
  SINCE SEP 1     21                        17      4        0
  SINCE JUL 1     21                        20      1        0

 COOLING
  YESTERDAY        3                         4     -1       10
  MONTH TO DATE  111                       104      7      176
  SINCE SEP 1    111                       104      7      176
  SINCE JAN 1   1326                      1100    226     1529
..................................................................


WIND (MPH)
  RESULTANT WIND SPEED   6   RESULTANT WIND DIRECTION   S (170)
  HIGHEST WIND SPEED    20   HIGHEST WIND DIRECTION    SE (130)
  HIGHEST GUST SPEED    24   HIGHEST GUST DIRECTION    SE (130)
  AVERAGE WIND SPEED     7.9


SKY COVER
  AVERAGE SKY COVER 0.2


WEATHER CONDITIONS
 THE FOLLOWING WEATHER WAS RECORDED YESTERDAY.
  FOG
  FOG W/VISIBILITY <= 1/4 MILE


RELATIVE HUMIDITY (PERCENT)
 HIGHEST    93           200 AM
 LOWEST     51           100 PM
 AVERAGE    72

..........................................................


THE DALHART CLIMATE NORMALS FOR TODAY
                         NORMAL    RECORD    YEAR
 MAXIMUM TEMPERATURE (F)   81        97      1983
 MINIMUM TEMPERATURE (F)   51        37      2003


SUNRISE AND SUNSET
SEPTEMBER 19 2014.....SUNRISE   736 AM CDT   SUNSET   751 PM CDT
SEPTEMBER 20 2014.....SUNRISE   737 AM CDT   SUNSET   750 PM CDT


-  INDICATES NEGATIVE NUMBERS.
R  INDICATES RECORD WAS SET OR TIED.
MM INDICATES DATA IS MISSING.
T  INDICATES TRACE AMOUNT.




$$
