000
CDUS43 KBIS 020028
CLIDIK


CLIMATE REPORT
NATIONAL WEATHER SERVICE BISMARCK ND
628 PM CST SUN MAR 1 2015


...................................

...THE DICKINSON ND CLIMATE SUMMARY FOR MARCH 1 2015...
VALID TODAY AS OF 0600 PM LOCAL TIME.

CLIMATE NORMAL PERIOD 1981 TO 2010
CLIMATE RECORD PERIOD 1903 TO 2015


WEATHER ITEM   OBSERVED TIME   RECORD YEAR NORMAL DEPARTURE LAST
                VALUE   (LST)  VALUE       VALUE  FROM      YEAR
                                                  NORMAL
..................................................................
TEMPERATURE (F)
 TODAY
  MAXIMUM         28    134 PM  70    1992  35     -7       -8
  MINIMUM         10    153 AM -28    1962  14     -4      -17
  AVERAGE         19                        24     -5      -12

PRECIPITATION (IN)
  TODAY            T             0.32 1953   0.01  -0.01     0.00
  MONTH TO DATE    T                         0.01  -0.01     0.00
  SINCE MAR 1      T                         0.01  -0.01     0.00
  SINCE JAN 1      0.27                      0.64  -0.37     0.17

DEGREE DAYS
 HEATING
  TODAY           46                        41      5       77
  MONTH TO DATE   46                        41      5       77
  SINCE MAR 1     46                        41      5       77
  SINCE JUL 1   6161                      6335   -174     6719

 COOLING
  TODAY            0                         0      0        0
  MONTH TO DATE    0                         0      0        0
  SINCE MAR 1      0                         0      0        0
  SINCE JAN 1      0                         0      0        0
..................................................................


WIND (MPH)
  RESULTANT WIND SPEED  13   RESULTANT WIND DIRECTION   W (270)
  HIGHEST WIND SPEED    23   HIGHEST WIND DIRECTION    NW (300)
  HIGHEST GUST SPEED    28   HIGHEST GUST DIRECTION     W (280)
  AVERAGE WIND SPEED    14.5


SKY COVER
  POSSIBLE SUNSHINE  MM
  AVERAGE SKY COVER 0.5


WEATHER CONDITIONS
 THE FOLLOWING WEATHER WAS RECORDED TODAY.
  LIGHT SNOW
  HAZE


RELATIVE HUMIDITY (PERCENT)
 HIGHEST    83           600 AM
 LOWEST     50           100 PM
 AVERAGE    67

..........................................................


THE DICKINSON ND CLIMATE NORMALS FOR TOMORROW
                         NORMAL    RECORD    YEAR
 MAXIMUM TEMPERATURE (F)   35        70      1905
 MINIMUM TEMPERATURE (F)   14       -29      1916


SUNRISE AND SUNSET
MARCH  1 2015.........SUNRISE   631 AM MST   SUNSET   537 PM MST
MARCH  2 2015.........SUNRISE   629 AM MST   SUNSET   538 PM MST


-  INDICATES NEGATIVE NUMBERS.
R  INDICATES RECORD WAS SET OR TIED.
MM INDICATES DATA IS MISSING.
T  INDICATES TRACE AMOUNT.




$$
