000
CDUS43 KBIS 080744
CLIDIK


CLIMATE REPORT
NATIONAL WEATHER SERVICE BISMARCK ND
144 AM CST THU DEC 8 2016


...................................

...THE DICKINSON ND CLIMATE SUMMARY FOR DECEMBER 7 2016...

CLIMATE NORMAL PERIOD 1981 TO 2010
CLIMATE RECORD PERIOD 1893 TO 2016


WEATHER ITEM   OBSERVED TIME   RECORD YEAR NORMAL DEPARTURE LAST
                VALUE   (LST)  VALUE       VALUE  FROM      YEAR
                                                  NORMAL
..................................................................
TEMPERATURE (F)
 YESTERDAY
  MAXIMUM          2    642 AM  55    1923  30    -28       52
  MINIMUM         -4   1159 PM -27    1936  10    -14       32
  AVERAGE         -1                        20    -21       42

PRECIPITATION (IN)
  YESTERDAY        T             0.23 1936   0.01  -0.01     0.00
  MONTH TO DATE    0.04                      0.06  -0.02     0.01
  SINCE DEC 1      0.04                      0.06  -0.02     0.01
  SINCE JAN 1     16.41                     15.59   0.82    11.19

DEGREE DAYS
 HEATING
  YESTERDAY       66                        45     21       23
  MONTH TO DATE  341                       309     32      204
  SINCE DEC 1    341                       309     32      204
  SINCE JUL 1   2008                      2386   -378     1878

 COOLING
  YESTERDAY        0                         0      0        0
  MONTH TO DATE    0                         0      0        0
  SINCE DEC 1      0                         0      0        0
  SINCE JAN 1    315                       419   -104      467
..................................................................


WIND (MPH)
  HIGHEST WIND SPEED    36   HIGHEST WIND DIRECTION    NW (300)
  HIGHEST GUST SPEED    43   HIGHEST GUST DIRECTION    NW (300)
  AVERAGE WIND SPEED    26.5


SKY COVER
  POSSIBLE SUNSHINE  MM
  AVERAGE SKY COVER 0.8


WEATHER CONDITIONS
 THE FOLLOWING WEATHER WAS RECORDED YESTERDAY.
  HAZE
  BLOWING SNOW


RELATIVE HUMIDITY (PERCENT)
 HIGHEST    79           200 AM
 LOWEST     72          1200 AM
 AVERAGE    76

..........................................................


THE DICKINSON ND CLIMATE NORMALS FOR TODAY
                         NORMAL    RECORD    YEAR
 MAXIMUM TEMPERATURE (F)   30        60      1939
 MINIMUM TEMPERATURE (F)    9       -35      1917


SUNRISE AND SUNSET
DECEMBER  8 2016......SUNRISE   724 AM MST   SUNSET   403 PM MST
DECEMBER  9 2016......SUNRISE   725 AM MST   SUNSET   403 PM MST


-  INDICATES NEGATIVE NUMBERS.
R  INDICATES RECORD WAS SET OR TIED.
MM INDICATES DATA IS MISSING.
T  INDICATES TRACE AMOUNT.




$$
