000
CDUS43 KBIS 210023
CLIDIK


CLIMATE REPORT
NATIONAL WEATHER SERVICE BISMARCK ND
723 PM CDT FRI OCT 20 2017


...................................

...THE DICKINSON ND CLIMATE SUMMARY FOR OCTOBER 20 2017...
VALID TODAY AS OF 0700 PM LOCAL TIME.

CLIMATE NORMAL PERIOD 1981 TO 2010
CLIMATE RECORD PERIOD 1893 TO 2017


WEATHER ITEM   OBSERVED TIME   RECORD YEAR NORMAL DEPARTURE LAST
                VALUE   (LST)  VALUE       VALUE  FROM      YEAR
                                                  NORMAL
..................................................................
TEMPERATURE (F)
 TODAY
  MAXIMUM         81R       MM  81    1901  55     26       58
  MINIMUM         40    400 AM   5    1896  30     10       29
  AVERAGE         61                        42     19       44

PRECIPITATION (IN)
  TODAY            0.00          0.49 1908   0.03  -0.03     0.00
  MONTH TO DATE    0.06                      0.88  -0.82     0.92
  SINCE SEP 1      2.89                      2.35   0.54     4.34
  SINCE JAN 1     10.13                     14.64  -4.51    15.97

DEGREE DAYS
 HEATING
  TODAY            4                        23    -19       21
  MONTH TO DATE  345                       376    -31      389
  SINCE SEP 1    590                       644    -54      618
  SINCE JUL 1    641                       730    -89      678

 COOLING
  TODAY            0                         0      0        0
  MONTH TO DATE    0                         0      0        0
  SINCE SEP 1     41                        32      9       21
  SINCE JAN 1    487                       418     69      315
..................................................................


WIND (MPH)
  RESULTANT WIND SPEED   9   RESULTANT WIND DIRECTION   S (180)
  HIGHEST WIND SPEED    15   HIGHEST WIND DIRECTION     S (170)
  HIGHEST GUST SPEED    MM   HIGHEST GUST DIRECTION    MM
  AVERAGE WIND SPEED     9.5


SKY COVER
  POSSIBLE SUNSHINE   0 PERCENT
  AVERAGE SKY COVER 0.0


WEATHER CONDITIONS
 THE FOLLOWING WEATHER WAS RECORDED TODAY.
  NO SIGNIFICANT WEATHER WAS OBSERVED.


RELATIVE HUMIDITY (PERCENT)
 HIGHEST     0          1200 AM
 LOWEST      0          1200 AM
 AVERAGE     0

..........................................................


THE DICKINSON ND CLIMATE NORMALS FOR TOMORROW
                         NORMAL    RECORD    YEAR
 MAXIMUM TEMPERATURE (F)   54        82      1927
 MINIMUM TEMPERATURE (F)   30        11      1906


SUNRISE AND SUNSET
OCTOBER 20 2017.......SUNRISE   716 AM MDT   SUNSET   555 PM MDT
OCTOBER 21 2017.......SUNRISE   718 AM MDT   SUNSET   553 PM MDT


-  INDICATES NEGATIVE NUMBERS.
R  INDICATES RECORD WAS SET OR TIED.
MM INDICATES DATA IS MISSING.
T  INDICATES TRACE AMOUNT.




$$
