000
CDUS43 KBIS 280033
CLIDIK


CLIMATE REPORT
NATIONAL WEATHER SERVICE BISMARCK ND
732 PM CDT THU APR 27 2017


...................................

...THE DICKINSON ND CLIMATE SUMMARY FOR APRIL 27 2017...
VALID TODAY AS OF 0700 PM LOCAL TIME.

CLIMATE NORMAL PERIOD 1981 TO 2010
CLIMATE RECORD PERIOD 1893 TO 2017


WEATHER ITEM   OBSERVED TIME   RECORD YEAR NORMAL DEPARTURE LAST
                VALUE   (LST)  VALUE       VALUE  FROM      YEAR
                                                  NORMAL
..................................................................
TEMPERATURE (F)
 TODAY
  MAXIMUM         50        MM  88    1910  60    -10       42
  MINIMUM         17    400 AM  13    1907  33    -16       31
  AVERAGE         34                        47    -13       37

PRECIPITATION (IN)
  TODAY            0.00          2.02 1984   0.06  -0.06     0.57
  MONTH TO DATE    0.50                      1.26  -0.76     2.38
  SINCE MAR 1      0.84                      1.95  -1.11     2.63
  SINCE JAN 1      1.12                      2.58  -1.46     3.05

DEGREE DAYS
 HEATING
  TODAY           31                        18     13       28
  MONTH TO DATE  636                       628      8      613
  SINCE MAR 1   1649                      1714    -65     1484
  SINCE JUL 1   7779                      8008   -229     6893

 COOLING
  TODAY            0                         0      0        0
  MONTH TO DATE    0                         0      0        0
  SINCE MAR 1      0                         0      0        0
  SINCE JAN 1      0                         0      0        0
..................................................................


WIND (MPH)
  RESULTANT WIND SPEED   6   RESULTANT WIND DIRECTION   E (90)
  HIGHEST WIND SPEED    16   HIGHEST WIND DIRECTION     E (70)
  HIGHEST GUST SPEED    21   HIGHEST GUST DIRECTION     E (70)
  AVERAGE WIND SPEED     7.9


SKY COVER
  POSSIBLE SUNSHINE  MM
  AVERAGE SKY COVER 0.1


WEATHER CONDITIONS
 THE FOLLOWING WEATHER WAS RECORDED TODAY.
  NO SIGNIFICANT WEATHER WAS OBSERVED.


RELATIVE HUMIDITY (PERCENT)
 HIGHEST   100           200 AM
 LOWEST     31           500 PM
 AVERAGE    66

..........................................................


THE DICKINSON ND CLIMATE NORMALS FOR TOMORROW
                         NORMAL    RECORD    YEAR
 MAXIMUM TEMPERATURE (F)   61        91      2001
 MINIMUM TEMPERATURE (F)   34        13      1958


SUNRISE AND SUNSET
APRIL 27 2017.........SUNRISE   542 AM MDT   SUNSET   756 PM MDT
APRIL 28 2017.........SUNRISE   540 AM MDT   SUNSET   758 PM MDT


-  INDICATES NEGATIVE NUMBERS.
R  INDICATES RECORD WAS SET OR TIED.
MM INDICATES DATA IS MISSING.
T  INDICATES TRACE AMOUNT.




$$
