000
CDUS43 KBIS 230717
CLIDIK


CLIMATE REPORT
NATIONAL WEATHER SERVICE BISMARCK ND
217 AM CDT THU OCT 23 2014


...................................

...THE DICKINSON ND CLIMATE SUMMARY FOR OCTOBER 22 2014...

CLIMATE NORMAL PERIOD 1981 TO 2010
CLIMATE RECORD PERIOD 1903 TO 2014


WEATHER ITEM   OBSERVED TIME   RECORD YEAR NORMAL DEPARTURE LAST
                VALUE   (LST)  VALUE       VALUE  FROM      YEAR
                                                  NORMAL
..................................................................
TEMPERATURE (F)
 YESTERDAY
  MAXIMUM         63        MM  81    1963  54      9       45
  MINIMUM         41        MM   3    2002  29     12       34
  AVERAGE         52                        41     11       40

PRECIPITATION (IN)
  YESTERDAY        0.00          0.57 1980   0.04  -0.04     0.01
  MONTH TO DATE    0.35                      0.95  -0.60     4.31
  SINCE SEP 1      1.71                      2.42  -0.71     7.63
  SINCE JAN 1     21.48                     14.71   6.77    22.64

DEGREE DAYS
 HEATING
  YESTERDAY       13                        24    -11       25
  MONTH TO DATE  349                       423    -74      443
  SINCE SEP 1    611                       691    -80      571
  SINCE JUL 1    712                       777    -65      611

 COOLING
  YESTERDAY        0                         0      0        0
  MONTH TO DATE    0                         0      0        0
  SINCE SEP 1     24                        32     -8       74
  SINCE JAN 1    256                       418   -162      386
..................................................................


WIND (MPH)
  HIGHEST WIND SPEED    25   HIGHEST WIND DIRECTION     W (270)
  HIGHEST GUST SPEED    33   HIGHEST GUST DIRECTION     W (260)
  AVERAGE WIND SPEED    15.4


SKY COVER
  POSSIBLE SUNSHINE   0 PERCENT
  AVERAGE SKY COVER 0.0


WEATHER CONDITIONS
 THE FOLLOWING WEATHER WAS RECORDED YESTERDAY.
  NO SIGNIFICANT WEATHER WAS OBSERVED.


RELATIVE HUMIDITY (PERCENT)
 HIGHEST     0          1200 AM
 LOWEST      0          1200 AM
 AVERAGE     0

..........................................................


THE DICKINSON ND CLIMATE NORMALS FOR TODAY
                         NORMAL    RECORD    YEAR
 MAXIMUM TEMPERATURE (F)   53        78      1963
 MINIMUM TEMPERATURE (F)   29         2      2002


SUNRISE AND SUNSET
OCTOBER 23 2014.......SUNRISE   720 AM MDT   SUNSET   550 PM MDT
OCTOBER 24 2014.......SUNRISE   722 AM MDT   SUNSET   548 PM MDT


-  INDICATES NEGATIVE NUMBERS.
R  INDICATES RECORD WAS SET OR TIED.
MM INDICATES DATA IS MISSING.
T  INDICATES TRACE AMOUNT.




$$
