000
CDUS43 KBIS 160830
CLIDIK


CLIMATE REPORT
NATIONAL WEATHER SERVICE BISMARCK ND
329 AM CDT WED APR 16 2014


...................................

...THE DICKINSON ND CLIMATE SUMMARY FOR APRIL 15 2014...

CLIMATE NORMAL PERIOD 1981 TO 2010
CLIMATE RECORD PERIOD 1903 TO 2014


WEATHER ITEM   OBSERVED TIME   RECORD YEAR NORMAL DEPARTURE LAST
                VALUE   (LST)  VALUE       VALUE  FROM      YEAR
                                                  NORMAL
..................................................................
TEMPERATURE (F)
 YESTERDAY
  MAXIMUM         53    321 PM  86    1913  55     -2       30
  MINIMUM         19    156 AM   5    1986  29    -10       22
  AVERAGE         36                        42     -6       26

PRECIPITATION (IN)
  YESTERDAY        0.00          0.55 1970   0.05  -0.05      T
  MONTH TO DATE    0.04                      0.62  -0.58     0.56
  SINCE MAR 1      0.54                      1.31  -0.77     0.91
  SINCE JAN 1      0.71                      1.94  -1.23     0.99

DEGREE DAYS
 HEATING
  YESTERDAY       29                        23      6       39
  MONTH TO DATE  470                       385     85      487
  SINCE MAR 1   1666                      1471    195     1693
  SINCE JUL 1   8308                      7765    543     7671

 COOLING
  YESTERDAY        0                         0      0        0
  MONTH TO DATE    0                         0      0        0
  SINCE MAR 1      0                         0      0        0
  SINCE JAN 1      0                         0      0        0
..................................................................


WIND (MPH)
  HIGHEST WIND SPEED    29   HIGHEST WIND DIRECTION     S (160)
  HIGHEST GUST SPEED    32   HIGHEST GUST DIRECTION     S (170)
  AVERAGE WIND SPEED    17.5


SKY COVER
  POSSIBLE SUNSHINE  MM
  AVERAGE SKY COVER 0.5


WEATHER CONDITIONS
 THE FOLLOWING WEATHER WAS RECORDED YESTERDAY.
  NO SIGNIFICANT WEATHER WAS OBSERVED.


RELATIVE HUMIDITY (PERCENT)
 HIGHEST    67          1200 AM
 LOWEST     28           300 PM
 AVERAGE    48

..........................................................


THE DICKINSON ND CLIMATE NORMALS FOR TODAY
                         NORMAL    RECORD    YEAR
 MAXIMUM TEMPERATURE (F)   56        83      1981
 MINIMUM TEMPERATURE (F)   29         3      1905


SUNRISE AND SUNSET
APRIL 16 2014.........SUNRISE   602 AM MDT   SUNSET   741 PM MDT
APRIL 17 2014.........SUNRISE   600 AM MDT   SUNSET   742 PM MDT


-  INDICATES NEGATIVE NUMBERS.
R  INDICATES RECORD WAS SET OR TIED.
MM INDICATES DATA IS MISSING.
T  INDICATES TRACE AMOUNT.




$$
