000
CDUS43 KBIS 232238
CLIDIK


CLIMATE REPORT
NATIONAL WEATHER SERVICE BISMARCK ND
537 PM CDT FRI JUN 23 2017


...................................

...THE DICKINSON ND CLIMATE SUMMARY FOR JUNE 23 2017...
VALID TODAY AS OF 0500 PM LOCAL TIME.

CLIMATE NORMAL PERIOD 1981 TO 2010
CLIMATE RECORD PERIOD 1893 TO 2017


WEATHER ITEM   OBSERVED TIME   RECORD YEAR NORMAL DEPARTURE LAST
                VALUE   (LST)  VALUE       VALUE  FROM      YEAR
                                                  NORMAL
..................................................................
TEMPERATURE (F)
 TODAY
  MAXIMUM         66    300 PM 102    1988  78    -12       79
  MINIMUM         46        MM  33    1942  51     -5       41
  AVERAGE         56                        64     -8       60

PRECIPITATION (IN)
  TODAY            0.00          1.85 1947   0.11  -0.11     0.00
  MONTH TO DATE    0.58                      2.47  -1.89     2.00
  SINCE JUN 1      0.58                      2.47  -1.89     2.00
  SINCE JAN 1      2.91                      7.58  -4.67     6.42

DEGREE DAYS
 HEATING
  TODAY            9                         3      6        5
  MONTH TO DATE   57                       119    -62       51
  SINCE JUN 1     57                       119    -62       51
  SINCE JUL 1   8260                      8559   -299     7388

 COOLING
  TODAY            0                         2     -2        0
  MONTH TO DATE   38                        33      5       45
  SINCE JUN 1     38                        33      5       45
  SINCE JAN 1     48                        43      5       48
..................................................................


WIND (MPH)
  RESULTANT WIND SPEED  21   RESULTANT WIND DIRECTION  NW (310)
  HIGHEST WIND SPEED    28   HIGHEST WIND DIRECTION    NW (310)
  HIGHEST GUST SPEED    39   HIGHEST GUST DIRECTION    NW (320)
  AVERAGE WIND SPEED    21.7


SKY COVER
  POSSIBLE SUNSHINE   0 PERCENT
  AVERAGE SKY COVER 0.0


WEATHER CONDITIONS
 THE FOLLOWING WEATHER WAS RECORDED TODAY.
  NO SIGNIFICANT WEATHER WAS OBSERVED.


RELATIVE HUMIDITY (PERCENT)
 HIGHEST     0          1200 AM
 LOWEST      0          1200 AM
 AVERAGE     0

..........................................................


THE DICKINSON ND CLIMATE NORMALS FOR TOMORROW
                         NORMAL    RECORD    YEAR
 MAXIMUM TEMPERATURE (F)   78       109      1936
 MINIMUM TEMPERATURE (F)   51        33      2004


SUNRISE AND SUNSET
JUNE 23 2017..........SUNRISE   458 AM MDT   SUNSET   849 PM MDT
JUNE 24 2017..........SUNRISE   458 AM MDT   SUNSET   849 PM MDT


-  INDICATES NEGATIVE NUMBERS.
R  INDICATES RECORD WAS SET OR TIED.
MM INDICATES DATA IS MISSING.
T  INDICATES TRACE AMOUNT.




$$
