000
CDUS43 KBIS 140734
CLIDIK


CLIMATE REPORT
NATIONAL WEATHER SERVICE BISMARCK ND
134 AM CST THU DEC 14 2017


...................................

...THE DICKINSON ND CLIMATE SUMMARY FOR DECEMBER 13 2017...

CLIMATE NORMAL PERIOD 1981 TO 2010
CLIMATE RECORD PERIOD 1893 TO 2017


WEATHER ITEM   OBSERVED TIME   RECORD YEAR NORMAL DEPARTURE LAST
                VALUE   (LST)  VALUE       VALUE  FROM      YEAR
                                                  NORMAL
..................................................................
TEMPERATURE (F)
 YESTERDAY
  MAXIMUM         42   1201 AM  60    2014  28     14       11
  MINIMUM         29    731 PM -34    1917   8     21       -6
  AVERAGE         36                        18     18        3

PRECIPITATION (IN)
  YESTERDAY        0.00          0.60 1906   0.01  -0.01      T
  MONTH TO DATE    0.01                      0.10  -0.09     0.05
  SINCE DEC 1      0.01                      0.10  -0.09     0.05
  SINCE JAN 1     10.23                     15.63  -5.40    16.42

DEGREE DAYS
 HEATING
  YESTERDAY       29                        47    -18       62
  MONTH TO DATE  446                       587   -141      759
  SINCE DEC 1    446                       587   -141      759
  SINCE JUL 1   2399                      2664   -265     2426

 COOLING
  YESTERDAY        0                         0      0        0
  MONTH TO DATE    0                         0      0        0
  SINCE DEC 1      0                         0      0        0
  SINCE JAN 1    487                       419     68      315
..................................................................


WIND (MPH)
  HIGHEST WIND SPEED    30   HIGHEST WIND DIRECTION    NW (310)
  HIGHEST GUST SPEED    40   HIGHEST GUST DIRECTION    NW (310)
  AVERAGE WIND SPEED    19.1


SKY COVER
  POSSIBLE SUNSHINE  MM
  AVERAGE SKY COVER 0.2


WEATHER CONDITIONS
 THE FOLLOWING WEATHER WAS RECORDED YESTERDAY.
  NO SIGNIFICANT WEATHER WAS OBSERVED.


RELATIVE HUMIDITY (PERCENT)
 HIGHEST    85           600 AM
 LOWEST     49          1200 AM
 AVERAGE    67

..........................................................


THE DICKINSON ND CLIMATE NORMALS FOR TODAY
                         NORMAL    RECORD    YEAR
 MAXIMUM TEMPERATURE (F)   28        62      1998
 MINIMUM TEMPERATURE (F)    8       -35      1901


SUNRISE AND SUNSET
DECEMBER 14 2017......SUNRISE   729 AM MST   SUNSET   403 PM MST
DECEMBER 15 2017......SUNRISE   730 AM MST   SUNSET   403 PM MST


-  INDICATES NEGATIVE NUMBERS.
R  INDICATES RECORD WAS SET OR TIED.
MM INDICATES DATA IS MISSING.
T  INDICATES TRACE AMOUNT.




$$
