000
CDUS43 KBIS 310021
CLIDIK


CLIMATE REPORT
NATIONAL WEATHER SERVICE BISMARCK ND
721 PM CDT THU JUL 30 2015


...................................

...THE DICKINSON ND CLIMATE SUMMARY FOR JULY 30 2015...
VALID TODAY AS OF 0700 PM LOCAL TIME.

CLIMATE NORMAL PERIOD 1981 TO 2010
CLIMATE RECORD PERIOD 1893 TO 2015


WEATHER ITEM   OBSERVED TIME   RECORD YEAR NORMAL DEPARTURE LAST
                VALUE   (LST)  VALUE       VALUE  FROM      YEAR
                                                  NORMAL
..................................................................
TEMPERATURE (F)
 TODAY
  MAXIMUM         85        MM 103    2006  86     -1       84
  MINIMUM         51    200 AM  41    1925  56     -5       49
  AVERAGE         68                        71     -3       67

PRECIPITATION (IN)
  TODAY            0.00          1.31 1927   0.06  -0.06     0.00
  MONTH TO DATE    2.37                      2.38  -0.01     1.11
  SINCE JUN 1      5.30                      5.58  -0.28     4.94
  SINCE JAN 1      8.73                     10.69  -1.96    12.98

DEGREE DAYS
 HEATING
  TODAY            0                         1     -1        0
  MONTH TO DATE   14                        36    -22       49
  SINCE JUN 1     82                       173    -91      214
  SINCE JUL 1     14                        36    -22       49

 COOLING
  TODAY            3                         6     -3        2
  MONTH TO DATE  167                       156     11       88
  SINCE JUN 1    225                       210     15      100
  SINCE JAN 1    225                       220      5      130
..................................................................


WIND (MPH)
  RESULTANT WIND SPEED   6   RESULTANT WIND DIRECTION  NW (300)
  HIGHEST WIND SPEED    14   HIGHEST WIND DIRECTION    NW (320)
  HIGHEST GUST SPEED    MM   HIGHEST GUST DIRECTION    MM
  AVERAGE WIND SPEED     8.0


SKY COVER
  POSSIBLE SUNSHINE   0 PERCENT
  AVERAGE SKY COVER 0.0


WEATHER CONDITIONS
 THE FOLLOWING WEATHER WAS RECORDED TODAY.
  NO SIGNIFICANT WEATHER WAS OBSERVED.


RELATIVE HUMIDITY (PERCENT)
 HIGHEST     0          1200 AM
 LOWEST      0          1200 AM
 AVERAGE     0

..........................................................


THE DICKINSON ND CLIMATE NORMALS FOR TOMORROW
                         NORMAL    RECORD    YEAR
 MAXIMUM TEMPERATURE (F)   86       104      1900
 MINIMUM TEMPERATURE (F)   56        37      1925


SUNRISE AND SUNSET
JULY 30 2015..........SUNRISE   529 AM MDT   SUNSET   826 PM MDT
JULY 31 2015..........SUNRISE   530 AM MDT   SUNSET   825 PM MDT


-  INDICATES NEGATIVE NUMBERS.
R  INDICATES RECORD WAS SET OR TIED.
MM INDICATES DATA IS MISSING.
T  INDICATES TRACE AMOUNT.




$$
