000
CDUS43 KDLH 300632
CLIDLH


CLIMATE REPORT
NATIONAL WEATHER SERVICE DULUTH MN
129 AM CDT SAT MAY 30 2015


...................................

...THE DULUTH MN CLIMATE SUMMARY FOR MAY 29 2015...

CLIMATE NORMAL PERIOD 1981 TO 2010
CLIMATE RECORD PERIOD 1870 TO 2015


WEATHER ITEM   OBSERVED TIME   RECORD YEAR NORMAL DEPARTURE LAST
                VALUE   (LST)  VALUE       VALUE  FROM      YEAR
                                                  NORMAL
..................................................................
TEMPERATURE (F)
 YESTERDAY
  MAXIMUM         68   1012 AM  87    1986  66      2       82
  MINIMUM         46   1204 AM  29    1984  44      2       43
  AVERAGE         57                        55      2       63

PRECIPITATION (IN)
  YESTERDAY        0.01          1.48 2006   0.10  -0.09     0.00
  MONTH TO DATE    3.73                      3.00   0.73     3.06
  SINCE MAR 1      5.55                      6.92  -1.37     8.27
  SINCE JAN 1      6.39                      8.69  -2.30    11.12

SNOWFALL (IN)
  YESTERDAY        0.0           T    1991   0.0    0.0      0.0
  MONTH TO DATE    T                         0.4   -0.4       T
  SINCE MAR 1      9.3                      20.5  -11.2     47.2
  SINCE JUL 1     49.2                      86.1  -36.9    131.0
  SNOW DEPTH       0

DEGREE DAYS
 HEATING
  YESTERDAY        8                        10     -2        2
  MONTH TO DATE  370                       406    -36      408
  SINCE MAR 1   2104                      2378   -274     2733
  SINCE JUL 1   8943                      9245   -302    10174

 COOLING
  YESTERDAY        0                         0      0        0
  MONTH TO DATE    4                         0      4       18
  SINCE MAR 1      4                         0      4       18
  SINCE JAN 1      4                         0      4       18
..................................................................


WIND (MPH)
  HIGHEST WIND SPEED    21   HIGHEST WIND DIRECTION     N (350)
  HIGHEST GUST SPEED    28   HIGHEST GUST DIRECTION    NW (330)
  AVERAGE WIND SPEED     9.4


SKY COVER
  AVERAGE SKY COVER 0.7


WEATHER CONDITIONS
 THE FOLLOWING WEATHER WAS RECORDED YESTERDAY.
  LIGHT RAIN
  FOG


RELATIVE HUMIDITY (PERCENT)
 HIGHEST    87           800 AM
 LOWEST     63          1000 AM
 AVERAGE    75

..........................................................


THE DULUTH MN CLIMATE NORMALS FOR TODAY
                         NORMAL    RECORD    YEAR
 MAXIMUM TEMPERATURE (F)   66        95      1939
 MINIMUM TEMPERATURE (F)   44        29      1990


SUNRISE AND SUNSET
MAY 30 2015...........SUNRISE   520 AM CDT   SUNSET   853 PM CDT
MAY 31 2015...........SUNRISE   519 AM CDT   SUNSET   854 PM CDT


-  INDICATES NEGATIVE NUMBERS.
R  INDICATES RECORD WAS SET OR TIED.
MM INDICATES DATA IS MISSING.
T  INDICATES TRACE AMOUNT.




$$
