000
CDUS43 KDLH 252245
CLIDLH


CLIMATE REPORT
NATIONAL WEATHER SERVICE DULUTH MN
543 PM CDT MON SEP 25 2017


...................................

...THE DULUTH CLIMATE SUMMARY FOR SEPTEMBER 25 2017...
VALID TODAY AS OF 0500 PM LOCAL TIME.

CLIMATE NORMAL PERIOD 1981 TO 2010
CLIMATE RECORD PERIOD 1870 TO 2017


WEATHER ITEM   OBSERVED TIME   RECORD YEAR NORMAL DEPARTURE LAST
                VALUE   (LST)  VALUE       VALUE  FROM      YEAR
                                                  NORMAL
..................................................................
TEMPERATURE (F)
 TODAY
  MAXIMUM         65    111 AM  88    1920  61      4       69
  MINIMUM         52    954 AM  25    1926  42     10       50
  AVERAGE         59                        52      7       60

PRECIPITATION (IN)
  TODAY            0.04          1.90 1886   0.13  -0.09     0.68
  MONTH TO DATE    2.73                      3.48  -0.75     3.25
  SINCE SEP 1      2.73                      3.48  -0.75     3.25
  SINCE JAN 1     30.42                     24.18   6.24    27.17

SNOWFALL (IN)
  TODAY            0.0           T    1984   0.0    0.0      0.0
  MONTH TO DATE    T                         0.1   -0.1      0.0
  SINCE JUL 1      T                         0.1   -0.1      0.0
  SNOW DEPTH       0

DEGREE DAYS
 HEATING
  TODAY            6                        13     -7        5
  MONTH TO DATE  148                       223    -75      102
  SINCE SEP 1    148                       223    -75      102
  SINCE JUL 1    318                       372    -54      156

 COOLING
  TODAY            0                         0      0        0
  MONTH TO DATE   26                        13     13       14
  SINCE SEP 1     26                        13     13       14
  SINCE JAN 1    126                       203    -77      281
..................................................................


WIND (MPH)
  HIGHEST WIND SPEED    15   HIGHEST WIND DIRECTION    NW (300)
  HIGHEST GUST SPEED    20   HIGHEST GUST DIRECTION     W (290)
  AVERAGE WIND SPEED     8.9


SKY COVER
  AVERAGE SKY COVER 1.0


WEATHER CONDITIONS
 THE FOLLOWING WEATHER WAS RECORDED TODAY.
  LIGHT RAIN
  FOG


RELATIVE HUMIDITY (PERCENT)
 HIGHEST   100          1200 AM
 LOWEST     86          1100 AM
 AVERAGE    93

..........................................................


THE DULUTH CLIMATE NORMALS FOR TOMORROW
                         NORMAL    RECORD    YEAR
 MAXIMUM TEMPERATURE (F)   61        80      1923
 MINIMUM TEMPERATURE (F)   42        23      1965


SUNRISE AND SUNSET
SEPTEMBER 25 2017.....SUNRISE   700 AM CDT   SUNSET   700 PM CDT
SEPTEMBER 26 2017.....SUNRISE   701 AM CDT   SUNSET   658 PM CDT


-  INDICATES NEGATIVE NUMBERS.
R  INDICATES RECORD WAS SET OR TIED.
MM INDICATES DATA IS MISSING.
T  INDICATES TRACE AMOUNT.




$$
