000
CDUS43 KDLH 010622
CLIDLH


CLIMATE REPORT
NATIONAL WEATHER SERVICE DULUTH MN
122 AM CDT WED JUN 1 2016


...................................

...THE DULUTH MN CLIMATE SUMMARY FOR MAY 31 2016...

CLIMATE NORMAL PERIOD 1981 TO 2010
CLIMATE RECORD PERIOD 1870 TO 2016


WEATHER ITEM   OBSERVED TIME   RECORD YEAR NORMAL DEPARTURE LAST
                VALUE   (LST)  VALUE       VALUE  FROM      YEAR
                                                  NORMAL
..................................................................
TEMPERATURE (F)
 YESTERDAY
  MAXIMUM         53   1207 AM  89    1925  67    -14       55
  MINIMUM         42   1159 PM  29    1946  45     -3       35
  AVERAGE         48                        56     -8       45

PRECIPITATION (IN)
  YESTERDAY        0.23          1.52 1877   0.11   0.12     0.00
  MONTH TO DATE    1.87                      3.23  -1.36     3.73
  SINCE MAR 1      8.23                      7.15   1.08     5.55
  SINCE JAN 1     10.11                      8.92   1.19     6.39

SNOWFALL (IN)
  YESTERDAY        0.0           T    1946   0.0    0.0      0.0
  MONTH TO DATE    0.1                       0.4   -0.3       T
  SINCE MAR 1     27.2                      20.5    6.7      9.3
  SINCE JUL 1     81.4                      86.1   -4.7     49.2
  SNOW DEPTH       0

DEGREE DAYS
 HEATING
  YESTERDAY       17                        10      7       20
  MONTH TO DATE  370                       426    -56      409
  SINCE MAR 1   2207                      2398   -191     2143
  SINCE JUL 1   8044                      9265  -1221     8982

 COOLING
  YESTERDAY        0                         0      0        0
  MONTH TO DATE    9                         4      5        4
  SINCE MAR 1      9                         4      5        4
  SINCE JAN 1      9                         4      5        4
..................................................................


WIND (MPH)
  HIGHEST WIND SPEED    33   HIGHEST WIND DIRECTION     E (90)
  HIGHEST GUST SPEED    45   HIGHEST GUST DIRECTION     E (90)
  AVERAGE WIND SPEED    15.1


SKY COVER
  AVERAGE SKY COVER 0.9


WEATHER CONDITIONS
 THE FOLLOWING WEATHER WAS RECORDED YESTERDAY.
  RAIN
  LIGHT RAIN
  FOG
  FOG W/VISIBILITY <= 1/4 MILE


RELATIVE HUMIDITY (PERCENT)
 HIGHEST   100           700 PM
 LOWEST     71          1200 AM
 AVERAGE    86

..........................................................


THE DULUTH MN CLIMATE NORMALS FOR TODAY
                         NORMAL    RECORD    YEAR
 MAXIMUM TEMPERATURE (F)   67        87      1988
 MINIMUM TEMPERATURE (F)   45        31      1946


SUNRISE AND SUNSET
JUNE  1 2016..........SUNRISE   518 AM CDT   SUNSET   856 PM CDT
JUNE  2 2016..........SUNRISE   517 AM CDT   SUNSET   857 PM CDT


-  INDICATES NEGATIVE NUMBERS.
R  INDICATES RECORD WAS SET OR TIED.
MM INDICATES DATA IS MISSING.
T  INDICATES TRACE AMOUNT.




$$
