000
CDUS43 KDLH 200621
CLIDLH


CLIMATE REPORT
NATIONAL WEATHER SERVICE DULUTH MN
120 AM CDT SAT SEP 20 2014


...................................

...THE DULUTH MN CLIMATE SUMMARY FOR SEPTEMBER 19 2014...

CLIMATE NORMAL PERIOD 1981 TO 2010
CLIMATE RECORD PERIOD 1870 TO 2014


WEATHER ITEM   OBSERVED TIME   RECORD YEAR NORMAL DEPARTURE LAST
                VALUE   (LST)  VALUE       VALUE  FROM      YEAR
                                                  NORMAL
..................................................................
TEMPERATURE (F)
 YESTERDAY
  MAXIMUM         65   1146 PM  90    1984  64      1       69
  MINIMUM         52    250 AM  27    1962  45      7       63
  AVERAGE         59                        54      5       66

PRECIPITATION (IN)
  YESTERDAY        0.02          2.60 1988   0.14  -0.12     0.25
  MONTH TO DATE    0.70                      2.66  -1.96     0.88
  SINCE SEP 1      0.70                      2.66  -1.96     0.88
  SINCE JAN 1     25.65                     23.36   2.29    22.47

SNOWFALL (IN)
  YESTERDAY        0.0           T    2012   0.0    0.0      0.0
                                      1991
  MONTH TO DATE    0.0                       0.0    0.0      0.0
  SINCE SEP 1      0.0                       0.0    0.0      0.0
  SINCE JUL 1      0.0                       0.0    0.0      0.0
  SNOW DEPTH       0

DEGREE DAYS
 HEATING
  YESTERDAY        6                        11     -5        0
  MONTH TO DATE  157                       149      8       94
  SINCE SEP 1    157                       149      8       94
  SINCE JUL 1    234                       298    -64      168

 COOLING
  YESTERDAY        0                         0      0        1
  MONTH TO DATE    5                        13     -8       23
  SINCE SEP 1      5                        13     -8       23
  SINCE JAN 1    175                       203    -28      374
..................................................................


WIND (MPH)
  HIGHEST WIND SPEED    24   HIGHEST WIND DIRECTION    SW (210)
  HIGHEST GUST SPEED    34   HIGHEST GUST DIRECTION    SW (210)
  AVERAGE WIND SPEED    12.9


SKY COVER
  AVERAGE SKY COVER 0.8


WEATHER CONDITIONS
 THE FOLLOWING WEATHER WAS RECORDED YESTERDAY.
  LIGHT RAIN
  FOG
  HAZE


RELATIVE HUMIDITY (PERCENT)
 HIGHEST    93           500 AM
 LOWEST     72           900 AM
 AVERAGE    83

..........................................................


THE DULUTH MN CLIMATE NORMALS FOR TODAY
                         NORMAL    RECORD    YEAR
 MAXIMUM TEMPERATURE (F)   63        87      1891
 MINIMUM TEMPERATURE (F)   44        23      1962


SUNRISE AND SUNSET
SEPTEMBER 20 2014.....SUNRISE   653 AM CDT   SUNSET   710 PM CDT
SEPTEMBER 21 2014.....SUNRISE   654 AM CDT   SUNSET   708 PM CDT


-  INDICATES NEGATIVE NUMBERS.
R  INDICATES RECORD WAS SET OR TIED.
MM INDICATES DATA IS MISSING.
T  INDICATES TRACE AMOUNT.




$$
