000
CDUS43 KDLH 050632
CLIDLH


CLIMATE REPORT
NATIONAL WEATHER SERVICE DULUTH MN
1230 AM CST MON DEC 5 2016


...................................

...THE DULUTH MN CLIMATE SUMMARY FOR DECEMBER 4 2016...

CLIMATE NORMAL PERIOD 1981 TO 2010
CLIMATE RECORD PERIOD 1870 TO 2016


WEATHER ITEM   OBSERVED TIME   RECORD YEAR NORMAL DEPARTURE LAST
                VALUE   (LST)  VALUE       VALUE  FROM      YEAR
                                                  NORMAL
..................................................................
TEMPERATURE (F)
 YESTERDAY
  MAXIMUM         33   1040 PM  54    1941  26      7       42
  MINIMUM         26    431 AM -16    1991  12     14       21
  AVERAGE         30                        19     11       32

PRECIPITATION (IN)
  YESTERDAY        0.20          1.00 1891   0.05   0.15     0.00
  MONTH TO DATE    0.21                      0.19   0.02     0.99
  SINCE DEC 1      0.21                      0.19   0.02     0.99
  SINCE JAN 1     31.80                     29.94   1.86    29.58

SNOWFALL (IN)
  YESTERDAY        2.6          10.7  1955   0.5    2.1      0.0
  MONTH TO DATE    2.7                       2.1    0.6      5.4
  SINCE DEC 1      2.7                       2.1    0.6      5.4
  SINCE JUL 1     10.8                      18.2   -7.4      9.8
  SNOW DEPTH       1

DEGREE DAYS
 HEATING
  YESTERDAY       35                        46    -11       33
  MONTH TO DATE  143                       182    -39      131
  SINCE DEC 1    143                       182    -39      131
  SINCE JUL 1   1625                      2395   -770     1794

 COOLING
  YESTERDAY        0                         0      0        0
  MONTH TO DATE    0                         0      0        0
  SINCE DEC 1      0                         0      0        0
  SINCE JAN 1    281                       204     77      336
..................................................................


WIND (MPH)
  HIGHEST WIND SPEED    22   HIGHEST WIND DIRECTION     W (280)
  HIGHEST GUST SPEED    27   HIGHEST GUST DIRECTION     W (270)
  AVERAGE WIND SPEED    10.0


SKY COVER
  AVERAGE SKY COVER 1.0


WEATHER CONDITIONS
 THE FOLLOWING WEATHER WAS RECORDED YESTERDAY.
  LIGHT RAIN
  LT FREEZING RAIN
  SNOW
  LIGHT SNOW
  FOG
  HAZE


RELATIVE HUMIDITY (PERCENT)
 HIGHEST   100           600 AM
 LOWEST     75          1200 AM
 AVERAGE    88

..........................................................


THE DULUTH MN CLIMATE NORMALS FOR TODAY
                         NORMAL    RECORD    YEAR
 MAXIMUM TEMPERATURE (F)   26        52      1913
 MINIMUM TEMPERATURE (F)   12       -13      1964


SUNRISE AND SUNSET
DECEMBER  5 2016......SUNRISE   738 AM CST   SUNSET   421 PM CST
DECEMBER  6 2016......SUNRISE   739 AM CST   SUNSET   420 PM CST


-  INDICATES NEGATIVE NUMBERS.
R  INDICATES RECORD WAS SET OR TIED.
MM INDICATES DATA IS MISSING.
T  INDICATES TRACE AMOUNT.




$$
