000
CDUS43 KDLH 280656
CLIDLH


CLIMATE REPORT
NATIONAL WEATHER SERVICE DULUTH MN
154 AM CDT SUN MAY 28 2017


...................................

...THE DULUTH MN CLIMATE SUMMARY FOR MAY 27 2017...

CLIMATE NORMAL PERIOD 1981 TO 2010
CLIMATE RECORD PERIOD 1870 TO 2017


WEATHER ITEM   OBSERVED TIME   RECORD YEAR NORMAL DEPARTURE LAST
                VALUE   (LST)  VALUE       VALUE  FROM      YEAR
                                                  NORMAL
..................................................................
TEMPERATURE (F)
 YESTERDAY
  MAXIMUM         75    434 PM  86    1969  65     10       63
  MINIMUM         47    450 AM  31    2008  44      3       49
                                      1971
                                      1907
  AVERAGE         61                        54      7       56

PRECIPITATION (IN)
  YESTERDAY        0.00          1.73 1931   0.11  -0.11     0.17
  MONTH TO DATE    3.80                      2.79   1.01     1.48
  SINCE MAR 1      7.87                      6.71   1.16     7.84
  SINCE JAN 1     10.83                      8.48   2.35     9.72

SNOWFALL (IN)
  YESTERDAY        0.0           2.0  1932   0.0    0.0      0.0
  MONTH TO DATE    0.8                       0.4    0.4      0.1
  SINCE MAR 1      8.0                      20.5  -12.5     27.2
  SINCE JUL 1     67.0                      86.1  -19.1     81.4
  SNOW DEPTH       0

DEGREE DAYS
 HEATING
  YESTERDAY        4                        11     -7        9
  MONTH TO DATE  405                       386     19      340
  SINCE MAR 1   2276                      2358    -82     2177
  SINCE JUL 1   7966                      9225  -1259     8014

 COOLING
  YESTERDAY        0                         0      0        0
  MONTH TO DATE    0                         0      0        8
  SINCE MAR 1      0                         0      0        8
  SINCE JAN 1      0                         0      0        8
..................................................................


WIND (MPH)
  HIGHEST WIND SPEED    20   HIGHEST WIND DIRECTION    SW (240)
  HIGHEST GUST SPEED    27   HIGHEST GUST DIRECTION     W (270)
  AVERAGE WIND SPEED     9.6


SKY COVER
  AVERAGE SKY COVER 0.2


WEATHER CONDITIONS
 THE FOLLOWING WEATHER WAS RECORDED YESTERDAY.
  NO SIGNIFICANT WEATHER WAS OBSERVED.


RELATIVE HUMIDITY (PERCENT)
 HIGHEST    93          1200 AM
 LOWEST     27           300 PM
 AVERAGE    60

..........................................................


THE DULUTH MN CLIMATE NORMALS FOR TODAY
                         NORMAL    RECORD    YEAR
 MAXIMUM TEMPERATURE (F)   66        91      1934
 MINIMUM TEMPERATURE (F)   44        32      1965
                                             1958
                                             1947


SUNRISE AND SUNSET
MAY 28 2017...........SUNRISE   521 AM CDT   SUNSET   851 PM CDT
MAY 29 2017...........SUNRISE   520 AM CDT   SUNSET   852 PM CDT


-  INDICATES NEGATIVE NUMBERS.
R  INDICATES RECORD WAS SET OR TIED.
MM INDICATES DATA IS MISSING.
T  INDICATES TRACE AMOUNT.




$$
