000
CDUS43 KDLH 182312
CLIDLH


CLIMATE REPORT
NATIONAL WEATHER SERVICE DULUTH MN
510 PM CST SUN FEB 18 2018


...................................

...THE DULUTH CLIMATE SUMMARY FOR FEBRUARY 18 2018...
VALID TODAY AS OF 0500 PM LOCAL TIME.

CLIMATE NORMAL PERIOD 1981 TO 2010
CLIMATE RECORD PERIOD 1870 TO 2018


WEATHER ITEM   OBSERVED TIME   RECORD YEAR NORMAL DEPARTURE LAST
                VALUE   (LST)  VALUE       VALUE  FROM      YEAR
                                                  NORMAL
..................................................................
TEMPERATURE (F)
 TODAY
  MAXIMUM         23    359 PM  53    1981  25     -2       52
  MINIMUM          8   1244 AM -25    1966   7      1       36
  AVERAGE         16                        16      0       44

PRECIPITATION (IN)
  TODAY            0.18          0.40 1909   0.03   0.15     0.00
  MONTH TO DATE    0.39                      0.45  -0.06     0.41
  SINCE DEC 1      1.85                      2.62  -0.77     3.64
  SINCE JAN 1      1.02                      1.41  -0.39     1.57

SNOWFALL (IN)
  TODAY            2.4           3.0  1955   0.4    2.0      0.0
  MONTH TO DATE    4.6                       7.4   -2.8      5.6
  SINCE JUL 1     48.7                      60.6  -11.9     50.5
  SNOW DEPTH      10

DEGREE DAYS
 HEATING
  TODAY           49                        49      0       21
  MONTH TO DATE 1064                       929    135      816
  SINCE DEC 1   4413                      4184    229     3839
  SINCE JUL 1   6559                      6397    162     5321

 COOLING
  TODAY            0                         0      0        0
  MONTH TO DATE    0                         0      0        0
  SINCE DEC 1      0                         0      0        0
  SINCE JAN 1      0                         0      0        0
..................................................................


WIND (MPH)
  HIGHEST WIND SPEED    23   HIGHEST WIND DIRECTION     E (110)
  HIGHEST GUST SPEED    28   HIGHEST GUST DIRECTION     E (100)
  AVERAGE WIND SPEED     8.4


SKY COVER
  AVERAGE SKY COVER 0.7


WEATHER CONDITIONS
 THE FOLLOWING WEATHER WAS RECORDED TODAY.
  HEAVY SNOW
  SNOW
  LIGHT SNOW
  FOG
  FOG W/VISIBILITY <= 1/4 MILE
  HAZE
  BLOWING SNOW


RELATIVE HUMIDITY (PERCENT)
 HIGHEST    88          1000 AM
 LOWEST     66           200 AM
 AVERAGE    77

..........................................................


THE DULUTH CLIMATE NORMALS FOR TOMORROW
                         NORMAL    RECORD    YEAR
 MAXIMUM TEMPERATURE (F)   25        51      1930
 MINIMUM TEMPERATURE (F)    7       -28      1966


SUNRISE AND SUNSET
FEBRUARY 18 2018......SUNRISE   708 AM CST   SUNSET   538 PM CST
FEBRUARY 19 2018......SUNRISE   706 AM CST   SUNSET   540 PM CST


-  INDICATES NEGATIVE NUMBERS.
R  INDICATES RECORD WAS SET OR TIED.
MM INDICATES DATA IS MISSING.
T  INDICATES TRACE AMOUNT.




$$
