204
CDUS45 KTFX 270739
CLIDLN


CLIMATE REPORT
NATIONAL WEATHER SERVICE GREAT FALLS MT
1238 AM MST MON FEB 27 2017


...................................

...THE DILLON AIRPORT MT CLIMATE SUMMARY FOR FEBRUARY 26 2017...

CLIMATE NORMAL PERIOD 1981 TO 2010
CLIMATE RECORD PERIOD 1929 TO 2017


WEATHER ITEM   OBSERVED TIME   RECORD YEAR NORMAL DEPARTURE LAST
                VALUE   (LST)  VALUE       VALUE  FROM      YEAR
                                                  NORMAL
..................................................................
TEMPERATURE (F)
 YESTERDAY
  MAXIMUM         29    119 PM  62    1988  41    -12       56
  MINIMUM         18   1159 PM -16    1960  18      0       22
  AVERAGE         24                        29     -5       39

PRECIPITATION (IN)
  YESTERDAY        0.00          0.19 1976   0.01  -0.01     0.00
  MONTH TO DATE    0.15                      0.22  -0.07     0.01
  SINCE OCT 1      2.75                      1.90   0.85     2.14
  SINCE JAN 1      0.21                      0.50  -0.29     0.06

SNOWFALL (IN)
  YESTERDAY       MM
  SNOW DEPTH       0

DEGREE DAYS
 HEATING
  YESTERDAY       41                                5       26
  MONTH TO DATE  926                              -89      830
  SINCE DEC 1   4089                              394     3496
  SINCE JUL 1   5872                               26     5419

 COOLING
  YESTERDAY        0                                0        0
  MONTH TO DATE    0                                0        0
  SINCE DEC 1      0                                0        0
  SINCE JAN 1      0                                0        0
..................................................................


WIND (MPH)
  HIGHEST WIND SPEED    20   HIGHEST WIND DIRECTION    SW (210)
  HIGHEST GUST SPEED    25   HIGHEST GUST DIRECTION    SW (220)
  AVERAGE WIND SPEED    11.9


SKY COVER
  AVERAGE SKY COVER 0.9


WEATHER CONDITIONS
 THE FOLLOWING WEATHER WAS RECORDED YESTERDAY.
  NO SIGNIFICANT WEATHER WAS OBSERVED.


RELATIVE HUMIDITY (PERCENT)
 HIGHEST    62
 LOWEST     39
 AVERAGE    51

..........................................................


THE DILLON AIRPORT MT CLIMATE NORMALS FOR TODAY
                         NORMAL    RECORD    YEAR
 MAXIMUM TEMPERATURE (F)   41        64      1988
 MINIMUM TEMPERATURE (F)   18       -19      1960


SUNRISE AND SUNSET
FEBRUARY 27 2017......SUNRISE   711 AM MST   SUNSET   615 PM MST
FEBRUARY 28 2017......SUNRISE   709 AM MST   SUNSET   617 PM MST


-  INDICATES NEGATIVE NUMBERS.
R  INDICATES RECORD WAS SET OR TIED.
MM INDICATES DATA IS MISSING.
T  INDICATES TRACE AMOUNT.




$$
