000
CDUS45 KTFX 012336
CLIDLN


CLIMATE REPORT
NATIONAL WEATHER SERVICE GREAT FALLS MT
436 PM MST SUN FEB 1 2015


...................................

...THE DILLON AIRPORT MT CLIMATE SUMMARY FOR FEBRUARY 1 2015...
VALID TODAY AS OF 0400 PM LOCAL TIME.

CLIMATE NORMAL PERIOD 1981 TO 2010
CLIMATE RECORD PERIOD 1929 TO 2015


WEATHER ITEM   OBSERVED TIME   RECORD YEAR NORMAL DEPARTURE LAST
                VALUE   (LST)  VALUE       VALUE  FROM      YEAR
                                                  NORMAL
..................................................................
TEMPERATURE (F)
 TODAY
  MAXIMUM         30    149 PM  54    1992  34     -4       18
  MINIMUM          8    516 AM -25    1989  14     -6       -1
  AVERAGE         19                        24     -5        9

PRECIPITATION (IN)
  TODAY            0.00          0.37 2003   0.01  -0.01     0.01
  MONTH TO DATE    0.00                      0.01  -0.01     0.01
  SINCE OCT 1      1.16                      1.69  -0.53     0.52
  SINCE JAN 1      T                         0.29  -0.29     0.03

SNOWFALL (IN)
  TODAY           MM
  SNOW DEPTH       0

DEGREE DAYS
 HEATING
  TODAY           46                        41      5       56
  MONTH TO DATE   46                        41      5       56
  SINCE DEC 1   2310                      2721   -411     2560
  SINCE JUL 1   4284                      4872   -588     4489

 COOLING
  TODAY            0                         0      0        0
  MONTH TO DATE    0                         0      0        0
  SINCE DEC 1      0                         0      0        0
  SINCE JAN 1      0                         0      0        0
..................................................................


WIND (MPH)
  HIGHEST WIND SPEED    10   HIGHEST WIND DIRECTION    NE (40)
  HIGHEST GUST SPEED    13   HIGHEST GUST DIRECTION    NE (60)
  AVERAGE WIND SPEED     3.7


SKY COVER
  AVERAGE SKY COVER 0.4


WEATHER CONDITIONS
 THE FOLLOWING WEATHER WAS RECORDED TODAY.
  NO SIGNIFICANT WEATHER WAS OBSERVED.


RELATIVE HUMIDITY (PERCENT)
 HIGHEST    91
 LOWEST     58
 AVERAGE    75

..........................................................


THE DILLON AIRPORT MT CLIMATE NORMALS FOR TOMORROW
                         NORMAL    RECORD    YEAR
 MAXIMUM TEMPERATURE (F)   34        56      1934
 MINIMUM TEMPERATURE (F)   14       -30      1989


SUNRISE AND SUNSET
FEBRUARY  1 2015......SUNRISE   751 AM MST   SUNSET   537 PM MST
FEBRUARY  2 2015......SUNRISE   750 AM MST   SUNSET   539 PM MST


-  INDICATES NEGATIVE NUMBERS.
R  INDICATES RECORD WAS SET OR TIED.
MM INDICATES DATA IS MISSING.
T  INDICATES TRACE AMOUNT.




$$
