000
CDUS45 KTFX 291015
CLIDLN


CLIMATE REPORT
NATIONAL WEATHER SERVICE GREAT FALLS MT
413 AM MDT FRI AUG 29 2014


...................................

...THE DILLON AIRPORT MT CLIMATE SUMMARY FOR AUGUST 28 2014...

CLIMATE NORMAL PERIOD 1981 TO 2010
CLIMATE RECORD PERIOD 1929 TO 2014


WEATHER ITEM   OBSERVED TIME   RECORD YEAR NORMAL DEPARTURE LAST
                VALUE   (LST)  VALUE       VALUE  FROM      YEAR
                                                  NORMAL
..................................................................
TEMPERATURE (F)
 YESTERDAY
  MAXIMUM         85    335 PM  95    2012  78      7       80
  MINIMUM         48    603 AM  32    1960  45      3       54
  AVERAGE         67                        62      5       67

PRECIPITATION (IN)
  YESTERDAY        0.00          0.42 1964   0.04  -0.04     0.06
  MONTH TO DATE    2.50                      0.94   1.56     1.58
  SINCE OCT 1      9.08                      9.59  -0.51     8.02
  SINCE JAN 1      8.59                      8.19   0.40     7.00

SNOWFALL (IN)
  YESTERDAY       MM
  SNOW DEPTH       0

DEGREE DAYS
 HEATING
  YESTERDAY        0                               -4        0
  MONTH TO DATE   64                               -2        6
  SINCE JUN 1    330                              -14      194
  SINCE JUL 1     80                              -41        6

 COOLING
  YESTERDAY        2                                1        2
  MONTH TO DATE   50                                0       60
  SINCE JUN 1    162                               19      213
  SINCE JAN 1    162                               18      216
..................................................................


WIND (MPH)
  HIGHEST WIND SPEED    18   HIGHEST WIND DIRECTION     W (270)
  HIGHEST GUST SPEED    24   HIGHEST GUST DIRECTION     W (260)
  AVERAGE WIND SPEED     8.6



WEATHER CONDITIONS
 THE FOLLOWING WEATHER WAS RECORDED YESTERDAY.
  THUNDERSTORM


RELATIVE HUMIDITY (PERCENT)
 HIGHEST    80
 LOWEST     19
 AVERAGE    50

..........................................................


THE DILLON AIRPORT MT CLIMATE NORMALS FOR TODAY
                         NORMAL    RECORD    YEAR
 MAXIMUM TEMPERATURE (F)   78        91      2005
                                             1988
 MINIMUM TEMPERATURE (F)   45        34      1980


SUNRISE AND SUNSET
AUGUST 29 2014........SUNRISE   648 AM MDT   SUNSET   813 PM MDT
AUGUST 30 2014........SUNRISE   650 AM MDT   SUNSET   811 PM MDT


-  INDICATES NEGATIVE NUMBERS.
R  INDICATES RECORD WAS SET OR TIED.
MM INDICATES DATA IS MISSING.
T  INDICATES TRACE AMOUNT.




$$
