000
CDUS45 KTFX 170753
CLIDLN


CLIMATE REPORT
NATIONAL WEATHER SERVICE GREAT FALLS MT
153 AM MDT WED SEP 17 2014


...................................

...THE DILLON AIRPORT MT CLIMATE SUMMARY FOR SEPTEMBER 16 2014...

CLIMATE NORMAL PERIOD 1981 TO 2010
CLIMATE RECORD PERIOD 1929 TO 2014


WEATHER ITEM   OBSERVED TIME   RECORD YEAR NORMAL DEPARTURE LAST
                VALUE   (LST)  VALUE       VALUE  FROM      YEAR
                                                  NORMAL
..................................................................
TEMPERATURE (F)
 YESTERDAY
  MAXIMUM         80    330 PM  87    1979  70     10       76
  MINIMUM         45    607 AM  20    1965  40      5       51
  AVERAGE         63                        55      8       64

PRECIPITATION (IN)
  YESTERDAY        0.00          0.45 2013   0.03  -0.03     0.45
  MONTH TO DATE    0.06                      0.48  -0.42     0.75
  SINCE OCT 1      9.42                     10.18  -0.76     8.77
  SINCE JAN 1      8.93                      8.78   0.15     7.75

SNOWFALL (IN)
  YESTERDAY       MM
  SNOW DEPTH       0

DEGREE DAYS
 HEATING
  YESTERDAY        2                               -8        1
  MONTH TO DATE  172                               47       24
  SINCE SEP 1    172                               47       24
  SINCE JUL 1    264                                3       30

 COOLING
  YESTERDAY        0                                0        0
  MONTH TO DATE    1                               -6       19
  SINCE SEP 1      1                               -6       19
  SINCE JAN 1    165                               10      247
..................................................................


WIND (MPH)
  HIGHEST WIND SPEED    18   HIGHEST WIND DIRECTION    SE (130)
  HIGHEST GUST SPEED    22   HIGHEST GUST DIRECTION    SE (130)
  AVERAGE WIND SPEED     8.2



WEATHER CONDITIONS
 THE FOLLOWING WEATHER WAS RECORDED YESTERDAY.
  HAZE


RELATIVE HUMIDITY (PERCENT)
 HIGHEST    67
 LOWEST     23
 AVERAGE    45

..........................................................


THE DILLON AIRPORT MT CLIMATE NORMALS FOR TODAY
                         NORMAL    RECORD    YEAR
 MAXIMUM TEMPERATURE (F)   69        85      1981
 MINIMUM TEMPERATURE (F)   39        14      1965


SUNRISE AND SUNSET
SEPTEMBER 17 2014.....SUNRISE   711 AM MDT   SUNSET   737 PM MDT
SEPTEMBER 18 2014.....SUNRISE   712 AM MDT   SUNSET   735 PM MDT


-  INDICATES NEGATIVE NUMBERS.
R  INDICATES RECORD WAS SET OR TIED.
MM INDICATES DATA IS MISSING.
T  INDICATES TRACE AMOUNT.




$$
