000
CDUS45 KTFX 181010
CLIDLN


CLIMATE REPORT
NATIONAL WEATHER SERVICE GREAT FALLS MT
409 AM MDT FRI APR 18 2014


...................................

...THE DILLON AIRPORT MT CLIMATE SUMMARY FOR APRIL 17 2014...

CLIMATE NORMAL PERIOD 1981 TO 2010
CLIMATE RECORD PERIOD 1929 TO 2014


WEATHER ITEM   OBSERVED TIME   RECORD YEAR NORMAL DEPARTURE LAST
                VALUE   (LST)  VALUE       VALUE  FROM      YEAR
                                                  NORMAL
..................................................................
TEMPERATURE (F)
 YESTERDAY
  MAXIMUM         62    457 PM  77    1987  55      7       38
  MINIMUM         28    329 AM  11    2013  29     -1       11
  AVERAGE         45                        42      3       25

PRECIPITATION (IN)
  YESTERDAY        0.00          0.40 2004   0.03  -0.03     0.00
  MONTH TO DATE    0.01                      0.56  -0.55     0.11
  SINCE OCT 1      1.07                      3.04  -1.97     1.53
  SINCE JAN 1      0.58                      1.64  -1.06     0.51

SNOWFALL (IN)
  YESTERDAY       MM
  SNOW DEPTH       0

DEGREE DAYS
 HEATING
  YESTERDAY       20                               -3       40
  MONTH TO DATE  394                              -35      460
  SINCE MAR 1   1318                              -61     1376
  SINCE JUL 1   7098                             -198     6791

 COOLING
  YESTERDAY        0                                0        0
  MONTH TO DATE    0                                0        0
  SINCE MAR 1      0                                0        0
  SINCE JAN 1      0                                0        0
..................................................................


WIND (MPH)
  HIGHEST WIND SPEED    32   HIGHEST WIND DIRECTION     S (170)
  HIGHEST GUST SPEED    41   HIGHEST GUST DIRECTION     S (170)
  AVERAGE WIND SPEED    14.3



WEATHER CONDITIONS
 THE FOLLOWING WEATHER WAS RECORDED YESTERDAY.
  NO SIGNIFICANT WEATHER WAS OBSERVED.


RELATIVE HUMIDITY (PERCENT)
 HIGHEST    58
 LOWEST     20
 AVERAGE    39

..........................................................


THE DILLON AIRPORT MT CLIMATE NORMALS FOR TODAY
                         NORMAL    RECORD    YEAR
 MAXIMUM TEMPERATURE (F)   55        77      1962
 MINIMUM TEMPERATURE (F)   29        11      1941


SUNRISE AND SUNSET
APRIL 18 2014.........SUNRISE   640 AM MDT   SUNSET   820 PM MDT
APRIL 19 2014.........SUNRISE   638 AM MDT   SUNSET   821 PM MDT


-  INDICATES NEGATIVE NUMBERS.
R  INDICATES RECORD WAS SET OR TIED.
MM INDICATES DATA IS MISSING.
T  INDICATES TRACE AMOUNT.




$$
