000
CDUS45 KTFX 291033
CLIDLN


CLIMATE REPORT
NATIONAL WEATHER SERVICE GREAT FALLS MT
431 AM MDT SAT AUG 29 2015


...................................

...THE DILLON AIRPORT MT CLIMATE SUMMARY FOR AUGUST 28 2015...

CLIMATE NORMAL PERIOD 1981 TO 2010
CLIMATE RECORD PERIOD 1929 TO 2015


WEATHER ITEM   OBSERVED TIME   RECORD YEAR NORMAL DEPARTURE LAST
                VALUE   (LST)  VALUE       VALUE  FROM      YEAR
                                                  NORMAL
..................................................................
TEMPERATURE (F)
 YESTERDAY
  MAXIMUM         87    401 PM  95    2012  78      9       85
  MINIMUM         47    516 AM  32    1960  45      2       48
  AVERAGE         67                        62      5       67

PRECIPITATION (IN)
  YESTERDAY        0.00          0.42 1964   0.04  -0.04     0.00
  MONTH TO DATE    0.28                      0.94  -0.66     2.50
  SINCE OCT 1      7.85                      9.59  -1.74     9.08
  SINCE JAN 1      6.69                      8.19  -1.50     8.59

SNOWFALL (IN)
  YESTERDAY       MM
  SNOW DEPTH       0

DEGREE DAYS
 HEATING
  YESTERDAY        0                               -4        0
  MONTH TO DATE   54                              -12       64
  SINCE JUN 1    179                             -165      330
  SINCE JUL 1    103                              -18       80

 COOLING
  YESTERDAY        2                                1        2
  MONTH TO DATE   87                               37       50
  SINCE JUN 1    230                               87      162
  SINCE JAN 1    230                               86      162
..................................................................


WIND (MPH)
  HIGHEST WIND SPEED    13   HIGHEST WIND DIRECTION    SW (220)
  HIGHEST GUST SPEED    16   HIGHEST GUST DIRECTION    SW (220)
  AVERAGE WIND SPEED     7.0


SKY COVER
  AVERAGE SKY COVER 0.3


WEATHER CONDITIONS
 THE FOLLOWING WEATHER WAS RECORDED YESTERDAY.
  HAZE


RELATIVE HUMIDITY (PERCENT)
 HIGHEST    80
 LOWEST     15
 AVERAGE    48

..........................................................


THE DILLON AIRPORT MT CLIMATE NORMALS FOR TODAY
                         NORMAL    RECORD    YEAR
 MAXIMUM TEMPERATURE (F)   78        91      2005
                                             1988
 MINIMUM TEMPERATURE (F)   45        34      1980


SUNRISE AND SUNSET
AUGUST 29 2015........SUNRISE   648 AM MDT   SUNSET   813 PM MDT
AUGUST 30 2015........SUNRISE   649 AM MDT   SUNSET   812 PM MDT


-  INDICATES NEGATIVE NUMBERS.
R  INDICATES RECORD WAS SET OR TIED.
MM INDICATES DATA IS MISSING.
T  INDICATES TRACE AMOUNT.




$$
