000
CDUS45 KTFX 051038
CLIDLN


CLIMATE REPORT
NATIONAL WEATHER SERVICE GREAT FALLS MT
437 AM MDT SUN JUL 5 2015


...................................

...THE DILLON AIRPORT MT CLIMATE SUMMARY FOR JULY 4 2015...

CLIMATE NORMAL PERIOD 1981 TO 2010
CLIMATE RECORD PERIOD 1929 TO 2015


WEATHER ITEM   OBSERVED TIME   RECORD YEAR NORMAL DEPARTURE LAST
                VALUE   (LST)  VALUE       VALUE  FROM      YEAR
                                                  NORMAL
..................................................................
TEMPERATURE (F)
 YESTERDAY
  MAXIMUM         94    450 PM  96    2008  80     14       91
  MINIMUM         54    538 AM  35    1983  48      6       53
  AVERAGE         74                        64     10       72

PRECIPITATION (IN)
  YESTERDAY        0.00          0.61 1961   0.04  -0.04     0.00
  MONTH TO DATE    0.00                      0.16  -0.16     0.00
  SINCE OCT 1      6.26                      7.60  -1.34     5.95
  SINCE JAN 1      5.10                      6.20  -1.10     5.46

SNOWFALL (IN)
  YESTERDAY       MM
  SNOW DEPTH       0

DEGREE DAYS
 HEATING
  YESTERDAY        0                               -3        0
  MONTH TO DATE    0                              -13        6
  SINCE JUN 1     76                             -160      256
  SINCE JUL 1      0                              -13        6

 COOLING
  YESTERDAY        9                                7        7
  MONTH TO DATE   35                               28       16
  SINCE JUN 1    110                               87       16
  SINCE JAN 1    110                               86       16
..................................................................


WIND (MPH)
  HIGHEST WIND SPEED    17   HIGHEST WIND DIRECTION    SW (220)
  HIGHEST GUST SPEED    21   HIGHEST GUST DIRECTION    SW (230)
  AVERAGE WIND SPEED     6.6


SKY COVER
  AVERAGE SKY COVER 0.0


WEATHER CONDITIONS
 THE FOLLOWING WEATHER WAS RECORDED YESTERDAY.
  NO SIGNIFICANT WEATHER WAS OBSERVED.


RELATIVE HUMIDITY (PERCENT)
 HIGHEST    60
 LOWEST     11
 AVERAGE    36

..........................................................


THE DILLON AIRPORT MT CLIMATE NORMALS FOR TODAY
                         NORMAL    RECORD    YEAR
 MAXIMUM TEMPERATURE (F)   80        98      1985
 MINIMUM TEMPERATURE (F)   48        37      1999


SUNRISE AND SUNSET
JULY  5 2015..........SUNRISE   549 AM MDT   SUNSET   920 PM MDT
JULY  6 2015..........SUNRISE   549 AM MDT   SUNSET   920 PM MDT


-  INDICATES NEGATIVE NUMBERS.
R  INDICATES RECORD WAS SET OR TIED.
MM INDICATES DATA IS MISSING.
T  INDICATES TRACE AMOUNT.




$$
