000
CDUS45 KTFX 250849
CLIDLN


CLIMATE REPORT
NATIONAL WEATHER SERVICE GREAT FALLS MT
249 AM MDT SUN JUN 25 2017


...................................

...THE DILLON AIRPORT MT CLIMATE SUMMARY FOR JUNE 24 2017...

CLIMATE NORMAL PERIOD 1981 TO 2010
CLIMATE RECORD PERIOD 1929 TO 2017


WEATHER ITEM   OBSERVED TIME   RECORD YEAR NORMAL DEPARTURE LAST
                VALUE   (LST)  VALUE       VALUE  FROM      YEAR
                                                  NORMAL
..................................................................
TEMPERATURE (F)
 YESTERDAY
  MAXIMUM         77    447 PM  95    1974  76      1       75
  MINIMUM         42    449 AM  35    1953  46     -4       46
  AVERAGE         60                        61     -1       61

PRECIPITATION (IN)
  YESTERDAY        0.00          1.97 1958   0.05  -0.05     0.00
  MONTH TO DATE    1.16                      1.70  -0.54     1.12
  SINCE OCT 1      7.93                      7.17   0.76     6.60
  SINCE JAN 1      5.39                      5.77  -0.38     4.52

SNOWFALL (IN)
  YESTERDAY       MM
  SNOW DEPTH       0

DEGREE DAYS
 HEATING
  YESTERDAY        5                                0        4
  MONTH TO DATE  157                              -40       99
  SINCE JUN 1    157                              -40       99
  SINCE JUL 1   7938                             -284     7471

 COOLING
  YESTERDAY        0                               -1        0
  MONTH TO DATE   18                               11       23
  SINCE JUN 1     18                               11       23
  SINCE JAN 1     18                               10       23
..................................................................


WIND (MPH)
  HIGHEST WIND SPEED    13   HIGHEST WIND DIRECTION    NE (60)
  HIGHEST GUST SPEED    17   HIGHEST GUST DIRECTION     N (10)
  AVERAGE WIND SPEED     6.6


SKY COVER
  AVERAGE SKY COVER 0.0


WEATHER CONDITIONS
 THE FOLLOWING WEATHER WAS RECORDED YESTERDAY.
  NO SIGNIFICANT WEATHER WAS OBSERVED.


RELATIVE HUMIDITY (PERCENT)
 HIGHEST    70
 LOWEST     21
 AVERAGE    46

..........................................................


THE DILLON AIRPORT MT CLIMATE NORMALS FOR TODAY
                         NORMAL    RECORD    YEAR
 MAXIMUM TEMPERATURE (F)   76        97      1988
 MINIMUM TEMPERATURE (F)   46        35      1966


SUNRISE AND SUNSET
JUNE 25 2017..........SUNRISE   544 AM MDT   SUNSET   922 PM MDT
JUNE 26 2017..........SUNRISE   544 AM MDT   SUNSET   922 PM MDT


-  INDICATES NEGATIVE NUMBERS.
R  INDICATES RECORD WAS SET OR TIED.
MM INDICATES DATA IS MISSING.
T  INDICATES TRACE AMOUNT.




$$
