000
CDUS41 KLWX 210528
CLIDMH


CLIMATE REPORT
NATIONAL WEATHER SERVICE BALTIMORE MD/WASHINGTON DC
128 AM EDT SAT OCT 21 2017


...................................

...THE BALTIMORE INNER HARBOR MD CLIMATE SUMMARY FOR OCTOBER 20 2017...

CLIMATE NORMAL PERIOD 1981 TO 2010
CLIMATE RECORD PERIOD 1999 TO 2017


WEATHER ITEM   OBSERVED TIME   RECORD YEAR NORMAL DEPARTURE LAST
                VALUE   (LST)  VALUE       VALUE  FROM      YEAR
                                                  NORMAL
..................................................................
TEMPERATURE (F)
 YESTERDAY
  MAXIMUM         75    441 PM  MM      MM  67      8       80
  MINIMUM         60   1234 AM  MM      MM  50     10       67
  AVERAGE         68                        59      9       74

PRECIPITATION (IN)
  YESTERDAY        0.00         MM      MM   0.10  -0.10     0.00
  MONTH TO DATE    1.49                      2.10  -0.61     0.47
  SINCE SEP 1      3.35                      6.19  -2.84     5.73
  SINCE JAN 1     31.43                     33.56  -2.13    35.60

DEGREE DAYS
 HEATING
  YESTERDAY        0                         7     -7        0
  MONTH TO DATE   22                        96    -74       42
  SINCE SEP 1     28                       114    -86       46
  SINCE JUL 1     28                       114    -86       46

 COOLING
  YESTERDAY        3                         1      2        9
  MONTH TO DATE  101                        35     66       49
  SINCE SEP 1    359                       264     95      359
  SINCE JAN 1   1873                      1660    213     1912
..................................................................


WIND (MPH)
  HIGHEST WIND SPEED    MM   HIGHEST WIND DIRECTION    MM
  HIGHEST GUST SPEED    MM   HIGHEST GUST DIRECTION    MM
  AVERAGE WIND SPEED    MM


SKY COVER
  POSSIBLE SUNSHINE  MM



RELATIVE HUMIDITY (PERCENT)
 HIGHEST    64          1200 AM
 LOWEST     25           300 PM
 AVERAGE    45

..........................................................


THE BALTIMORE INNER HARBOR MD CLIMATE NORMALS FOR TODAY
                         NORMAL
 MAXIMUM TEMPERATURE (F)   67
 MINIMUM TEMPERATURE (F)   50


SUNRISE AND SUNSET
OCTOBER 21 2017.......SUNRISE   723 AM EDT   SUNSET   619 PM EDT
OCTOBER 22 2017.......SUNRISE   724 AM EDT   SUNSET   617 PM EDT


-  INDICATES NEGATIVE NUMBERS.
R  INDICATES RECORD WAS SET OR TIED.
MM INDICATES DATA IS MISSING.
T  INDICATES TRACE AMOUNT.




$$
