000
CDUS41 KLWX 250526
CLIDMH


CLIMATE REPORT
NATIONAL WEATHER SERVICE BALTIMORE MD/WASHINGTON DC
1224 AM EST SUN FEB 25 2018


...................................

...THE BALTIMORE INNER HARBOR MD CLIMATE SUMMARY FOR FEBRUARY 24 2018...

CLIMATE NORMAL PERIOD 1981 TO 2010
CLIMATE RECORD PERIOD 1999 TO 2018


WEATHER ITEM   OBSERVED TIME   RECORD YEAR NORMAL DEPARTURE LAST
                VALUE   (LST)  VALUE       VALUE  FROM      YEAR
                                                  NORMAL
..................................................................
TEMPERATURE (F)
 YESTERDAY
  MAXIMUM         53    324 PM  MM      MM  48      5       73
  MINIMUM         46    152 AM  MM      MM  33     13       52
  AVERAGE         50                        40     10       63

PRECIPITATION (IN)
  YESTERDAY        0.10         MM      MM   0.08   0.02     0.00
  MONTH TO DATE    4.48                      2.25   2.23     0.51
  SINCE DEC 1      6.20                      8.58  -2.38     5.44
  SINCE JAN 1      5.42                      5.17   0.25     3.10

DEGREE DAYS
 HEATING
  YESTERDAY       15                        25    -10        2
  MONTH TO DATE  509                       645   -136      440
  SINCE DEC 1   2210                      2342   -132     1888
  SINCE JUL 1   2738                      2993   -255     2397

 COOLING
  YESTERDAY        0                         0      0        0
  MONTH TO DATE    2                         0      2        0
  SINCE DEC 1      2                         0      2        0
  SINCE JAN 1      2                         0      2        0
..................................................................


WIND (MPH)
  HIGHEST WIND SPEED    MM   HIGHEST WIND DIRECTION    MM
  HIGHEST GUST SPEED    MM   HIGHEST GUST DIRECTION    MM
  AVERAGE WIND SPEED    MM


SKY COVER
  POSSIBLE SUNSHINE  MM



RELATIVE HUMIDITY (PERCENT)
 HIGHEST   100           200 AM
 LOWEST     77           700 PM
 AVERAGE    89

..........................................................


THE BALTIMORE INNER HARBOR MD CLIMATE NORMALS FOR TODAY
                         NORMAL
 MAXIMUM TEMPERATURE (F)   48
 MINIMUM TEMPERATURE (F)   33


SUNRISE AND SUNSET
FEBRUARY 25 2018......SUNRISE   645 AM EST   SUNSET   555 PM EST
FEBRUARY 26 2018......SUNRISE   643 AM EST   SUNSET   556 PM EST


-  INDICATES NEGATIVE NUMBERS.
R  INDICATES RECORD WAS SET OR TIED.
MM INDICATES DATA IS MISSING.
T  INDICATES TRACE AMOUNT.




$$
