000
CDUS41 KLWX 210528
CLIDMH


CLIMATE REPORT
NATIONAL WEATHER SERVICE BALTIMORE MD/WASHINGTON DC
1225 AM EST SAT JAN 21 2017


...................................

...THE BALTIMORE INNER HARBOR MD CLIMATE SUMMARY FOR JANUARY 20 2017...

CLIMATE NORMAL PERIOD 1981 TO 2010
CLIMATE RECORD PERIOD 9999 TO 9999


WEATHER ITEM   OBSERVED TIME   RECORD YEAR NORMAL DEPARTURE LAST
                VALUE   (LST)  VALUE       VALUE  FROM      YEAR
                                                  NORMAL
..................................................................
TEMPERATURE (F)
 YESTERDAY
  MAXIMUM         46   1133 PM  MM      MM  42      4       32
  MINIMUM         39    709 AM  MM      MM  29     10       20
  AVERAGE         43                        36      7       26

PRECIPITATION (IN)
  YESTERDAY        0.03         MM      MM   0.09  -0.06     0.01
  MONTH TO DATE    2.00                      1.86   0.14     1.34
  SINCE DEC 1      4.34                      5.27  -0.93     7.58
  SINCE JAN 1      2.00                      1.86   0.14     1.34

DEGREE DAYS
 HEATING
  YESTERDAY       22                        29     -7       39
  MONTH TO DATE  498                       580    -82      584
  SINCE DEC 1   1222                      1372   -150     1003
  SINCE JUL 1   1731                      2023   -292     1531

 COOLING
  YESTERDAY        0                         0      0        0
  MONTH TO DATE    0                         0      0        0
  SINCE DEC 1      0                         0      0        3
  SINCE JAN 1      0                         0      0        0
..................................................................


WIND (MPH)
  HIGHEST WIND SPEED    MM   HIGHEST WIND DIRECTION    MM
  HIGHEST GUST SPEED    MM   HIGHEST GUST DIRECTION    MM
  AVERAGE WIND SPEED    MM


SKY COVER
  POSSIBLE SUNSHINE  MM



RELATIVE HUMIDITY (PERCENT)
 HIGHEST    92          1100 PM
 LOWEST     70          1200 AM
 AVERAGE    81

..........................................................


THE BALTIMORE INNER HARBOR MD CLIMATE NORMALS FOR TODAY
                         NORMAL
 MAXIMUM TEMPERATURE (F)   42
 MINIMUM TEMPERATURE (F)   29


SUNRISE AND SUNSET
JANUARY 21 2017.......SUNRISE   721 AM EST   SUNSET   515 PM EST
JANUARY 22 2017.......SUNRISE   721 AM EST   SUNSET   516 PM EST


-  INDICATES NEGATIVE NUMBERS.
R  INDICATES RECORD WAS SET OR TIED.
MM INDICATES DATA IS MISSING.
T  INDICATES TRACE AMOUNT.




$$
