000
CDUS41 KLWX 210522
CLIDMH


CLIMATE REPORT
NATIONAL WEATHER SERVICE BALTIMORE MD/WASHINGTON DC
120 AM EDT THU AUG 21 2014


...................................

...THE BALTIMORE INNER HARBOR MD CLIMATE SUMMARY FOR AUGUST 20 2014...

CLIMATE NORMAL PERIOD 1981 TO 2010
CLIMATE RECORD PERIOD 9999 TO 9999


WEATHER ITEM   OBSERVED TIME   RECORD YEAR NORMAL DEPARTURE LAST
                VALUE   (LST)  VALUE       VALUE  FROM      YEAR
                                                  NORMAL
..................................................................
TEMPERATURE (F)
 YESTERDAY
  MAXIMUM         84    234 PM  MM      MM  87     -3       92
  MINIMUM         73    603 AM  MM      MM  71      2       70
  AVERAGE         79                        79      0       81

PRECIPITATION (IN)
  YESTERDAY        0.00         MM      MM   0.11  -0.11     0.00
  MONTH TO DATE    6.16                      2.16   4.00     1.61
  SINCE JUN 1     16.37                     10.05   6.32    13.76
  SINCE JAN 1     39.42                     26.14  13.28    27.92

DEGREE DAYS
 HEATING
  YESTERDAY        0                         0      0        0
  MONTH TO DATE    0                         0      0        0
  SINCE JUN 1      0                         5     -5        0
  SINCE JUL 1      0                         0      0        0

 COOLING
  YESTERDAY       14                        14      0       16
  MONTH TO DATE  211                       290    -79      264
  SINCE JUN 1    961                      1115   -154     1263
  SINCE JAN 1   1091                      1254   -163     1493
..................................................................


WIND (MPH)
  HIGHEST WIND SPEED    MM   HIGHEST WIND DIRECTION    MM
  HIGHEST GUST SPEED    MM   HIGHEST GUST DIRECTION    MM
  AVERAGE WIND SPEED    MM


SKY COVER
  POSSIBLE SUNSHINE  MM



RELATIVE HUMIDITY (PERCENT)
 HIGHEST    73           600 AM
 LOWEST     47           200 PM
 AVERAGE    60

..........................................................


THE BALTIMORE INNER HARBOR MD CLIMATE NORMALS FOR TODAY
                         NORMAL
 MAXIMUM TEMPERATURE (F)   87
 MINIMUM TEMPERATURE (F)   71


SUNRISE AND SUNSET
AUGUST 21 2014........SUNRISE   625 AM EDT   SUNSET   754 PM EDT
AUGUST 22 2014........SUNRISE   626 AM EDT   SUNSET   752 PM EDT


-  INDICATES NEGATIVE NUMBERS.
R  INDICATES RECORD WAS SET OR TIED.
MM INDICATES DATA IS MISSING.
T  INDICATES TRACE AMOUNT.




$$
