000
CDUS41 KLWX 280536
CLIDMH


CLIMATE REPORT
NATIONAL WEATHER SERVICE BALTIMORE MD/WASHINGTON DC
1235 AM EST SUN DEC 28 2014


...................................

...THE BALTIMORE INNER HARBOR MD CLIMATE SUMMARY FOR DECEMBER 27 2014...

CLIMATE NORMAL PERIOD 1981 TO 2010
CLIMATE RECORD PERIOD 9999 TO 9999


WEATHER ITEM   OBSERVED TIME   RECORD YEAR NORMAL DEPARTURE LAST
                VALUE   (LST)  VALUE       VALUE  FROM      YEAR
                                                  NORMAL
..................................................................
TEMPERATURE (F)
 YESTERDAY
  MAXIMUM         56    116 PM  MM      MM  43     13       50
  MINIMUM         37    725 AM  MM      MM  30      7       31
  AVERAGE         47                        37     10       41

PRECIPITATION (IN)
  YESTERDAY        0.00         MM      MM   0.10  -0.10     0.00
  MONTH TO DATE    3.26                      3.06   0.20     4.02
  SINCE DEC 1      3.26                      3.06   0.20     4.02
  SINCE JAN 1     52.78                     40.54  12.24    40.98

DEGREE DAYS
 HEATING
  YESTERDAY       18                        28    -10       24
  MONTH TO DATE  630                       677    -47      491
  SINCE DEC 1    630                       677    -47      491
  SINCE JUL 1   1365                      1328     37     1116

 COOLING
  YESTERDAY        0                         0      0        0
  MONTH TO DATE    0                         0      0        0
  SINCE DEC 1      0                         0      0        0
  SINCE JAN 1   1456                      1665   -209     2023
..................................................................


WIND (MPH)
  HIGHEST WIND SPEED    MM   HIGHEST WIND DIRECTION    MM
  HIGHEST GUST SPEED    MM   HIGHEST GUST DIRECTION    MM
  AVERAGE WIND SPEED    MM


SKY COVER
  POSSIBLE SUNSHINE  MM



RELATIVE HUMIDITY (PERCENT)
 HIGHEST    82           400 AM
 LOWEST     43           100 PM
 AVERAGE    63

..........................................................


THE BALTIMORE INNER HARBOR MD CLIMATE NORMALS FOR TODAY
                         NORMAL
 MAXIMUM TEMPERATURE (F)   43
 MINIMUM TEMPERATURE (F)   30


SUNRISE AND SUNSET
DECEMBER 28 2014......SUNRISE   725 AM EST   SUNSET   451 PM EST
DECEMBER 29 2014......SUNRISE   726 AM EST   SUNSET   452 PM EST


-  INDICATES NEGATIVE NUMBERS.
R  INDICATES RECORD WAS SET OR TIED.
MM INDICATES DATA IS MISSING.
T  INDICATES TRACE AMOUNT.




$$
