000
CDUS45 KEPZ 200928
CLIDMN


CLIMATE REPORT
NATIONAL WEATHER SERVICE EL PASO, TX
327 AM MDT SUN AUG 20 2017


...................................

...THE DEMING CLIMATE SUMMARY FOR AUGUST 19 2017...

CLIMATE NORMAL PERIOD 1981 TO 2010
CLIMATE RECORD PERIOD 2000 TO 2017


WEATHER ITEM   OBSERVED TIME   NORMAL DEPARTURE LAST
                VALUE   (LST)  VALUE  FROM      YEAR
                                      NORMAL
......................................................
TEMPERATURE (F)
 YESTERDAY
  MAXIMUM         85   1238 PM  91              94
  MINIMUM         63   1159 PM  64              66
  AVERAGE         74            78     -4       80

PRECIPITATION (IN)
  YESTERDAY        0.01          0.05  -0.04     0.00
  MONTH TO DATE    1.37          1.69  -0.32     2.62
  SINCE JUN 1      5.00          4.58   0.42     3.42
  SINCE JAN 1      8.19          6.99   1.20     4.61

......................................................


WIND (MPH)
  HIGHEST WIND SPEED    25   HIGHEST WIND DIRECTION     E (90)
  HIGHEST GUST SPEED    30   HIGHEST GUST DIRECTION     E (80)
  AVERAGE WIND SPEED     6.3


SKY COVER
  AVERAGE SKY COVER 0.1


WEATHER CONDITIONS
 THE FOLLOWING WEATHER WAS RECORDED YESTERDAY.
  LIGHT RAIN


RELATIVE HUMIDITY (PERCENT)
 HIGHEST    73           600 AM
 LOWEST     34           300 PM
 AVERAGE    54

..........................................................


THE DEMING CLIMATE NORMALS FOR TODAY
                         NORMAL
 MAXIMUM TEMPERATURE (F)   91
 MINIMUM TEMPERATURE (F)   64


SUNRISE AND SUNSET
AUGUST 20 2017........SUNRISE   638 AM MDT   SUNSET   749 PM MDT
AUGUST 21 2017........SUNRISE   639 AM MDT   SUNSET   748 PM MDT


-  INDICATES NEGATIVE NUMBERS.
R  INDICATES RECORD WAS SET OR TIED.
MM INDICATES DATA IS MISSING.
T  INDICATES TRACE AMOUNT.




$$
