000
CDUS45 KEPZ 290944
CLIDMN


CLIMATE REPORT
NATIONAL WEATHER SERVICE EL PASO, TX
342 AM MDT TUE JUL 29 2014


...................................

...THE DEMING CLIMATE SUMMARY FOR JULY 28 2014...

CLIMATE NORMAL PERIOD 1981 TO 2010
CLIMATE RECORD PERIOD 2000 TO 2014


WEATHER ITEM   OBSERVED TIME   NORMAL DEPARTURE LAST
                VALUE   (LST)  VALUE  FROM      YEAR
                                      NORMAL
......................................................
TEMPERATURE (F)
 YESTERDAY
  MAXIMUM         92    241 PM  93              94
  MINIMUM         70    611 AM  67              67
  AVERAGE         81            80      1       81

PRECIPITATION (IN)
  YESTERDAY        0.01          0.07  -0.06      T
  MONTH TO DATE    1.40          1.95  -0.55     2.82
  SINCE JUN 1      1.43          2.65  -1.22     2.82
  SINCE JAN 1      2.00          5.06  -3.06     3.33

......................................................


WIND (MPH)
  HIGHEST WIND SPEED    21   HIGHEST WIND DIRECTION     E (90)
  HIGHEST GUST SPEED    25   HIGHEST GUST DIRECTION     E (90)
  AVERAGE WIND SPEED     8.0


SKY COVER
  AVERAGE SKY COVER 0.4


WEATHER CONDITIONS
 THE FOLLOWING WEATHER WAS RECORDED YESTERDAY.
  THUNDERSTORM
  LIGHT RAIN


RELATIVE HUMIDITY (PERCENT)
 HIGHEST    78           600 AM
 LOWEST     29           400 PM
 AVERAGE    54

..........................................................


THE DEMING CLIMATE NORMALS FOR TODAY
                         NORMAL
 MAXIMUM TEMPERATURE (F)   93
 MINIMUM TEMPERATURE (F)   67


SUNRISE AND SUNSET
JULY 29 2014..........SUNRISE   624 AM MDT   SUNSET   810 PM MDT
JULY 30 2014..........SUNRISE   624 AM MDT   SUNSET   810 PM MDT


-  INDICATES NEGATIVE NUMBERS.
R  INDICATES RECORD WAS SET OR TIED.
MM INDICATES DATA IS MISSING.
T  INDICATES TRACE AMOUNT.




$$
