000
CDUS45 KEPZ 230930
CLIDMN


CLIMATE REPORT
NATIONAL WEATHER SERVICE EL PASO, TX
329 AM MDT FRI JUN 23 2017


...................................

...THE DEMING CLIMATE SUMMARY FOR JUNE 22 2017...

CLIMATE NORMAL PERIOD 1981 TO 2010
CLIMATE RECORD PERIOD 2000 TO 2017


WEATHER ITEM   OBSERVED TIME   NORMAL DEPARTURE LAST
                VALUE   (LST)  VALUE  FROM      YEAR
                                      NORMAL
......................................................
TEMPERATURE (F)
 YESTERDAY
  MAXIMUM        108    238 PM  97             104
  MINIMUM         70    545 AM  61              66
  AVERAGE         89            79     10       85

PRECIPITATION (IN)
  YESTERDAY        T             0.03  -0.03      T
  MONTH TO DATE    0.51          0.32   0.19     0.36
  SINCE JUN 1      0.51          0.32   0.19     0.36
  SINCE JAN 1      3.70          2.73   0.97     1.55

......................................................


WIND (MPH)
  HIGHEST WIND SPEED    39   HIGHEST WIND DIRECTION    NE (30)
  HIGHEST GUST SPEED    50   HIGHEST GUST DIRECTION    NE (30)
  AVERAGE WIND SPEED     8.2


SKY COVER
  AVERAGE SKY COVER 0.0


WEATHER CONDITIONS
 THE FOLLOWING WEATHER WAS RECORDED YESTERDAY.
  THUNDERSTORM
  LIGHT RAIN


RELATIVE HUMIDITY (PERCENT)
 HIGHEST    49           500 AM
 LOWEST      8           200 PM
 AVERAGE    29

..........................................................


THE DEMING CLIMATE NORMALS FOR TODAY
                         NORMAL
 MAXIMUM TEMPERATURE (F)   97
 MINIMUM TEMPERATURE (F)   62


SUNRISE AND SUNSET
JUNE 23 2017..........SUNRISE   605 AM MDT   SUNSET   821 PM MDT
JUNE 24 2017..........SUNRISE   605 AM MDT   SUNSET   821 PM MDT


-  INDICATES NEGATIVE NUMBERS.
R  INDICATES RECORD WAS SET OR TIED.
MM INDICATES DATA IS MISSING.
T  INDICATES TRACE AMOUNT.




$$
