873
CDUS43 KEAX 050635
CLIDMO


CLIMATE REPORT
NATIONAL WEATHER SERVICE KANSAS CITY/PLEASANT HILL MO
134 AM CDT THU MAY 5 2016


...................................

...THE SEDALIA MO CLIMATE SUMMARY FOR MAY 4 2016...

CLIMATE NORMAL PERIOD 1981 TO 2010
CLIMATE RECORD PERIOD 9999 TO 9999


WEATHER ITEM   OBSERVED TIME   NORMAL DEPARTURE LAST
                VALUE   (LST)  VALUE  FROM      YEAR
                                      NORMAL
......................................................
TEMPERATURE (F)
 YESTERDAY
  MAXIMUM         71    308 PM  72     -1       83
  MINIMUM         53   1159 PM  52      1       62
  AVERAGE         62            62      0       73

PRECIPITATION (IN)
  YESTERDAY        0.00          0.17  -0.17     0.09
  MONTH TO DATE    T             0.67  -0.67     0.09
  SINCE MAR 1      3.60          7.53  -3.93     5.04
  SINCE JAN 1      4.75         11.13  -6.38     7.12

DEGREE DAYS
 HEATING
  YESTERDAY        3             4     -1        0
  MONTH TO DATE   33            19     14        9
  SINCE MAR 1    615           884   -269      736
  SINCE JUL 1   3603          4501   -898     4584

 COOLING
  YESTERDAY        0             2     -2        8
  MONTH TO DATE    0             5     -5       14
  SINCE MAR 1     24            39    -15       31
  SINCE JAN 1     24            39    -15       31
......................................................


WIND (MPH)
  HIGHEST WIND SPEED    24   HIGHEST WIND DIRECTION     N (340)
  HIGHEST GUST SPEED    31   HIGHEST GUST DIRECTION    NW (310)
  AVERAGE WIND SPEED    14.2


SKY COVER
  AVERAGE SKY COVER 0.1


WEATHER CONDITIONS
 THE FOLLOWING WEATHER WAS RECORDED YESTERDAY.
  NO SIGNIFICANT WEATHER WAS OBSERVED.


RELATIVE HUMIDITY (PERCENT)
 HIGHEST    77           300 AM
 LOWEST     31           200 PM
 AVERAGE    54

..........................................................


THE SEDALIA MO CLIMATE NORMALS FOR TODAY
                         NORMAL
 MAXIMUM TEMPERATURE (F)   73
 MINIMUM TEMPERATURE (F)   52


SUNRISE AND SUNSET
MAY  5 2016...........SUNRISE   610 AM CDT   SUNSET   809 PM CDT
MAY  6 2016...........SUNRISE   609 AM CDT   SUNSET   810 PM CDT


-  INDICATES NEGATIVE NUMBERS.
R  INDICATES RECORD WAS SET OR TIED.
MM INDICATES DATA IS MISSING.
T  INDICATES TRACE AMOUNT.




$$
