000
CDUS43 KEAX 260031
CLIDMO


CLIMATE REPORT
NATIONAL WEATHER SERVICE KANSAS CITY/PLEASANT HILL MO
730 PM CDT SAT MAR 25 2017


...................................

...THE SEDALIA MO CLIMATE SUMMARY FOR MARCH 25 2017...
VALID TODAY AS OF 0700 PM LOCAL TIME.

CLIMATE NORMAL PERIOD 1981 TO 2010
CLIMATE RECORD PERIOD 9999 TO 9999


WEATHER ITEM   OBSERVED TIME   NORMAL DEPARTURE LAST
                VALUE   (LST)  VALUE  FROM      YEAR
                                      NORMAL
......................................................
TEMPERATURE (F)
 TODAY
  MAXIMUM         63    252 PM  60      3       58
  MINIMUM         49    527 AM  39     10       36
  AVERAGE         56            50      6       47

PRECIPITATION (IN)
  TODAY            0.38          0.09   0.29     0.00
  MONTH TO DATE    1.55          2.07  -0.52     1.35
  SINCE MAR 1      1.55          2.07  -0.52     1.35
  SINCE JAN 1      2.97          5.67  -2.70     2.50

DEGREE DAYS
 HEATING
  TODAY            9            16     -7       18
  MONTH TO DATE  380           498   -118      319
  SINCE MAR 1    380           498   -118      319
  SINCE JUL 1   3263          4115   -852     3307

 COOLING
  TODAY            0             0      0        0
  MONTH TO DATE    8             0      8        4
  SINCE MAR 1      8             0      8        4
  SINCE JAN 1      8             0      8        4
......................................................


WIND (MPH)
  HIGHEST WIND SPEED    20   HIGHEST WIND DIRECTION    SW (240)
  HIGHEST GUST SPEED    24   HIGHEST GUST DIRECTION    SW (240)
  AVERAGE WIND SPEED     5.7


SKY COVER
  AVERAGE SKY COVER 0.7


WEATHER CONDITIONS
 THE FOLLOWING WEATHER WAS RECORDED TODAY.
  HEAVY RAIN
  RAIN
  LIGHT RAIN
  FOG


RELATIVE HUMIDITY (PERCENT)
 HIGHEST    93           600 AM
 LOWEST     67           100 PM
 AVERAGE    80

..........................................................


THE SEDALIA MO CLIMATE NORMALS FOR TOMORROW
                         NORMAL
 MAXIMUM TEMPERATURE (F)   61
 MINIMUM TEMPERATURE (F)   39


SUNRISE AND SUNSET
MARCH 25 2017.........SUNRISE   708 AM CDT   SUNSET   729 PM CDT
MARCH 26 2017.........SUNRISE   706 AM CDT   SUNSET   730 PM CDT


-  INDICATES NEGATIVE NUMBERS.
R  INDICATES RECORD WAS SET OR TIED.
MM INDICATES DATA IS MISSING.
T  INDICATES TRACE AMOUNT.




$$
