000
CDUS43 KEAX 020648
CLIDMO


CLIMATE REPORT
NATIONAL WEATHER SERVICE KANSAS CITY/PLEASANT HILL MO
146 AM CDT THU OCT 2 2014


...................................

...THE SEDALIA MO CLIMATE SUMMARY FOR OCTOBER 1 2014...

CLIMATE NORMAL PERIOD 1981 TO 2010
CLIMATE RECORD PERIOD 9999 TO 9999


WEATHER ITEM   OBSERVED TIME   NORMAL DEPARTURE LAST
                VALUE   (LST)  VALUE  FROM      YEAR
                                      NORMAL
......................................................
TEMPERATURE (F)
 YESTERDAY
  MAXIMUM         81    105 PM  73      8       84
  MINIMUM         64    206 AM  53     11       62
  AVERAGE         73            63     10       73

PRECIPITATION (IN)
  YESTERDAY        2.29          0.14   2.15     0.00
  MONTH TO DATE    2.29          0.14   2.15     0.00
  SINCE SEP 1      4.10          4.25  -0.15     3.56
  SINCE JAN 1     25.67         32.19  -6.52    33.47

DEGREE DAYS
 HEATING
  YESTERDAY        0             4     -4        0
  MONTH TO DATE    0             4     -4        0
  SINCE SEP 1     43            48     -5       19
  SINCE JUL 1     43            49     -6       19

 COOLING
  YESTERDAY        8             2      6        8
  MONTH TO DATE    8             2      6        8
  SINCE SEP 1    167           167      0      230
  SINCE JAN 1   1384          1452    -68     1445
......................................................


WIND (MPH)
  HIGHEST WIND SPEED    32   HIGHEST WIND DIRECTION     W (290)
  HIGHEST GUST SPEED    48   HIGHEST GUST DIRECTION     W (290)
  AVERAGE WIND SPEED     9.1


SKY COVER
  AVERAGE SKY COVER 0.4


WEATHER CONDITIONS
 THE FOLLOWING WEATHER WAS RECORDED YESTERDAY.
  THUNDERSTORM
  HEAVY RAIN
  RAIN
  LIGHT RAIN
  FOG
  HAZE


RELATIVE HUMIDITY (PERCENT)
 HIGHEST    93           800 PM
 LOWEST     63           400 AM
 AVERAGE    78

..........................................................


THE SEDALIA MO CLIMATE NORMALS FOR TODAY
                         NORMAL
 MAXIMUM TEMPERATURE (F)   73
 MINIMUM TEMPERATURE (F)   52


SUNRISE AND SUNSET
OCTOBER  2 2014.......SUNRISE   709 AM CDT   SUNSET   654 PM CDT
OCTOBER  3 2014.......SUNRISE   710 AM CDT   SUNSET   652 PM CDT


-  INDICATES NEGATIVE NUMBERS.
R  INDICATES RECORD WAS SET OR TIED.
MM INDICATES DATA IS MISSING.
T  INDICATES TRACE AMOUNT.




$$
