000
CDUS43 KEAX 280632
CLIDMO


CLIMATE REPORT
NATIONAL WEATHER SERVICE KANSAS CITY/PLEASANT HILL MO
132 AM CDT FRI APR 28 2017


...................................

...THE SEDALIA MO CLIMATE SUMMARY FOR APRIL 27 2017...

CLIMATE NORMAL PERIOD 1981 TO 2010
CLIMATE RECORD PERIOD 9999 TO 9999


WEATHER ITEM   OBSERVED TIME   NORMAL DEPARTURE LAST
                VALUE   (LST)  VALUE  FROM      YEAR
                                      NORMAL
......................................................
TEMPERATURE (F)
 YESTERDAY
  MAXIMUM         62    417 PM  71     -9       76
  MINIMUM         43    623 AM  50     -7       53
  AVERAGE         53            60     -7       65

PRECIPITATION (IN)
  YESTERDAY        T             0.19  -0.19     0.28
  MONTH TO DATE    3.66          3.66   0.00     1.47
  SINCE MAR 1      6.96          6.27   0.69     3.16
  SINCE JAN 1      8.38          9.87  -1.49     4.31

DEGREE DAYS
 HEATING
  YESTERDAY       12             6      6        0
  MONTH TO DATE  167           263    -96      180
  SINCE MAR 1    621           848   -227      567
  SINCE JUL 1   3504          4465   -961     3555

 COOLING
  YESTERDAY        0             1     -1        0
  MONTH TO DATE   42            26     16       19
  SINCE MAR 1     50            29     21       23
  SINCE JAN 1     50            29     21       23
......................................................


WIND (MPH)
  HIGHEST WIND SPEED    15   HIGHEST WIND DIRECTION     W (290)
  HIGHEST GUST SPEED    21   HIGHEST GUST DIRECTION     W (260)
  AVERAGE WIND SPEED     8.1


SKY COVER
  AVERAGE SKY COVER 0.7


WEATHER CONDITIONS
 THE FOLLOWING WEATHER WAS RECORDED YESTERDAY.
  NO SIGNIFICANT WEATHER WAS OBSERVED.


RELATIVE HUMIDITY (PERCENT)
 HIGHEST    92          1200 AM
 LOWEST     56           400 PM
 AVERAGE    74

..........................................................


THE SEDALIA MO CLIMATE NORMALS FOR TODAY
                         NORMAL
 MAXIMUM TEMPERATURE (F)   71
 MINIMUM TEMPERATURE (F)   50


SUNRISE AND SUNSET
APRIL 28 2017.........SUNRISE   618 AM CDT   SUNSET   802 PM CDT
APRIL 29 2017.........SUNRISE   617 AM CDT   SUNSET   803 PM CDT


-  INDICATES NEGATIVE NUMBERS.
R  INDICATES RECORD WAS SET OR TIED.
MM INDICATES DATA IS MISSING.
T  INDICATES TRACE AMOUNT.




$$
