000
CDUS43 KEAX 190646
CLIDMO


CLIMATE REPORT
NATIONAL WEATHER SERVICE KANSAS CITY/PLEASANT HILL MO
144 AM CDT SAT APR 19 2014


...................................

...THE SEDALIA MO CLIMATE SUMMARY FOR APRIL 18 2014...

CLIMATE NORMAL PERIOD 1981 TO 2010
CLIMATE RECORD PERIOD 9999 TO 9999


WEATHER ITEM   OBSERVED TIME   NORMAL DEPARTURE LAST
                VALUE   (LST)  VALUE  FROM      YEAR
                                      NORMAL
......................................................
TEMPERATURE (F)
 YESTERDAY
  MAXIMUM         70    347 PM  68      2       59
  MINIMUM         38    435 AM  47     -9       38
  AVERAGE         54            58     -4       49

PRECIPITATION (IN)
  YESTERDAY        0.00          0.15  -0.15     1.13
  MONTH TO DATE    5.42          2.17   3.25     4.70
  SINCE MAR 1      6.35          4.78   1.57     7.10
  SINCE JAN 1      7.13          8.38  -1.25    12.37

DEGREE DAYS
 HEATING
  YESTERDAY       11             9      2       16
  MONTH TO DATE  235           199     36      224
  SINCE MAR 1    929           784    145     1027
  SINCE JUL 1   5148          4401    747     4465

 COOLING
  YESTERDAY        0             1     -1        0
  MONTH TO DATE    6            17    -11       12
  SINCE MAR 1      6            20    -14       12
  SINCE JAN 1      6            20    -14       13
......................................................


WIND (MPH)
  HIGHEST WIND SPEED    10   HIGHEST WIND DIRECTION    SE (130)
  HIGHEST GUST SPEED    15   HIGHEST GUST DIRECTION    SE (150)
  AVERAGE WIND SPEED     4.6


SKY COVER
  AVERAGE SKY COVER 0.0


WEATHER CONDITIONS
 THE FOLLOWING WEATHER WAS RECORDED YESTERDAY.
  FOG
  HAZE


RELATIVE HUMIDITY (PERCENT)
 HIGHEST    93          1200 AM
 LOWEST     37           400 PM
 AVERAGE    65

..........................................................


THE SEDALIA MO CLIMATE NORMALS FOR TODAY
                         NORMAL
 MAXIMUM TEMPERATURE (F)   68
 MINIMUM TEMPERATURE (F)   47


SUNRISE AND SUNSET
APRIL 19 2014.........SUNRISE   630 AM CDT   SUNSET   753 PM CDT
APRIL 20 2014.........SUNRISE   629 AM CDT   SUNSET   754 PM CDT


-  INDICATES NEGATIVE NUMBERS.
R  INDICATES RECORD WAS SET OR TIED.
MM INDICATES DATA IS MISSING.
T  INDICATES TRACE AMOUNT.




$$
