000
CDUS43 KEAX 210638
CLIDMO


CLIMATE REPORT
NATIONAL WEATHER SERVICE KANSAS CITY/PLEASANT HILL MO
1237 AM CST FRI NOV 21 2014


...................................

...THE SEDALIA MO CLIMATE SUMMARY FOR NOVEMBER 20 2014...

CLIMATE NORMAL PERIOD 1981 TO 2010
CLIMATE RECORD PERIOD 9999 TO 9999


WEATHER ITEM   OBSERVED TIME   NORMAL DEPARTURE LAST
                VALUE   (LST)  VALUE  FROM      YEAR
                                      NORMAL
......................................................
TEMPERATURE (F)
 YESTERDAY
  MAXIMUM         42    303 PM  53    -11       50
  MINIMUM         19    733 AM  36    -17       40
  AVERAGE         31            45    -14       45

PRECIPITATION (IN)
  YESTERDAY        0.00          0.09  -0.09     0.16
  MONTH TO DATE    0.22          2.12  -1.90     1.35
  SINCE SEP 1     10.68          9.87   0.81     8.46
  SINCE JAN 1     32.25         37.81  -5.56    38.37

DEGREE DAYS
 HEATING
  YESTERDAY       34            20     14       20
  MONTH TO DATE  525           323    202      327
  SINCE SEP 1    764           613    151      625
  SINCE JUL 1    764           614    150      625

 COOLING
  YESTERDAY        0             0      0        0
  MONTH TO DATE    0             0      0        0
  SINCE SEP 1    192           202    -10      270
  SINCE JAN 1   1409          1487    -78     1485
......................................................


WIND (MPH)
  HIGHEST WIND SPEED    10   HIGHEST WIND DIRECTION     N (340)
  HIGHEST GUST SPEED    14   HIGHEST GUST DIRECTION    NW (320)
  AVERAGE WIND SPEED     4.6


SKY COVER
  AVERAGE SKY COVER 0.0


WEATHER CONDITIONS
 THE FOLLOWING WEATHER WAS RECORDED YESTERDAY.
  HAZE


RELATIVE HUMIDITY (PERCENT)
 HIGHEST    84           400 AM
 LOWEST     38           300 PM
 AVERAGE    61

..........................................................


THE SEDALIA MO CLIMATE NORMALS FOR TODAY
                         NORMAL
 MAXIMUM TEMPERATURE (F)   53
 MINIMUM TEMPERATURE (F)   35


SUNRISE AND SUNSET
NOVEMBER 21 2014......SUNRISE   701 AM CST   SUNSET   455 PM CST
NOVEMBER 22 2014......SUNRISE   702 AM CST   SUNSET   455 PM CST


-  INDICATES NEGATIVE NUMBERS.
R  INDICATES RECORD WAS SET OR TIED.
MM INDICATES DATA IS MISSING.
T  INDICATES TRACE AMOUNT.




$$
