779
CDUS42 KCAE 140634
CLIDNL


CLIMATE REPORT
NATIONAL WEATHER SERVICE COLUMBIA SC
134 AM EST THU DEC 14 2017


...................................

...THE AUGUSTA DANIEL FIELD GA CLIMATE SUMMARY FOR DECEMBER 13 2017...

CLIMATE NORMAL PERIOD 1981 TO 2010
CLIMATE RECORD PERIOD 9999 TO 9999


WEATHER ITEM   OBSERVED TIME   NORMAL DEPARTURE LAST
                VALUE   (LST)  VALUE  FROM      YEAR
                                      NORMAL
......................................................
TEMPERATURE (F)
 YESTERDAY
  MAXIMUM         51    334 PM  59     -8       59
  MINIMUM         33    810 AM  40     -7       55
  AVERAGE         42            49     -7       57

PRECIPITATION (IN)
  YESTERDAY        0.00          0.13  -0.13     0.65
  MONTH TO DATE    1.73          1.69   0.04     2.66
  SINCE DEC 1      1.73          1.69   0.04     2.66
  SINCE JAN 1     38.59         44.62  -6.03    34.94

DEGREE DAYS
 HEATING
  YESTERDAY       23            16      7        8
  MONTH TO DATE  166           189    -23      183
  SINCE DEC 1    166           189    -23      183
  SINCE JUL 1    428           523    -95      352

 COOLING
  YESTERDAY        0             0      0        0
  MONTH TO DATE    3             0      3        0
  SINCE DEC 1      3             0      3        0
  SINCE JAN 1   2979          2256    723     3074
......................................................


WIND (MPH)
  HIGHEST WIND SPEED    13   HIGHEST WIND DIRECTION    SW (210)
  HIGHEST GUST SPEED    17   HIGHEST GUST DIRECTION    NW (310)
  AVERAGE WIND SPEED     7.3


SKY COVER
  AVERAGE SKY COVER 0.0


WEATHER CONDITIONS
 THE FOLLOWING WEATHER WAS RECORDED YESTERDAY.
  HAZE


RELATIVE HUMIDITY (PERCENT)
 HIGHEST    48           100 AM
 LOWEST     21           200 PM

..........................................................


THE AUGUSTA DANIEL FIELD GA CLIMATE NORMALS FOR TODAY
                         NORMAL    RECORD    YEAR
 MAXIMUM TEMPERATURE (F)   58        MM        MM
 MINIMUM TEMPERATURE (F)   39        MM        MM


SUNRISE AND SUNSET
DECEMBER 14 2017......SUNRISE   724 AM EST   SUNSET   522 PM EST
DECEMBER 15 2017......SUNRISE   725 AM EST   SUNSET   522 PM EST


-  INDICATES NEGATIVE NUMBERS.
R  INDICATES RECORD WAS SET OR TIED.
MM INDICATES DATA IS MISSING.
T  INDICATES TRACE AMOUNT.




$$
