000
CDUS42 KCAE 240628
CLIDNL


CLIMATE REPORT
NATIONAL WEATHER SERVICE COLUMBIA SC
127 AM EST TUE JAN 24 2017


...................................

...THE AUGUSTA DANIEL FIELD GA CLIMATE SUMMARY FOR JANUARY 23 2017...

CLIMATE NORMAL PERIOD 1981 TO 2010
CLIMATE RECORD PERIOD 9999 TO 9999


WEATHER ITEM   OBSERVED TIME   NORMAL DEPARTURE LAST
                VALUE   (LST)  VALUE  FROM      YEAR
                                      NORMAL
......................................................
TEMPERATURE (F)
 YESTERDAY
  MAXIMUM         64    535 PM  56      8       41
  MINIMUM         51    907 AM  38     13       31
  AVERAGE         58            47     11       36

PRECIPITATION (IN)
  YESTERDAY        0.02          0.16  -0.14     0.04
  MONTH TO DATE   10.37          2.91   7.46     1.54
  SINCE DEC 1     14.58          6.53   8.05     7.02
  SINCE JAN 1     10.37          2.91   7.46     1.54

DEGREE DAYS
 HEATING
  YESTERDAY        7            18    -11       29
  MONTH TO DATE  186           429   -243      463
  SINCE DEC 1    581           934   -353      626
  SINCE JUL 1    750          1268   -518      817

 COOLING
  YESTERDAY        0             0      0        0
  MONTH TO DATE   15             0     15        0
  SINCE DEC 1     19             5     14       64
  SINCE JAN 1     15             0     15        0
......................................................


WIND (MPH)
  HIGHEST WIND SPEED    17   HIGHEST WIND DIRECTION     W (280)
  HIGHEST GUST SPEED    26   HIGHEST GUST DIRECTION     W (260)
  AVERAGE WIND SPEED     8.1


SKY COVER
  AVERAGE SKY COVER 0.6


WEATHER CONDITIONS
 THE FOLLOWING WEATHER WAS RECORDED YESTERDAY.
  LIGHT RAIN


RELATIVE HUMIDITY (PERCENT)
 HIGHEST    83           300 AM
 LOWEST     56           500 PM

..........................................................


THE AUGUSTA DANIEL FIELD GA CLIMATE NORMALS FOR TODAY
                         NORMAL    RECORD    YEAR
 MAXIMUM TEMPERATURE (F)   56        MM        MM
 MINIMUM TEMPERATURE (F)   38        MM        MM


SUNRISE AND SUNSET
JANUARY 24 2017.......SUNRISE   729 AM EST   SUNSET   552 PM EST
JANUARY 25 2017.......SUNRISE   728 AM EST   SUNSET   553 PM EST


-  INDICATES NEGATIVE NUMBERS.
R  INDICATES RECORD WAS SET OR TIED.
MM INDICATES DATA IS MISSING.
T  INDICATES TRACE AMOUNT.




$$
