000
CDUS42 KCAE 190520
CLIDNL


CLIMATE REPORT
NATIONAL WEATHER SERVICE COLUMBIA SC
120 AM EDT SAT APR 19 2014


...................................

...THE AUGUSTA DANIEL FIELD GA CLIMATE SUMMARY FOR APRIL 18 2014...

CLIMATE NORMAL PERIOD 1981 TO 2010
CLIMATE RECORD PERIOD 9999 TO 9999


WEATHER ITEM   OBSERVED TIME   RECORD YEAR NORMAL DEPARTURE LAST
                VALUE   (LST)  VALUE       VALUE  FROM      YEAR
                                                  NORMAL
..................................................................
TEMPERATURE (F)
 YESTERDAY
  MAXIMUM         59   1043 AM  MM      MM  76    -17       82
  MINIMUM         52   1109 PM  MM      MM  54     -2       62
  AVERAGE         56                        65     -9       72

PRECIPITATION (IN)
  YESTERDAY        1.63         MM      MM   0.08   1.55      T
  MONTH TO DATE    3.81                      2.14   1.67     1.34
  SINCE MAR 1      6.49                      6.45   0.04     4.18
  SINCE JAN 1     12.78                     14.69  -1.91    13.33

DEGREE DAYS
 HEATING
  YESTERDAY        9                         3      6        0
  MONTH TO DATE   54                        73    -19       58
  SINCE MAR 1    374                       323     51      476
  SINCE JUL 1   2210                      2136     74     2049

 COOLING
  YESTERDAY        0                         3     -3        7
  MONTH TO DATE   58                        33     25       53
  SINCE MAR 1     63                        55      8       58
  SINCE JAN 1     71                        59     12       78
..................................................................


WIND (MPH)
  HIGHEST WIND SPEED    23   HIGHEST WIND DIRECTION    NE (30)
  HIGHEST GUST SPEED    31   HIGHEST GUST DIRECTION    NE (40)
  AVERAGE WIND SPEED    11.9


SKY COVER
  AVERAGE SKY COVER 0.6


WEATHER CONDITIONS
 THE FOLLOWING WEATHER WAS RECORDED YESTERDAY.
  HEAVY RAIN
  RAIN
  LIGHT RAIN
  FOG


RELATIVE HUMIDITY (PERCENT)
 HIGHEST    96           800 PM
 LOWEST     51          1200 AM

..........................................................


THE AUGUSTA DANIEL FIELD GA CLIMATE NORMALS FOR TODAY
                         NORMAL    RECORD    YEAR
 MAXIMUM TEMPERATURE (F)   76        MM        MM
 MINIMUM TEMPERATURE (F)   54        MM        MM


SUNRISE AND SUNSET
APRIL 19 2014.........SUNRISE   653 AM EDT   SUNSET   802 PM EDT
APRIL 20 2014.........SUNRISE   652 AM EDT   SUNSET   803 PM EDT


-  INDICATES NEGATIVE NUMBERS.
R  INDICATES RECORD WAS SET OR TIED.
MM INDICATES DATA IS MISSING.
T  INDICATES TRACE AMOUNT.




$$
