000
CDUS42 KCAE 242219
CLIDNL


CLIMATE REPORT
NATIONAL WEATHER SERVICE COLUMBIA SC
519 PM EST SAT FEB 24 2018


...................................

...THE AUGUSTA DANIEL FIELD GA CLIMATE SUMMARY FOR FEBRUARY 24 2018...
VALID TODAY AS OF 0500 PM LOCAL TIME.

CLIMATE NORMAL PERIOD 1981 TO 2010
CLIMATE RECORD PERIOD 9999 TO 9999


WEATHER ITEM   OBSERVED TIME   NORMAL DEPARTURE LAST
                VALUE   (LST)  VALUE  FROM      YEAR
                                      NORMAL
......................................................
TEMPERATURE (F)
 TODAY
  MAXIMUM         83    338 PM  63     20       82
  MINIMUM         61    459 AM  42     19       58
  AVERAGE         72            53     19

PRECIPITATION (IN)
  TODAY            0.00          0.15  -0.15     0.00
  MONTH TO DATE    1.49          3.37  -1.88     1.82
  SINCE DEC 1      8.20         11.20  -3.00    16.53
  SINCE JAN 1      4.20          7.58  -3.38    12.32

DEGREE DAYS
 HEATING
  TODAY            0            13    -13        0
  MONTH TO DATE  138           360   -222      137
  SINCE DEC 1   1144          1432   -288      820
  SINCE JUL 1   1406          1766   -360      989

 COOLING
  TODAY            7             0      7        5
  MONTH TO DATE   63             0     63       15
  SINCE DEC 1     68             6     62       34
  SINCE JAN 1     65             1     64       30
......................................................


WIND (MPH)
  HIGHEST WIND SPEED    17   HIGHEST WIND DIRECTION     S (170)
  HIGHEST GUST SPEED    23   HIGHEST GUST DIRECTION     S (170)
  AVERAGE WIND SPEED     6.9


SKY COVER
  AVERAGE SKY COVER 0.5


WEATHER CONDITIONS
 THE FOLLOWING WEATHER WAS RECORDED TODAY.
  FOG
  FOG W/VISIBILITY <= 1/4 MILE


RELATIVE HUMIDITY (PERCENT)
 HIGHEST   100           600 AM
 LOWEST     43           400 PM

..........................................................


THE AUGUSTA DANIEL FIELD GA CLIMATE NORMALS FOR TOMORROW
                         NORMAL
 MAXIMUM TEMPERATURE (F)   63
 MINIMUM TEMPERATURE (F)   43


SUNRISE AND SUNSET
FEBRUARY 24 2018......SUNRISE   702 AM EST   SUNSET   621 PM EST
FEBRUARY 25 2018......SUNRISE   701 AM EST   SUNSET   622 PM EST


-  INDICATES NEGATIVE NUMBERS.
R  INDICATES RECORD WAS SET OR TIED.
MM INDICATES DATA IS MISSING.
T  INDICATES TRACE AMOUNT.




$$
