000
CDUS43 KLOT 011118
CLIDPA


CLIMATE REPORT
NATIONAL WEATHER SERVICE CHICAGO IL
615 AM CDT SAT NOV 1 2014


...................................

...THE DU PAGE  AIRPORT CLIMATE SUMMARY FOR OCTOBER 31 2014...

CLIMATE NORMAL PERIOD 1981 TO 2010
CLIMATE RECORD PERIOD 1997 TO 2014


WEATHER ITEM   OBSERVED TIME   RECORD YEAR NORMAL DEPARTURE LAST
                VALUE   (LST)  VALUE       VALUE  FROM      YEAR
                                                  NORMAL
..................................................................
TEMPERATURE (F)
 YESTERDAY
  MAXIMUM         46    142 AM  70    2008  57    -11       63
                                      2000
  MINIMUM         34    659 AM  28    2010  38     -4       45
  AVERAGE         40                        47     -7       54

PRECIPITATION (IN)
  YESTERDAY        T             0.88        0.08  -0.08     0.88
  MONTH TO DATE    3.13                      3.19  -0.06     2.51
  SINCE SEP 1      5.21                      6.48  -1.27     4.61
  SINCE JAN 1     27.83                     32.11  -4.28    31.97

SNOWFALL (IN)
  YESTERDAY        T

DEGREE DAYS
 HEATING
  YESTERDAY       25                        18      7       11
  MONTH TO DATE  398                       401     -3      438
  SINCE SEP 1    526                       502     24      537
  SINCE JUL 1    535                       511     24      563

 COOLING
  YESTERDAY        0                         0      0        0
  MONTH TO DATE    5                        11     -6       16
  SINCE SEP 1     78                        90    -12      118
  SINCE JAN 1    767                       814    -47      745
..................................................................


WIND (MPH)
  RESULTANT WIND SPEED  22   RESULTANT WIND DIRECTION   N (350)
  HIGHEST WIND SPEED    38   HIGHEST WIND DIRECTION     N (340)
  HIGHEST GUST SPEED    50   HIGHEST GUST DIRECTION     N (360)
  AVERAGE WIND SPEED    22.8



WEATHER CONDITIONS
 THE FOLLOWING WEATHER WAS RECORDED YESTERDAY.
  LIGHT RAIN
  LIGHT SNOW
  FOG


..........................................................


THE DU PAGE  AIRPORT CLIMATE NORMALS FOR TODAY
                         NORMAL    RECORD    YEAR
 MAXIMUM TEMPERATURE (F)   56        74      2000
 MINIMUM TEMPERATURE (F)   37        24      2002


SUNRISE AND SUNSET
NOVEMBER  1 2014......SUNRISE   725 AM CDT   SUNSET   547 PM CDT
NOVEMBER  2 2014......SUNRISE   627 AM CST   SUNSET   446 PM CST


-  INDICATES NEGATIVE NUMBERS.
R  INDICATES RECORD WAS SET OR TIED.
MM INDICATES DATA IS MISSING.
T  INDICATES TRACE AMOUNT.




$$
