000
CDUS43 KLOT 260634
CLIDPA


CLIMATE REPORT
NATIONAL WEATHER SERVICE CHICAGO IL
133 AM CDT TUE MAY 26 2015


...................................

...THE DU PAGE  AIRPORT CLIMATE SUMMARY FOR MAY 25 2015...

CLIMATE NORMAL PERIOD 1981 TO 2010
CLIMATE RECORD PERIOD 1997 TO 2015


WEATHER ITEM   OBSERVED TIME   RECORD YEAR NORMAL DEPARTURE LAST
                VALUE   (LST)  VALUE       VALUE  FROM      YEAR
                                                  NORMAL
..................................................................
TEMPERATURE (F)
 YESTERDAY
  MAXIMUM         79    425 PM  89    2010  74      5       82
  MINIMUM         65    757 PM  39    2002  51     14       46
  AVERAGE         72                        63      9       64

PRECIPITATION (IN)
  YESTERDAY        0.29          1.04        0.15   0.14     0.00
  MONTH TO DATE    3.55                      3.79  -0.24     3.17
  SINCE MAR 1      8.29                      9.50  -1.21     5.70
  SINCE JAN 1     10.12                     12.23  -2.11     6.92

SNOWFALL (IN)
  YESTERDAY        0.0
  MONTH TO DATE    0.0
  SINCE JUL 1     32.2

DEGREE DAYS
 HEATING
  YESTERDAY        0                         5     -5        1
  MONTH TO DATE  165                       191    -26      205
  SINCE MAR 1   1574                      1502     72     1802
  SINCE JUL 1   6766                      6257    509     7578

 COOLING
  YESTERDAY        7                         2      5        0
  MONTH TO DATE   37                        27     10       40
  SINCE MAR 1     37                        31      6       40
  SINCE JAN 1     37                        31      6       40
..................................................................


WIND (MPH)
  RESULTANT WIND SPEED  14   RESULTANT WIND DIRECTION   S (200)
  HIGHEST WIND SPEED    28   HIGHEST WIND DIRECTION    SW (210)
  HIGHEST GUST SPEED    37   HIGHEST GUST DIRECTION    SW (210)
  AVERAGE WIND SPEED    15.0



WEATHER CONDITIONS
 THE FOLLOWING WEATHER WAS RECORDED YESTERDAY.
  HEAVY RAIN
  RAIN
  LIGHT RAIN
  FOG


..........................................................


THE DU PAGE  AIRPORT CLIMATE NORMALS FOR TODAY
                         NORMAL    RECORD    YEAR
 MAXIMUM TEMPERATURE (F)   74        89      2014
                                             2010
 MINIMUM TEMPERATURE (F)   51        37      2002


SUNRISE AND SUNSET
MAY 26 2015...........SUNRISE   524 AM CDT   SUNSET   817 PM CDT
MAY 27 2015...........SUNRISE   523 AM CDT   SUNSET   818 PM CDT


-  INDICATES NEGATIVE NUMBERS.
R  INDICATES RECORD WAS SET OR TIED.
MM INDICATES DATA IS MISSING.
T  INDICATES TRACE AMOUNT.




$$
