000
CDUS45 KGJT 240727
CLIDRO


CLIMATE REPORT
NATIONAL WEATHER SERVICE GRAND JUNCTION CO
126 AM MDT THU JUL 24 2014


...................................

...THE DURANGO AIRPORT CO CLIMATE SUMMARY FOR JULY 23 2014...

CLIMATE NORMAL PERIOD 1981 TO 2010
CLIMATE RECORD PERIOD 9999 TO 9999


WEATHER ITEM   OBSERVED TIME   RECORD YEAR NORMAL DEPARTURE LAST
                VALUE   (LST)  VALUE       VALUE  FROM      YEAR
                                                  NORMAL
..................................................................
TEMPERATURE (F)
 YESTERDAY
  MAXIMUM         93    410 PM  MM      MM  86      7       89
  MINIMUM         59    539 AM  MM      MM  53      6       57
  AVERAGE         76                        70      6       73

PRECIPITATION (IN)
  YESTERDAY        0.10         MM      MM   0.08   0.02     0.00
  MONTH TO DATE    0.88                      1.11  -0.23     0.98
  SINCE JUN 1      0.88                      1.75  -0.87     1.00
  SINCE JAN 1      3.28                      7.18  -3.90     4.75

SNOWFALL (IN)
  YESTERDAY       MM            MM      MM  MM     MM       MM
  MONTH TO DATE   MM                        MM     MM       MM
  SINCE JUN 1     MM                        MM     MM       MM
  SINCE JUL 1     MM                        MM     MM       MM
  SNOW DEPTH      MM

DEGREE DAYS
 HEATING
  YESTERDAY        0                         0      0        0
  MONTH TO DATE    0                         8     -8        0
  SINCE JUN 1     88                       123    -35       40
  SINCE JUL 1      0                         8     -8        0

 COOLING
  YESTERDAY       11                         5      6        8
  MONTH TO DATE  146                        85     61      152
  SINCE JUN 1    160                       113     47      207
  SINCE JAN 1    165                       114     51      207
..................................................................


WIND (MPH)
  HIGHEST WIND SPEED    24   HIGHEST WIND DIRECTION    NE (40)
  HIGHEST GUST SPEED    29   HIGHEST GUST DIRECTION    NE (40)
  AVERAGE WIND SPEED     8.1


SKY COVER
  POSSIBLE SUNSHINE  MM
  AVERAGE SKY COVER 0.2


WEATHER CONDITIONS
 THE FOLLOWING WEATHER WAS RECORDED YESTERDAY.
  THUNDERSTORM
  RAIN
  LIGHT RAIN


RELATIVE HUMIDITY (PERCENT)
 HIGHEST    84          1200 AM
 LOWEST     10           200 PM
 AVERAGE    47

..........................................................


THE DURANGO AIRPORT CO CLIMATE NORMALS FOR TODAY
                         NORMAL    RECORD    YEAR
 MAXIMUM TEMPERATURE (F)   86        MM        MM
 MINIMUM TEMPERATURE (F)   53        MM        MM


SUNRISE AND SUNSET
JULY 24 2014..........SUNRISE   610 AM MDT   SUNSET   825 PM MDT
JULY 25 2014..........SUNRISE   610 AM MDT   SUNSET   824 PM MDT


-  INDICATES NEGATIVE NUMBERS.
R  INDICATES RECORD WAS SET OR TIED.
MM INDICATES DATA IS MISSING.
T  INDICATES TRACE AMOUNT.




$$
