435
CDUS44 KEWX 172354
CLIDRT


CLIMATE REPORT
NATIONAL WEATHER SERVICE AUSTIN/SAN ANTONIO, TX
553 PM CST TUE JAN 17 2017


...................................

...THE DEL RIO CLIMATE SUMMARY FOR JANUARY 17 2017...
VALID TODAY AS OF 553 PM LOCAL TIME.

CLIMATE NORMAL PERIOD 1981 TO 2010
CLIMATE RECORD PERIOD 1906 TO 2017


WEATHER ITEM   OBSERVED TIME   RECORD YEAR NORMAL DEPARTURE LAST
                VALUE   (LST)  VALUE       VALUE  FROM      YEAR
                                                  NORMAL
..................................................................
TEMPERATURE (F)
 TODAY
  MAXIMUM         60   1027 AM  83    1971  64     -4       61
  MINIMUM         51    334 PM  16    1930  41     10       34
  AVERAGE         56                        52      4       48

PRECIPITATION (IN)
  TODAY            0.17          1.06 1947   0.02   0.15     0.00
  MONTH TO DATE    0.18                      0.37  -0.19     0.57
  SINCE DEC 1      2.66                      1.02   1.64     0.91
  SINCE JAN 1      0.18                      0.37  -0.19     0.57

SNOWFALL (IN)
  TODAY            0.0
  MONTH TO DATE    0.0
  SINCE DEC 1      0.0
  SINCE JUL 1      0.0
  SNOW DEPTH       0

DEGREE DAYS
 HEATING
  TODAY            9                        13     -4       17
  MONTH TO DATE  159                       230    -71      236
  SINCE DEC 1    492                       624   -132      519
  SINCE JUL 1    561                       821   -260      662

 COOLING
  TODAY            0                         0      0        0
  MONTH TO DATE   11                         0     11        0
  SINCE DEC 1     23                         3     20        1
  SINCE JAN 1     11                         0     11        0
..................................................................


WIND (MPH)
  HIGHEST WIND SPEED    17   HIGHEST WIND DIRECTION     W (290)
  HIGHEST GUST SPEED    21   HIGHEST GUST DIRECTION     W (290)
  AVERAGE WIND SPEED     5.3



WEATHER CONDITIONS
 THE FOLLOWING WEATHER WAS RECORDED TODAY.
  HEAVY RAIN
  RAIN
  LIGHT RAIN
  FOG
  HAZE


RELATIVE HUMIDITY (PERCENT)
 HIGHEST   100           300 PM
 LOWEST     67           100 AM
 AVERAGE    84

..........................................................


THE DEL RIO CLIMATE NORMALS FOR TOMORROW
                         NORMAL    RECORD    YEAR
 MAXIMUM TEMPERATURE (F)   64        85      1938
                                             1906
 MINIMUM TEMPERATURE (F)   41        15      1930


SUNRISE AND SUNSET
JANUARY 17 2017.......SUNRISE   739 AM CST   SUNSET   609 PM CST
JANUARY 18 2017.......SUNRISE   738 AM CST   SUNSET   610 PM CST


-  INDICATES NEGATIVE NUMBERS.
R  INDICATES RECORD WAS SET OR TIED.
MM INDICATES DATA IS MISSING.
T  INDICATES TRACE AMOUNT.




$$
