000
CDUS44 KEWX 230704
CLIDRT


CLIMATE REPORT
NATIONAL WEATHER SERVICE AUSTIN/SAN ANTONIO, TX
204 AM CDT WED JUL 23 2014


...................................

...THE DEL RIO CLIMATE SUMMARY FOR JULY 22 2014...

CLIMATE NORMAL PERIOD 1981 TO 2010
CLIMATE RECORD PERIOD 1906 TO 2014


WEATHER ITEM   OBSERVED TIME   RECORD YEAR NORMAL DEPARTURE LAST
                VALUE   (LST)  VALUE       VALUE  FROM      YEAR
                                                  NORMAL
..................................................................
TEMPERATURE (F)
 YESTERDAY
  MAXIMUM        100    433 PM 105    2001  97      3       94
                                      1911
  MINIMUM         79    705 AM  67    1976  75      4       78
  AVERAGE         90                        86      4       86

PRECIPITATION (IN)
  YESTERDAY        0.00          2.53 1909   0.05  -0.05     0.00
  MONTH TO DATE    0.26                      1.29  -1.03     2.77
  SINCE JUN 1      4.95                      3.64   1.31     4.53
  SINCE JAN 1      6.30                     10.84  -4.54     7.75

SNOWFALL (IN)
  YESTERDAY        0.0
  MONTH TO DATE    0.0
  SINCE JUN 1      0.0
  SINCE JUL 1      0.0

DEGREE DAYS
 HEATING
  YESTERDAY        0                         0      0        0
  MONTH TO DATE    0                         0      0        0
  SINCE JUN 1      0                         0      0        0
  SINCE JUL 1      0                         0      0        0

 COOLING
  YESTERDAY       25                        21      4       21
  MONTH TO DATE  470                       456     14      438
  SINCE JUN 1   1098                      1027     71     1063
  SINCE JAN 1   1948                      1786    162     1969
..................................................................


WIND (MPH)
  HIGHEST WIND SPEED    18   HIGHEST WIND DIRECTION    SE (120)
  HIGHEST GUST SPEED    23   HIGHEST GUST DIRECTION    SE (130)
  AVERAGE WIND SPEED    10.2


SKY COVER
  AVERAGE SKY COVER 0.0


WEATHER CONDITIONS
 THE FOLLOWING WEATHER WAS RECORDED YESTERDAY.
  NO SIGNIFICANT WEATHER WAS OBSERVED.


RELATIVE HUMIDITY (PERCENT)
 HIGHEST    79           400 AM
 LOWEST     30           700 PM
 AVERAGE    55

..........................................................


THE DEL RIO CLIMATE NORMALS FOR TODAY
                         NORMAL    RECORD    YEAR
 MAXIMUM TEMPERATURE (F)   97       105      1995
 MINIMUM TEMPERATURE (F)   75        68      1990


SUNRISE AND SUNSET
JULY 23 2014..........SUNRISE   659 AM CDT   SUNSET   841 PM CDT
JULY 24 2014..........SUNRISE   659 AM CDT   SUNSET   841 PM CDT


-  INDICATES NEGATIVE NUMBERS.
R  INDICATES RECORD WAS SET OR TIED.
MM INDICATES DATA IS MISSING.
T  INDICATES TRACE AMOUNT.




$$
