828
CDUS44 KDRT 292224
CLIDRT


CLIMATE REPORT
NATIONAL WEATHER SERVICE AUSTIN/SAN ANTONIO, TX
524 PM CDT SUN MAY 29 2016


...................................

...THE DEL RIO CLIMATE SUMMARY FOR MAY 29 2016...
VALID TODAY AS OF 520 PM LOCAL TIME.

CLIMATE NORMAL PERIOD 1981 TO 2010
CLIMATE RECORD PERIOD 1906 TO 2016


WEATHER ITEM   OBSERVED TIME   RECORD YEAR NORMAL DEPARTURE LAST
                VALUE   (LST)  VALUE       VALUE  FROM      YEAR
                                                  NORMAL
..................................................................
TEMPERATURE (F)
 TODAY
  MAXIMUM         88    100 PM 104    1927  92     -4       86
                                      1912
  MINIMUM         70    805 AM  57    1992  71     -1       64
  AVERAGE         79                        82     -3       75

PRECIPITATION (IN)
  TODAY            T             2.87 1925   0.11  -0.11     0.10
  MONTH TO DATE    1.50                      2.60  -1.10     8.97
  SINCE MAR 1      7.74                      5.39   2.35    12.89
  SINCE JAN 1      8.49                      6.99   1.50    13.88

SNOWFALL (IN)
  TODAY            0.0
  MONTH TO DATE    0.0
  SINCE MAR 1      0.0
  SINCE JUL 1      T
  SNOW DEPTH       0

DEGREE DAYS
 HEATING
  TODAY            0                         0      0        0
  MONTH TO DATE    1                         0      1        0
  SINCE MAR 1     70                       139    -69      148
  SINCE JUL 1   1050                      1375   -325     1475

 COOLING
  TODAY           14                        17     -3       10
  MONTH TO DATE  348                       396    -48      358
  SINCE MAR 1    668                       706    -38      649
  SINCE JAN 1    703                       725    -22      664
..................................................................


WIND (MPH)
  HIGHEST WIND SPEED    25   HIGHEST WIND DIRECTION    SE (150)
  HIGHEST GUST SPEED    33   HIGHEST GUST DIRECTION    NE (60)
  AVERAGE WIND SPEED    14.1



WEATHER CONDITIONS
 THE FOLLOWING WEATHER WAS RECORDED TODAY.
  LIGHT RAIN
  FOG


RELATIVE HUMIDITY (PERCENT)
 HIGHEST    90           400 AM
 LOWEST     55           100 PM
 AVERAGE    73

..........................................................


THE DEL RIO CLIMATE NORMALS FOR TOMORROW
                         NORMAL    RECORD    YEAR
 MAXIMUM TEMPERATURE (F)   93       106      2004
                                             1979
 MINIMUM TEMPERATURE (F)   71        59      1984


SUNRISE AND SUNSET
MAY 29 2016...........SUNRISE   645 AM CDT   SUNSET   837 PM CDT
MAY 30 2016...........SUNRISE   645 AM CDT   SUNSET   838 PM CDT


-  INDICATES NEGATIVE NUMBERS.
R  INDICATES RECORD WAS SET OR TIED.
MM INDICATES DATA IS MISSING.
T  INDICATES TRACE AMOUNT.




$$
