000
CDUS44 KEWX 282231
CLIDRT


CLIMATE REPORT
NATIONAL WEATHER SERVICE AUSTIN/SAN ANTONIO, TX
530 PM CDT FRI AUG 28 2015


...................................

...THE DEL RIO CLIMATE SUMMARY FOR AUGUST 28 2015...
VALID TODAY AS OF 0530 PM LOCAL TIME.

CLIMATE NORMAL PERIOD 1981 TO 2010
CLIMATE RECORD PERIOD 1906 TO 2015


WEATHER ITEM   OBSERVED TIME   RECORD YEAR NORMAL DEPARTURE LAST
                VALUE   (LST)  VALUE       VALUE  FROM      YEAR
                                                  NORMAL
..................................................................
TEMPERATURE (F)
 TODAY
  MAXIMUM         98    421 PM 107    2011  96      2      100
  MINIMUM         71    634 AM  66    1987  74     -3       77
                                      1906
  AVERAGE         85                        85      0       89

PRECIPITATION (IN)
  TODAY            0.00          1.59 1987   0.08  -0.08     0.00
  MONTH TO DATE    2.02                      1.90   0.12     0.78
  SINCE JUN 1      5.54                      6.03  -0.49     5.82
  SINCE JAN 1     20.62                     13.23   7.39     7.17

SNOWFALL (IN)
  TODAY            0.0
  MONTH TO DATE    0.0
  SINCE JUN 1      0.0
  SINCE JUL 1      0.0
  SNOW DEPTH       0

DEGREE DAYS
 HEATING
  TODAY            0                         0      0        0
  MONTH TO DATE    0                         0      0        0
  SINCE JUN 1      0                         0      0        0
  SINCE JUL 1      0                         0      0        0

 COOLING
  TODAY           20                        20      0       24
  MONTH TO DATE  680                       602     78      644
  SINCE JUN 1   1846                      1821     25     1967
  SINCE JAN 1   2526                      2580    -54     2817
..................................................................


WIND (MPH)
  HIGHEST WIND SPEED    16   HIGHEST WIND DIRECTION    SE (150)
  HIGHEST GUST SPEED    21   HIGHEST GUST DIRECTION    SE (140)
  AVERAGE WIND SPEED     8.9



WEATHER CONDITIONS
 THE FOLLOWING WEATHER WAS RECORDED TODAY.
  NO SIGNIFICANT WEATHER WAS OBSERVED.


RELATIVE HUMIDITY (PERCENT)
 HIGHEST    66           700 AM
 LOWEST     22           300 PM
 AVERAGE    44

..........................................................


THE DEL RIO CLIMATE NORMALS FOR TOMORROW
                         NORMAL    RECORD    YEAR
 MAXIMUM TEMPERATURE (F)   96       107      2011
 MINIMUM TEMPERATURE (F)   74        64      1940


SUNRISE AND SUNSET
AUGUST 28 2015........SUNRISE   719 AM CDT   SUNSET   810 PM CDT
AUGUST 29 2015........SUNRISE   719 AM CDT   SUNSET   809 PM CDT


-  INDICATES NEGATIVE NUMBERS.
R  INDICATES RECORD WAS SET OR TIED.
MM INDICATES DATA IS MISSING.
T  INDICATES TRACE AMOUNT.




$$
