000
CDUS44 KEWX 010736
CLIDRT


CLIMATE REPORT
NATIONAL WEATHER SERVICE AUSTIN/SAN ANTONIO, TX
236 AM CDT MON SEP 1 2014


...................................

...THE DEL RIO CLIMATE SUMMARY FOR AUGUST 31 2014...

CLIMATE NORMAL PERIOD 1981 TO 2010
CLIMATE RECORD PERIOD 1906 TO 2014


WEATHER ITEM   OBSERVED TIME   RECORD YEAR NORMAL DEPARTURE LAST
                VALUE   (LST)  VALUE       VALUE  FROM      YEAR
                                                  NORMAL
..................................................................
TEMPERATURE (F)
 YESTERDAY
  MAXIMUM         98    605 PM 104    2012  95      3      100
                                      1956
                                      1952
  MINIMUM         77    646 AM  60    1915  74      3       77
  AVERAGE         88                        84      4       89

PRECIPITATION (IN)
  YESTERDAY        0.00          2.40 1993   0.10  -0.10     0.00
  MONTH TO DATE    0.78                      2.18  -1.40     0.74
  SINCE JUN 1      5.82                      6.31  -0.49     5.27
  SINCE JAN 1      7.17                     13.51  -6.34     8.49

SNOWFALL (IN)
  YESTERDAY        0.0
  MONTH TO DATE    0.0
  SINCE JUN 1      0.0
  SINCE JUL 1      0.0

DEGREE DAYS
 HEATING
  YESTERDAY        0                         0      0        0
  MONTH TO DATE    0                         0      0        0
  SINCE JUN 1      0                         0      0        0
  SINCE JUL 1      0                         0      0        0

 COOLING
  YESTERDAY       23                        19      4       24
  MONTH TO DATE  716                       657     59      748
  SINCE JUN 1   2039                      1876    163     2034
  SINCE JAN 1   2889                      2635    254     2940
..................................................................


WIND (MPH)
  HIGHEST WIND SPEED    21   HIGHEST WIND DIRECTION    SE (150)
  HIGHEST GUST SPEED    27   HIGHEST GUST DIRECTION    SE (150)
  AVERAGE WIND SPEED    10.7


SKY COVER
  AVERAGE SKY COVER 0.2


WEATHER CONDITIONS
 THE FOLLOWING WEATHER WAS RECORDED YESTERDAY.
  NO SIGNIFICANT WEATHER WAS OBSERVED.


RELATIVE HUMIDITY (PERCENT)
 HIGHEST    79           800 AM
 LOWEST     33           500 PM
 AVERAGE    56

..........................................................


THE DEL RIO CLIMATE NORMALS FOR TODAY
                         NORMAL    RECORD    YEAR
 MAXIMUM TEMPERATURE (F)   95       106      1952
 MINIMUM TEMPERATURE (F)   74        63      1915


SUNRISE AND SUNSET
SEPTEMBER  1 2014.....SUNRISE   721 AM CDT   SUNSET   806 PM CDT
SEPTEMBER  2 2014.....SUNRISE   722 AM CDT   SUNSET   804 PM CDT


-  INDICATES NEGATIVE NUMBERS.
R  INDICATES RECORD WAS SET OR TIED.
MM INDICATES DATA IS MISSING.
T  INDICATES TRACE AMOUNT.




$$
