000
CDUS44 KEWX 290824
CLIDRT


CLIMATE REPORT
NATIONAL WEATHER SERVICE AUSTIN/SAN ANTONIO, TX
222 AM CST MON DEC 29 2014


...................................

...THE DEL RIO CLIMATE SUMMARY FOR DECEMBER 28 2014...

CLIMATE NORMAL PERIOD 1981 TO 2010
CLIMATE RECORD PERIOD 1906 TO 2014


WEATHER ITEM   OBSERVED TIME   RECORD YEAR NORMAL DEPARTURE LAST
                VALUE   (LST)  VALUE       VALUE  FROM      YEAR
                                                  NORMAL
..................................................................
TEMPERATURE (F)
 YESTERDAY
  MAXIMUM         57    429 PM  86    1946  63     -6       56
  MINIMUM         40    603 AM  19    1925  40      0       48
  AVERAGE         49                        51     -2       52

PRECIPITATION (IN)
  YESTERDAY        0.02          1.33 1937   0.02   0.00      T
  MONTH TO DATE    0.06                      0.58  -0.52     0.48
  SINCE DEC 1      0.06                      0.58  -0.52     0.48
  SINCE JAN 1     15.96                     19.45  -3.49    15.47

SNOWFALL (IN)
  YESTERDAY        0.0
  MONTH TO DATE    0.0
  SINCE DEC 1      0.0
  SINCE JUL 1      0.0

DEGREE DAYS
 HEATING
  YESTERDAY       16                        14      2       13
  MONTH TO DATE  210                       354   -144      397
  SINCE DEC 1    210                       354   -144      397
  SINCE JUL 1    482                       551    -69      630

 COOLING
  YESTERDAY        0                         0      0        0
  MONTH TO DATE    6                         0      6        5
  SINCE DEC 1      6                         0      6        5
  SINCE JAN 1   3694                      3372    322     3746
..................................................................


WIND (MPH)
  HIGHEST WIND SPEED    16   HIGHEST WIND DIRECTION    NW (320)
  HIGHEST GUST SPEED    24   HIGHEST GUST DIRECTION    NW (330)
  AVERAGE WIND SPEED     7.4


SKY COVER
  AVERAGE SKY COVER 0.5


WEATHER CONDITIONS
 THE FOLLOWING WEATHER WAS RECORDED YESTERDAY.
  LIGHT RAIN


RELATIVE HUMIDITY (PERCENT)
 HIGHEST    76           200 AM
 LOWEST     30           300 PM
 AVERAGE    53

..........................................................


THE DEL RIO CLIMATE NORMALS FOR TODAY
                         NORMAL    RECORD    YEAR
 MAXIMUM TEMPERATURE (F)   63        83      1951
 MINIMUM TEMPERATURE (F)   40        20      1983


SUNRISE AND SUNSET
DECEMBER 29 2014......SUNRISE   737 AM CST   SUNSET   554 PM CST
DECEMBER 30 2014......SUNRISE   738 AM CST   SUNSET   555 PM CST


-  INDICATES NEGATIVE NUMBERS.
R  INDICATES RECORD WAS SET OR TIED.
MM INDICATES DATA IS MISSING.
T  INDICATES TRACE AMOUNT.




$$
