000
CDUS44 KEWX 292231
CLIDRT


CLIMATE REPORT
NATIONAL WEATHER SERVICE AUSTIN/SAN ANTONIO, TX
430 PM CST THU JAN 29 2015


...................................

...THE DEL RIO CLIMATE SUMMARY FOR JANUARY 29 2015...
VALID TODAY AS OF 430 PM LOCAL TIME.

CLIMATE NORMAL PERIOD 1981 TO 2010
CLIMATE RECORD PERIOD 1906 TO 2015


WEATHER ITEM   OBSERVED TIME   RECORD YEAR NORMAL DEPARTURE LAST
                VALUE   (LST)  VALUE       VALUE  FROM      YEAR
                                                  NORMAL
..................................................................
TEMPERATURE (F)
 TODAY
  MAXIMUM         79    255 PM  87    2013  65     14       50
  MINIMUM         48    737 AM  18    1949  42      6       21
  AVERAGE         64                        54     10       36

PRECIPITATION (IN)
  TODAY            0.00          1.11 1931   0.02  -0.02     0.00
  MONTH TO DATE    0.43                      0.67  -0.24      T
  SINCE DEC 1      0.68                      1.32  -0.64     0.48
  SINCE JAN 1      0.43                      0.67  -0.24      T

SNOWFALL (IN)
  TODAY            0.0
  MONTH TO DATE    0.0
  SINCE DEC 1      0.0
  SINCE JUL 1      0.0
  SNOW DEPTH       0

DEGREE DAYS
 HEATING
  TODAY            1                        12    -11       29
  MONTH TO DATE  462                       379     83      438
  SINCE DEC 1    731                       773    -42      893
  SINCE JUL 1   1003                       970     33     1126

 COOLING
  TODAY            0                         0      0        0
  MONTH TO DATE    0                         0      0        0
  SINCE DEC 1      6                         3      3        5
  SINCE JAN 1      0                         0      0        0
..................................................................


WIND (MPH)
  HIGHEST WIND SPEED    12   HIGHEST WIND DIRECTION     E (110)
  HIGHEST GUST SPEED    15   HIGHEST GUST DIRECTION     E (90)
  AVERAGE WIND SPEED     5.4



WEATHER CONDITIONS
 THE FOLLOWING WEATHER WAS RECORDED TODAY.
  NO SIGNIFICANT WEATHER WAS OBSERVED.


RELATIVE HUMIDITY (PERCENT)
 HIGHEST    80           800 AM
 LOWEST     35           300 PM
 AVERAGE    58

..........................................................


THE DEL RIO CLIMATE NORMALS FOR TOMORROW
                         NORMAL    RECORD    YEAR
 MAXIMUM TEMPERATURE (F)   65        91      1911
 MINIMUM TEMPERATURE (F)   42        18      1949


SUNRISE AND SUNSET
JANUARY 29 2015.......SUNRISE   735 AM CST   SUNSET   619 PM CST
JANUARY 30 2015.......SUNRISE   734 AM CST   SUNSET   620 PM CST


-  INDICATES NEGATIVE NUMBERS.
R  INDICATES RECORD WAS SET OR TIED.
MM INDICATES DATA IS MISSING.
T  INDICATES TRACE AMOUNT.




$$
