000
CDUS45 KTWC 200731
CLIDUG

CLIMATE REPORT
NATIONAL WEATHER SERVICE TUCSON AZ
1230 AM MST SAT SEP 20 2014


...................................

...THE DOUGLAS AZ CLIMATE SUMMARY FOR SEPTEMBER 19 2014...

CLIMATE NORMAL PERIOD 1981 TO 2010
CLIMATE RECORD PERIOD 1948 TO 2014


WEATHER ITEM   OBSERVED TIME   RECORD YEAR NORMAL DEPARTURE LAST
                VALUE   (LST)  VALUE       VALUE  FROM      YEAR
                                                  NORMAL
..................................................................
TEMPERATURE (F)
 YESTERDAY
  MAXIMUM         85    403 PM  97    1956  89     -4       92
                                      1952
  MINIMUM         66    210 AM  42    1957  58      8       62
  AVERAGE         76                        74      2       77

PRECIPITATION (IN)
  YESTERDAY        0.00          1.50 2004   0.05  -0.05     0.00
  MONTH TO DATE    3.34                      1.04   2.30     2.16
  SINCE OCT 1     13.60                     12.60   1.00    17.74
  SINCE JAN 1     12.78                     10.05   2.73    17.11

DEGREE DAYS
 HEATING
  YESTERDAY        0                         0      0        0
  MONTH TO DATE    0                         0      0        0
  SINCE SEP 1      0                         0      0        0
  SINCE JUL 1      0                         0      0        0

 COOLING
  YESTERDAY       11                         9      2       12
  MONTH TO DATE  189                       207    -18      213
  SINCE SEP 1    189                       207    -18      213
  SINCE JAN 1   1635                      1677    -42     1753
..................................................................


WIND (MPH)
  HIGHEST WIND SPEED    10   HIGHEST WIND DIRECTION    NW (320)
  HIGHEST GUST SPEED    13   HIGHEST GUST DIRECTION    NW (320)
  AVERAGE WIND SPEED     3.3


SKY COVER
  POSSIBLE SUNSHINE  MM
  AVERAGE SKY COVER 0.6


WEATHER CONDITIONS
 THE FOLLOWING WEATHER WAS RECORDED YESTERDAY.
  NO SIGNIFICANT WEATHER WAS OBSERVED.


RELATIVE HUMIDITY (PERCENT)
 HIGHEST   100
 LOWEST     47
 AVERAGE    74

..........................................................


THE DOUGLAS AZ CLIMATE NORMALS FOR TODAY
                         NORMAL    RECORD    YEAR
 MAXIMUM TEMPERATURE (F)   89        97      2011
 MINIMUM TEMPERATURE (F)   58        46      1993


SUNRISE AND SUNSET
SEPTEMBER 20 2014.....SUNRISE   605 AM MST   SUNSET   618 PM MST
SEPTEMBER 21 2014.....SUNRISE   606 AM MST   SUNSET   616 PM MST


-  INDICATES NEGATIVE NUMBERS.
R  INDICATES RECORD WAS SET OR TIED.
MM INDICATES DATA IS MISSING.
T  INDICATES TRACE AMOUNT.




$$
