000
CDUS45 KTWC 310731 RRA
CLIDUG

CLIMATE REPORT
NATIONAL WEATHER SERVICE TUCSON AZ
1230 AM MST FRI JUL 31 2015


...................................

...THE DOUGLAS AZ CLIMATE SUMMARY FOR JULY 30 2015...

CLIMATE NORMAL PERIOD 1981 TO 2010
CLIMATE RECORD PERIOD 1948 TO 2015


WEATHER ITEM   OBSERVED TIME   RECORD YEAR NORMAL DEPARTURE LAST
                VALUE   (LST)  VALUE       VALUE  FROM      YEAR
                                                  NORMAL
..................................................................
TEMPERATURE (F)
 YESTERDAY
  MAXIMUM         MM        MM 102    1986  92     MM       94
                                      1957
  MINIMUM         MM        MM  60    1958  66     MM       70
                                      1953
  AVERAGE         MM                        79     MM       82

PRECIPITATION (IN)
  YESTERDAY        0.00          1.18 1971   0.12  -0.12     0.23
  MONTH TO DATE    4.29                      2.82   1.47     4.79
  SINCE OCT 1     10.28                      8.38   1.90     6.26
  SINCE JAN 1      8.31                      5.83   2.48     5.44

DEGREE DAYS
 HEATING
  YESTERDAY       MM                         0     MM        0
  MONTH TO DATE    0                         0      0        0
  SINCE JUN 1      0                         0      0        0
  SINCE JUL 1      0                         0      0        0

 COOLING
  YESTERDAY       MM                        14     MM       17
  MONTH TO DATE  381                       454    -73      455
  SINCE JUN 1    837                       849    -12      953
  SINCE JAN 1    899                      1050   -151     1121
..................................................................


WIND (MPH)
  HIGHEST WIND SPEED    MM   HIGHEST WIND DIRECTION    MM
  HIGHEST GUST SPEED    MM   HIGHEST GUST DIRECTION    MM
  AVERAGE WIND SPEED    MM


SKY COVER
  POSSIBLE SUNSHINE  MM
  AVERAGE SKY COVER 0.0


WEATHER CONDITIONS
 THE FOLLOWING WEATHER WAS RECORDED YESTERDAY.
  THUNDERSTORM


RELATIVE HUMIDITY (PERCENT)
 HIGHEST    MM
 LOWEST     MM
 AVERAGE    MM

..........................................................


THE DOUGLAS AZ CLIMATE NORMALS FOR TODAY
                         NORMAL    RECORD    YEAR
 MAXIMUM TEMPERATURE (F)   92       103      1986
 MINIMUM TEMPERATURE (F)   66        59      1976


SUNRISE AND SUNSET
JULY 31 2015..........SUNRISE   534 AM MST   SUNSET   715 PM MST
AUGUST  1 2015........SUNRISE   535 AM MST   SUNSET   714 PM MST


-  INDICATES NEGATIVE NUMBERS.
R  INDICATES RECORD WAS SET OR TIED.
MM INDICATES DATA IS MISSING.
T  INDICATES TRACE AMOUNT.




$$
