000
CDUS45 KTWC 190753 RRA
CLIDUG

CLIMATE REPORT
NATIONAL WEATHER SERVICE TUCSON AZ
1251 AM MST SUN NOV 19 2017


...................................

...THE DOUGLAS AZ CLIMATE SUMMARY FOR NOVEMBER 18 2017...

CLIMATE NORMAL PERIOD 1981 TO 2010
CLIMATE RECORD PERIOD 1948 TO 2017


WEATHER ITEM   OBSERVED TIME   RECORD YEAR NORMAL DEPARTURE LAST
                VALUE   (LST)  VALUE       VALUE  FROM      YEAR
                                                  NORMAL
..................................................................
TEMPERATURE (F)
 YESTERDAY
  MAXIMUM         74    340 PM  81    2007  70      4       74
                                      1990
  MINIMUM         43    706 AM  19    1958  35      8       31
  AVERAGE         59                        52      7       53

PRECIPITATION (IN)
  YESTERDAY        0.00          0.21 1963   0.03  -0.03     0.00
  MONTH TO DATE    0.11                      0.40  -0.29     0.20
  SINCE OCT 1      0.23                      1.29  -1.06     0.20
  SINCE JAN 1      8.91                     11.84  -2.93    12.34

DEGREE DAYS
 HEATING
  YESTERDAY        6                        13     -7       12
  MONTH TO DATE   76                       173    -97      130
  SINCE SEP 1    109                       256   -147      143
  SINCE JUL 1    109                       256   -147      143

 COOLING
  YESTERDAY        0                         0      0        0
  MONTH TO DATE    0                         0      0        0
  SINCE SEP 1    395                       342     53      315
  SINCE JAN 1   1892                      1812     80     1786
..................................................................


WIND (MPH)
  HIGHEST WIND SPEED    14   HIGHEST WIND DIRECTION     E (100)
  HIGHEST GUST SPEED    17   HIGHEST GUST DIRECTION     E (110)
  AVERAGE WIND SPEED     4.8


SKY COVER
  POSSIBLE SUNSHINE  MM
  AVERAGE SKY COVER  MM


WEATHER CONDITIONS
 THE FOLLOWING WEATHER WAS RECORDED YESTERDAY.
  NO SIGNIFICANT WEATHER WAS OBSERVED.


RELATIVE HUMIDITY (PERCENT)
 HIGHEST    MM
 LOWEST     MM
 AVERAGE    MM

..........................................................


THE DOUGLAS AZ CLIMATE NORMALS FOR TODAY
                         NORMAL    RECORD    YEAR
 MAXIMUM TEMPERATURE (F)   69        83      1996
 MINIMUM TEMPERATURE (F)   35        17      1948


SUNRISE AND SUNSET
NOVEMBER 19 2017......SUNRISE   650 AM MST   SUNSET   518 PM MST
NOVEMBER 20 2017......SUNRISE   651 AM MST   SUNSET   517 PM MST


-  INDICATES NEGATIVE NUMBERS.
R  INDICATES RECORD WAS SET OR TIED.
MM INDICATES DATA IS MISSING.
T  INDICATES TRACE AMOUNT.




$$
