000
CDUS45 KTWC 300732
CLIDUG

CLIMATE REPORT
NATIONAL WEATHER SERVICE TUCSON AZ
1230 AM MST WED JUL 30 2014


...................................

...THE DOUGLAS AZ CLIMATE SUMMARY FOR JULY 29 2014...

CLIMATE NORMAL PERIOD 1981 TO 2010
CLIMATE RECORD PERIOD 1948 TO 2014


WEATHER ITEM   OBSERVED TIME   RECORD YEAR NORMAL DEPARTURE LAST
                VALUE   (LST)  VALUE       VALUE  FROM      YEAR
                                                  NORMAL
..................................................................
TEMPERATURE (F)
 YESTERDAY
  MAXIMUM         91    507 PM 101    1986  92     -1       91
  MINIMUM         67    555 AM  55    1958  66      1       66
  AVERAGE         79                        79      0       79

PRECIPITATION (IN)
  YESTERDAY        0.00          1.41 1961   0.13  -0.13      T
  MONTH TO DATE    4.56                      2.70   1.86    10.12
  SINCE OCT 1      6.03                      8.26  -2.23    11.73
  SINCE JAN 1      5.21                      5.71  -0.50    11.10

DEGREE DAYS
 HEATING
  YESTERDAY        0                         0      0        0
  MONTH TO DATE    0                         0      0        0
  SINCE JUN 1      0                         0      0        0
  SINCE JUL 1      0                         0      0        0

 COOLING
  YESTERDAY       14                        14      0       14
  MONTH TO DATE  438                       440     -2      412
  SINCE JUN 1    936                       835    101      921
  SINCE JAN 1   1104                      1036     68     1121
..................................................................


WIND (MPH)
  HIGHEST WIND SPEED    16   HIGHEST WIND DIRECTION     S (170)
  HIGHEST GUST SPEED    22   HIGHEST GUST DIRECTION     S (190)
  AVERAGE WIND SPEED     5.0


SKY COVER
  POSSIBLE SUNSHINE  MM
  AVERAGE SKY COVER 0.0


WEATHER CONDITIONS
 THE FOLLOWING WEATHER WAS RECORDED YESTERDAY.
  NO SIGNIFICANT WEATHER WAS OBSERVED.


RELATIVE HUMIDITY (PERCENT)
 HIGHEST    87
 LOWEST     32
 AVERAGE    60

..........................................................


THE DOUGLAS AZ CLIMATE NORMALS FOR TODAY
                         NORMAL    RECORD    YEAR
 MAXIMUM TEMPERATURE (F)   92       102      1986
                                             1957
 MINIMUM TEMPERATURE (F)   66        60      1958
                                             1953


SUNRISE AND SUNSET
JULY 30 2014..........SUNRISE   534 AM MST   SUNSET   716 PM MST
JULY 31 2014..........SUNRISE   534 AM MST   SUNSET   715 PM MST


-  INDICATES NEGATIVE NUMBERS.
R  INDICATES RECORD WAS SET OR TIED.
MM INDICATES DATA IS MISSING.
T  INDICATES TRACE AMOUNT.




$$
