000
CDUS45 KTWC 180027
CLIDUG

CLIMATE REPORT
NATIONAL WEATHER SERVICE TUCSON AZ
526 PM MST THU APR 17 2014


...................................

...THE DOUGLAS AZ CLIMATE SUMMARY FOR APRIL 17 2014...
VALID TODAY AS OF 0500 PM LOCAL TIME.

CLIMATE NORMAL PERIOD 1981 TO 2010
CLIMATE RECORD PERIOD 1948 TO 2014


WEATHER ITEM   OBSERVED TIME   RECORD YEAR NORMAL DEPARTURE LAST
                VALUE   (LST)  VALUE       VALUE  FROM      YEAR
                                                  NORMAL
..................................................................
TEMPERATURE (F)
 TODAY
  MAXIMUM         83    436 PM  92    1962  80      3       71
  MINIMUM         48    644 AM  28    1976  43      5       44
  AVERAGE         66                        62      4       58

PRECIPITATION (IN)
  TODAY            0.00                      0.00   0.00     0.00
  MONTH TO DATE    0.00                      0.12  -0.12     0.01
  SINCE OCT 1      1.26                      4.56  -3.30     1.50
  SINCE JAN 1      0.44                      2.01  -1.57     0.87

DEGREE DAYS
 HEATING
  TODAY            0                         4     -4        7
  MONTH TO DATE   88                       100    -12       79
  SINCE MAR 1    338                       425    -87      318
  SINCE JUL 1   2302                      2461   -159     2522

 COOLING
  TODAY            1                         1      0        0
  MONTH TO DATE    7                         5      2        4
  SINCE MAR 1      7                         6      1        6
  SINCE JAN 1      7                         6      1        6
..................................................................


WIND (MPH)
  HIGHEST WIND SPEED    15   HIGHEST WIND DIRECTION    SW (210)
  HIGHEST GUST SPEED    21   HIGHEST GUST DIRECTION    SE (150)
  AVERAGE WIND SPEED     6.4


SKY COVER
  POSSIBLE SUNSHINE  MM
  AVERAGE SKY COVER 0.0


WEATHER CONDITIONS
 THE FOLLOWING WEATHER WAS RECORDED TODAY.
  NO SIGNIFICANT WEATHER WAS OBSERVED.


RELATIVE HUMIDITY (PERCENT)
 HIGHEST    31
 LOWEST      6
 AVERAGE    19

..........................................................


THE DOUGLAS AZ CLIMATE NORMALS FOR TOMORROW
                         NORMAL    RECORD    YEAR
 MAXIMUM TEMPERATURE (F)   80        93      1989
 MINIMUM TEMPERATURE (F)   44        26      1976


SUNRISE AND SUNSET
APRIL 17 2014.........SUNRISE   548 AM MST   SUNSET   649 PM MST
APRIL 18 2014.........SUNRISE   547 AM MST   SUNSET   649 PM MST


-  INDICATES NEGATIVE NUMBERS.
R  INDICATES RECORD WAS SET OR TIED.
MM INDICATES DATA IS MISSING.
T  INDICATES TRACE AMOUNT.




$$
