000
CDUS43 KDVN 220908
CLIDVN


CLIMATE REPORT
NATIONAL WEATHER SERVICE QUAD CITIES IA IL
408 AM CDT FRI MAY 22 2015


...................................

...THE DAVENPORT IA CLIMATE SUMMARY FOR MAY 21 2015...

CLIMATE NORMAL PERIOD 1981 TO 2010
CLIMATE RECORD PERIOD 9999 TO 9999


WEATHER ITEM   OBSERVED TIME   RECORD YEAR NORMAL DEPARTURE LAST
                VALUE   (LST)  VALUE       VALUE  FROM      YEAR
                                                  NORMAL
..................................................................
TEMPERATURE (F)
 YESTERDAY
  MAXIMUM         73    434 PM  MM      MM  74     -1       85
  MINIMUM         41    452 AM  MM      MM  52    -11       59
  AVERAGE         57                        63     -6       72

PRECIPITATION (IN)
  YESTERDAY        0.00         MM      MM   0.17  -0.17     0.87
  MONTH TO DATE    2.86                      2.80   0.06     3.31
  SINCE MAR 1      5.61                      8.83  -3.22     8.41
  SINCE JAN 1      8.18                     11.36  -3.18    11.20

SNOWFALL (IN)
  YESTERDAY        0.0          MM      MM  MM     MM         T
  MONTH TO DATE    T                        MM     MM         T
  SINCE MAR 1      0.3                      MM     MM        7.4
  SINCE JUL 1     32.5                      MM     MM       50.2
  SNOW DEPTH       0

DEGREE DAYS
 HEATING
  YESTERDAY        8                         5      3        0
  MONTH TO DATE  112                       150    -38      167
  SINCE MAR 1   1402                      1429    -27     1683
  SINCE JUL 1   6898                      6454    444     7546

 COOLING
  YESTERDAY        0                         2     -2        7
  MONTH TO DATE   43                        28     15       46
  SINCE MAR 1     44                        34     10       52
  SINCE JAN 1     44                        34     10       52
..................................................................


WIND (MPH)
  HIGHEST WIND SPEED    22   HIGHEST WIND DIRECTION     W (280)
  HIGHEST GUST SPEED    26   HIGHEST GUST DIRECTION     W (290)
  AVERAGE WIND SPEED    10.0


SKY COVER
  POSSIBLE SUNSHINE  MM
  AVERAGE SKY COVER 0.3


WEATHER CONDITIONS
 THE FOLLOWING WEATHER WAS RECORDED YESTERDAY.
  NO SIGNIFICANT WEATHER WAS OBSERVED.


RELATIVE HUMIDITY (PERCENT)
 HIGHEST    89          1200 AM
 LOWEST     27           500 PM
 AVERAGE    58

..........................................................


THE DAVENPORT IA CLIMATE NORMALS FOR TODAY
                         NORMAL    RECORD    YEAR
 MAXIMUM TEMPERATURE (F)   74        MM        MM
 MINIMUM TEMPERATURE (F)   52        MM        MM


SUNRISE AND SUNSET
MAY 22 2015...........SUNRISE   537 AM CDT   SUNSET   822 PM CDT
MAY 23 2015...........SUNRISE   536 AM CDT   SUNSET   823 PM CDT


-  INDICATES NEGATIVE NUMBERS.
R  INDICATES RECORD WAS SET OR TIED.
MM INDICATES DATA IS MISSING.
T  INDICATES TRACE AMOUNT.




$$
