000
CDUS43 KDVN 250928
CLIDVN


CLIMATE REPORT
NATIONAL WEATHER SERVICE QUAD CITIES IA IL
428 AM CDT SAT OCT 25 2014


...................................

...THE DAVENPORT IA CLIMATE SUMMARY FOR OCTOBER 24 2014...

CLIMATE NORMAL PERIOD 1981 TO 2010
CLIMATE RECORD PERIOD 9999 TO 9999


WEATHER ITEM   OBSERVED TIME   RECORD YEAR NORMAL DEPARTURE LAST
                VALUE   (LST)  VALUE       VALUE  FROM      YEAR
                                                  NORMAL
..................................................................
TEMPERATURE (F)
 YESTERDAY
  MAXIMUM         69    238 PM  MM      MM  60      9       40
  MINIMUM         40    221 AM  MM      MM  38      2       24
  AVERAGE         55                        49      6       32

PRECIPITATION (IN)
  YESTERDAY        0.00         MM      MM   0.10  -0.10     0.00
  MONTH TO DATE    2.67                      2.32   0.35     0.70
  SINCE SEP 1      6.93                      5.38   1.55     2.32
  SINCE JAN 1     31.62                     31.20   0.42    30.71

SNOWFALL (IN)
  YESTERDAY        0.0          MM      MM  MM     MM        0.0
  MONTH TO DATE    T                        MM     MM        2.5
  SINCE SEP 1      T                        MM     MM        2.5
  SINCE JUL 1      T                        MM     MM        2.5
  SNOW DEPTH       0

DEGREE DAYS
 HEATING
  YESTERDAY       10                        16     -6       33
  MONTH TO DATE  319                       300     19      304
  SINCE SEP 1    455                       421     34      384
  SINCE JUL 1    476                       435     41      403

 COOLING
  YESTERDAY        0                         0      0        0
  MONTH TO DATE    0                        11    -11       27
  SINCE SEP 1     66                        81    -15      165
  SINCE JAN 1    725                       785    -60      938
..................................................................


WIND (MPH)
  HIGHEST WIND SPEED    20   HIGHEST WIND DIRECTION     S (180)
  HIGHEST GUST SPEED    24   HIGHEST GUST DIRECTION     S (180)
  AVERAGE WIND SPEED     7.7


SKY COVER
  POSSIBLE SUNSHINE  MM
  AVERAGE SKY COVER 0.6


WEATHER CONDITIONS
 THE FOLLOWING WEATHER WAS RECORDED YESTERDAY.
  FOG
  FOG W/VISIBILITY <= 1/4 MILE
  HAZE


RELATIVE HUMIDITY (PERCENT)
 HIGHEST   100           900 AM
 LOWEST     51           200 PM
 AVERAGE    76

..........................................................


THE DAVENPORT IA CLIMATE NORMALS FOR TODAY
                         NORMAL    RECORD    YEAR
 MAXIMUM TEMPERATURE (F)   59        MM        MM
 MINIMUM TEMPERATURE (F)   38        MM        MM


SUNRISE AND SUNSET
OCTOBER 25 2014.......SUNRISE   726 AM CDT   SUNSET   606 PM CDT
OCTOBER 26 2014.......SUNRISE   727 AM CDT   SUNSET   605 PM CDT


-  INDICATES NEGATIVE NUMBERS.
R  INDICATES RECORD WAS SET OR TIED.
MM INDICATES DATA IS MISSING.
T  INDICATES TRACE AMOUNT.




$$
