000
CDUS43 KDVN 290919
CLIDVN


CLIMATE REPORT
NATIONAL WEATHER SERVICE QUAD CITIES IA IL
418 AM CDT SAT APR 29 2017


...................................

...THE DAVENPORT IA CLIMATE SUMMARY FOR APRIL 28 2017...

CLIMATE NORMAL PERIOD 1981 TO 2010
CLIMATE RECORD PERIOD 9999 TO 9999


WEATHER ITEM   OBSERVED TIME   RECORD YEAR NORMAL DEPARTURE LAST
                VALUE   (LST)  VALUE       VALUE  FROM      YEAR
                                                  NORMAL
..................................................................
TEMPERATURE (F)
 YESTERDAY
  MAXIMUM         47    732 PM  MM      MM  66    -19       54
  MINIMUM         34    503 AM  MM      MM  43     -9       46
  AVERAGE         41                        55    -14       50

PRECIPITATION (IN)
  YESTERDAY        0.19         MM      MM   0.17   0.02     0.02
  MONTH TO DATE    3.71                      3.15   0.56     1.65
  SINCE MAR 1      6.42                      5.67   0.75     4.77
  SINCE JAN 1      8.37                      8.20   0.17     5.55

SNOWFALL (IN)
  YESTERDAY        0.0          MM      MM  MM     MM        0.0
  MONTH TO DATE    T                        MM     MM         T
  SINCE MAR 1      6.1                      MM     MM        1.2
  SINCE JUL 1     25.2                      MM     MM       16.6
  SNOW DEPTH       0

DEGREE DAYS
 HEATING
  YESTERDAY       24                        11     13       15
  MONTH TO DATE  319                       426   -107      421
  SINCE MAR 1   1122                      1259   -137     1070
  SINCE JUL 1   5178                      6284  -1106     5294

 COOLING
  YESTERDAY        0                         0      0        0
  MONTH TO DATE   13                         0     13       10
  SINCE MAR 1     13                         0     13       11
  SINCE JAN 1     13                         0     13       11
..................................................................


WIND (MPH)
  HIGHEST WIND SPEED    23   HIGHEST WIND DIRECTION     N (20)
  HIGHEST GUST SPEED    28   HIGHEST GUST DIRECTION     N (20)
  AVERAGE WIND SPEED    11.5


SKY COVER
  POSSIBLE SUNSHINE  MM
  AVERAGE SKY COVER 0.7


WEATHER CONDITIONS
 THE FOLLOWING WEATHER WAS RECORDED YESTERDAY.
  RAIN
  LIGHT RAIN
  FOG


RELATIVE HUMIDITY (PERCENT)
 HIGHEST   100           900 PM
 LOWEST     70           800 AM
 AVERAGE    85

..........................................................


THE DAVENPORT IA CLIMATE NORMALS FOR TODAY
                         NORMAL    RECORD    YEAR
 MAXIMUM TEMPERATURE (F)   66        MM        MM
 MINIMUM TEMPERATURE (F)   44        MM        MM


SUNRISE AND SUNSET
APRIL 29 2017.........SUNRISE   601 AM CDT   SUNSET   759 PM CDT
APRIL 30 2017.........SUNRISE   600 AM CDT   SUNSET   800 PM CDT


-  INDICATES NEGATIVE NUMBERS.
R  INDICATES RECORD WAS SET OR TIED.
MM INDICATES DATA IS MISSING.
T  INDICATES TRACE AMOUNT.




$$
