000
CDUS46 KOTX 140826
CLIEAT


CLIMATE REPORT
NATIONAL WEATHER SERVICE SPOKANE, WA
1226 AM PST SUN FEB 14 2016


...................................

...THE WENATCHEE WA PANGBORN FIELD CLIMATE SUMMARY FOR FEBRUARY 13 2016...

CLIMATE NORMAL PERIOD 1981 TO 2010
CLIMATE RECORD PERIOD 1959 TO 2016


WEATHER ITEM   OBSERVED TIME   RECORD YEAR NORMAL DEPARTURE LAST
                VALUE   (LST)  VALUE       VALUE  FROM      YEAR
                                                  NORMAL
..................................................................
TEMPERATURE (F)
 YESTERDAY
  MAXIMUM         44    330 PM  59    1971  41      3       56
  MINIMUM         31    759 AM  14    1995  28      3       39
  AVERAGE         38                        34      4       48

PRECIPITATION (IN)
  YESTERDAY        T             0.40 1962   0.03  -0.03     0.00
  MONTH TO DATE    0.19                      0.39  -0.20     0.59
  SINCE OCT 1      6.27                      4.40   1.87     4.40
  SINCE JAN 1      2.41                      1.45   0.96     1.22

SNOWFALL (IN)
  YESTERDAY       MM

DEGREE DAYS
 HEATING
  YESTERDAY       27                        31     -4       17
  MONTH TO DATE  407                       415     -8      286
  SINCE DEC 1   2460                      2663   -203     2209
  SINCE JUL 1   3525                      4035   -510     3315

 COOLING
  YESTERDAY        0                         0      0        0
  MONTH TO DATE    0                         0      0        0
  SINCE DEC 1      0                         0      0        0
  SINCE JAN 1      0                         0      0        0
..................................................................


WIND (MPH)
  HIGHEST WIND SPEED    13   HIGHEST WIND DIRECTION    SE (120)
  HIGHEST GUST SPEED    16   HIGHEST GUST DIRECTION    SE (120)
  AVERAGE WIND SPEED     3.6


SKY COVER
  POSSIBLE SUNSHINE  MM
  AVERAGE SKY COVER 0.8


WEATHER CONDITIONS
 THE FOLLOWING WEATHER WAS RECORDED YESTERDAY.
  LIGHT RAIN
  FOG
  FOG W/VISIBILITY <= 1/4 MILE


RELATIVE HUMIDITY (PERCENT)
 HIGHEST   100           100 AM
 LOWEST     67           400 PM
 AVERAGE    84

..........................................................


THE WENATCHEE WA PANGBORN FIELD CLIMATE NORMALS FOR TODAY
                         NORMAL    RECORD    YEAR
 MAXIMUM TEMPERATURE (F)   41        62      2015
 MINIMUM TEMPERATURE (F)   28        10      1995


SUNRISE AND SUNSET
FEBRUARY 14 2016......SUNRISE   708 AM PST   SUNSET   522 PM PST
FEBRUARY 15 2016......SUNRISE   707 AM PST   SUNSET   524 PM PST


-  INDICATES NEGATIVE NUMBERS.
R  INDICATES RECORD WAS SET OR TIED.
MM INDICATES DATA IS MISSING.
T  INDICATES TRACE AMOUNT.




$$
