000
CDUS46 KOTX 270827
CLIEAT


CLIMATE REPORT
NATIONAL WEATHER SERVICE SPOKANE, WA
126 AM PDT WED MAY 27 2015


...................................

...THE WENATCHEE WA PANGBORN FIELD CLIMATE SUMMARY FOR MAY 26 2015...

CLIMATE NORMAL PERIOD 1981 TO 2010
CLIMATE RECORD PERIOD 1959 TO 2015


WEATHER ITEM   OBSERVED TIME   RECORD YEAR NORMAL DEPARTURE LAST
                VALUE   (LST)  VALUE       VALUE  FROM      YEAR
                                                  NORMAL
..................................................................
TEMPERATURE (F)
 YESTERDAY
  MAXIMUM         76    234 PM  89    2001  74      2       74
  MINIMUM         56    355 AM  40    1973  51      5       50
  AVERAGE         66                        63      3       62

PRECIPITATION (IN)
  YESTERDAY        T             0.47 2010   0.03  -0.03      T
  MONTH TO DATE    1.17                      0.54   0.63     0.18
  SINCE OCT 1      6.83                      6.46   0.37     2.87
  SINCE JAN 1      3.65                      3.51   0.14     2.31

SNOWFALL (IN)
  YESTERDAY       MM

DEGREE DAYS
 HEATING
  YESTERDAY        0                         4     -4        3
  MONTH TO DATE   74                       181   -107       69
  SINCE MAR 1    869                      1233   -364     1043
  SINCE JUL 1   4498                      5697  -1199     5613

 COOLING
  YESTERDAY        1                         2     -1        0
  MONTH TO DATE   51                        26     25       54
  SINCE MAR 1     51                        64    -13       54
  SINCE JAN 1     51                        64    -13       54
..................................................................


WIND (MPH)
  HIGHEST WIND SPEED    18   HIGHEST WIND DIRECTION    NE (60)
  HIGHEST GUST SPEED    22   HIGHEST GUST DIRECTION    NE (60)
  AVERAGE WIND SPEED     6.8


SKY COVER
  POSSIBLE SUNSHINE  MM
  AVERAGE SKY COVER 0.5


WEATHER CONDITIONS
 THE FOLLOWING WEATHER WAS RECORDED YESTERDAY.
  THUNDERSTORM


RELATIVE HUMIDITY (PERCENT)
 HIGHEST    66           400 AM
 LOWEST     33          1200 PM
 AVERAGE    50

..........................................................


THE WENATCHEE WA PANGBORN FIELD CLIMATE NORMALS FOR TODAY
                         NORMAL    RECORD    YEAR
 MAXIMUM TEMPERATURE (F)   74        89      2005
 MINIMUM TEMPERATURE (F)   52        39      1977


SUNRISE AND SUNSET
MAY 27 2015...........SUNRISE   512 AM PDT   SUNSET   845 PM PDT
MAY 28 2015...........SUNRISE   511 AM PDT   SUNSET   846 PM PDT


-  INDICATES NEGATIVE NUMBERS.
R  INDICATES RECORD WAS SET OR TIED.
MM INDICATES DATA IS MISSING.
T  INDICATES TRACE AMOUNT.




$$
