000
CDUS46 KOTX 060837
CLIEAT


CLIMATE REPORT
NATIONAL WEATHER SERVICE SPOKANE, WA
1236 AM PST FRI MAR 6 2015


...................................

...THE WENATCHEE WA PANGBORN FIELD CLIMATE SUMMARY FOR MARCH 5 2015...

CLIMATE NORMAL PERIOD 1981 TO 2010
CLIMATE RECORD PERIOD 1959 TO 2015


WEATHER ITEM   OBSERVED TIME   RECORD YEAR NORMAL DEPARTURE LAST
                VALUE   (LST)  VALUE       VALUE  FROM      YEAR
                                                  NORMAL
..................................................................
TEMPERATURE (F)
 YESTERDAY
  MAXIMUM         54    451 PM  61    2005  49      5       51
  MINIMUM         31    413 AM  16    1976  32     -1       33
  AVERAGE         43                        40      3       42

PRECIPITATION (IN)
  YESTERDAY        0.00          0.48 2014   0.03  -0.03     0.48
  MONTH TO DATE    0.00                      0.13  -0.13     0.57
  SINCE OCT 1      4.71                      4.95  -0.24     2.33
  SINCE JAN 1      1.53                      2.00  -0.47     1.77

SNOWFALL (IN)
  YESTERDAY       MM

DEGREE DAYS
 HEATING
  YESTERDAY       22                        25     -3       23
  MONTH TO DATE  122                       127     -5      173
  SINCE MAR 1    122                       127     -5      173
  SINCE JUL 1   3751                      4591   -840     4743

 COOLING
  YESTERDAY        0                         0      0        0
  MONTH TO DATE    0                         0      0        0
  SINCE MAR 1      0                         0      0        0
  SINCE JAN 1      0                         0      0        0
..................................................................


WIND (MPH)
  HIGHEST WIND SPEED     9   HIGHEST WIND DIRECTION     E (110)
  HIGHEST GUST SPEED    11   HIGHEST GUST DIRECTION    SE (130)
  AVERAGE WIND SPEED     2.0


SKY COVER
  POSSIBLE SUNSHINE  MM
  AVERAGE SKY COVER 0.0


WEATHER CONDITIONS
 THE FOLLOWING WEATHER WAS RECORDED YESTERDAY.
  NO SIGNIFICANT WEATHER WAS OBSERVED.


RELATIVE HUMIDITY (PERCENT)
 HIGHEST    70           800 AM
 LOWEST     32           200 PM
 AVERAGE    51

..........................................................


THE WENATCHEE WA PANGBORN FIELD CLIMATE NORMALS FOR TODAY
                         NORMAL    RECORD    YEAR
 MAXIMUM TEMPERATURE (F)   49        65      2005
 MINIMUM TEMPERATURE (F)   32        18      1989


SUNRISE AND SUNSET
MARCH  6 2015.........SUNRISE   632 AM PST   SUNSET   553 PM PST
MARCH  7 2015.........SUNRISE   630 AM PST   SUNSET   555 PM PST


-  INDICATES NEGATIVE NUMBERS.
R  INDICATES RECORD WAS SET OR TIED.
MM INDICATES DATA IS MISSING.
T  INDICATES TRACE AMOUNT.




$$
