000
CDUS46 KOTX 261245
CLIEAT


CLIMATE REPORT
NATIONAL WEATHER SERVICE SPOKANE, WA
545 AM PDT FRI AUG 26 2016


...................................

...THE WENATCHEE WA PANGBORN FIELD CLIMATE SUMMARY FOR AUGUST 25 2016...

CLIMATE NORMAL PERIOD 1981 TO 2010
CLIMATE RECORD PERIOD 1959 TO 2016


WEATHER ITEM   OBSERVED TIME   RECORD YEAR NORMAL DEPARTURE LAST
                VALUE   (LST)  VALUE       VALUE  FROM      YEAR
                                                  NORMAL
..................................................................
TEMPERATURE (F)
 YESTERDAY
  MAXIMUM         89    254 PM  97    1996  84      5       89
  MINIMUM         57    437 AM  46    1992  59     -2       59
  AVERAGE         73                        71      2       74

PRECIPITATION (IN)
  YESTERDAY        0.00          0.15 1989   0.01  -0.01     0.00
  MONTH TO DATE    T                         0.16  -0.16      T
  SINCE OCT 1     11.16                      7.63   3.53     7.15
  SINCE JAN 1      7.30                      4.68   2.62     3.97

SNOWFALL (IN)
  YESTERDAY       MM

DEGREE DAYS
 HEATING
  YESTERDAY        0                         0      0        0
  MONTH TO DATE    2                         0      2        0
  SINCE JUN 1     60                        65     -5        0
  SINCE JUL 1      4                         7     -3        0

 COOLING
  YESTERDAY        8                         7      1        9
  MONTH TO DATE  256                       233     23      325
  SINCE JUN 1    680                       794   -114     1188
  SINCE JAN 1    722                       941   -219     1287
..................................................................


WIND (MPH)
  HIGHEST WIND SPEED    17   HIGHEST WIND DIRECTION     W (290)
  HIGHEST GUST SPEED    19   HIGHEST GUST DIRECTION     W (280)
  AVERAGE WIND SPEED     6.1


SKY COVER
  POSSIBLE SUNSHINE  MM
  AVERAGE SKY COVER 0.1


WEATHER CONDITIONS
 THE FOLLOWING WEATHER WAS RECORDED YESTERDAY.
  NO SIGNIFICANT WEATHER WAS OBSERVED.


RELATIVE HUMIDITY (PERCENT)
 HIGHEST    52           700 AM
 LOWEST     18           200 PM
 AVERAGE    35

..........................................................


THE WENATCHEE WA PANGBORN FIELD CLIMATE NORMALS FOR TODAY
                         NORMAL    RECORD    YEAR
 MAXIMUM TEMPERATURE (F)   84        95      2011
                                             1984
 MINIMUM TEMPERATURE (F)   59        47      1976


SUNRISE AND SUNSET
AUGUST 26 2016........SUNRISE   613 AM PDT   SUNSET   751 PM PDT
AUGUST 27 2016........SUNRISE   614 AM PDT   SUNSET   749 PM PDT


-  INDICATES NEGATIVE NUMBERS.
R  INDICATES RECORD WAS SET OR TIED.
MM INDICATES DATA IS MISSING.
T  INDICATES TRACE AMOUNT.




$$
