000
CDUS43 KMPX 260725
CLIEAU


CLIMATE REPORT
NATIONAL WEATHER SERVICE CHANHASSEN MN
224 AM CDT TUE MAY 26 2015


...................................

...THE EAU CLAIRE WI CLIMATE SUMMARY FOR MAY 25 2015...

CLIMATE NORMAL PERIOD 1981 TO 2010
CLIMATE RECORD PERIOD 1893 TO 2015


WEATHER ITEM   OBSERVED TIME   RECORD YEAR NORMAL DEPARTURE LAST
                VALUE   (LST)  VALUE       VALUE  FROM      YEAR
                                                  NORMAL
..................................................................
TEMPERATURE (F)
 YESTERDAY
  MAXIMUM         75    422 PM  89    1980  72      3       84
  MINIMUM         57   1151 PM  32    1988  48      9       44
                                      1925
  AVERAGE         66                        60      6       64

PRECIPITATION (IN)
  YESTERDAY        0.54          1.52 1908   0.12   0.42     0.00
  MONTH TO DATE    3.97                      2.75   1.22     3.42
  SINCE MAR 1      7.44                      7.23   0.21    10.24
  SINCE JAN 1      8.03                      8.93  -0.90    13.44

SNOWFALL (IN)
  YESTERDAY        0.0           0.0    MM   0.0    0.0      0.0
  MONTH TO DATE    0.0                       0.2   -0.2      0.0
  SINCE MAR 1      7.3                      10.7   -3.4     13.1
  SINCE JUL 1     38.1                      47.0   -8.9     74.8
  SNOW DEPTH       0

DEGREE DAYS
 HEATING
  YESTERDAY        0                         6     -6        1
  MONTH TO DATE  208                       225    -17      256
  SINCE MAR 1   1719                      1845   -126     2250
  SINCE JUL 1   8072                      7866    206     9142

 COOLING
  YESTERDAY        1                         1      0        0
  MONTH TO DATE   11                        19     -8        0
  SINCE MAR 1     11                        23    -12        0
  SINCE JAN 1     11                        23    -12        0
..................................................................


WIND (MPH)
  HIGHEST WIND SPEED    22   HIGHEST WIND DIRECTION    SW (230)
  HIGHEST GUST SPEED    27   HIGHEST GUST DIRECTION    SW (230)
  AVERAGE WIND SPEED     6.7


SKY COVER
  POSSIBLE SUNSHINE  MM
  AVERAGE SKY COVER 0.8


WEATHER CONDITIONS
 THE FOLLOWING WEATHER WAS RECORDED YESTERDAY.
  THUNDERSTORM
  RAIN
  LIGHT RAIN
  FOG


RELATIVE HUMIDITY (PERCENT)
 HIGHEST    97           800 AM
 LOWEST     57           400 PM
 AVERAGE    77

..........................................................


THE EAU CLAIRE WI CLIMATE NORMALS FOR TODAY
                         NORMAL    RECORD    YEAR
 MAXIMUM TEMPERATURE (F)   73        93      1914
 MINIMUM TEMPERATURE (F)   49        28      1961


SUNRISE AND SUNSET
MAY 26 2015...........SUNRISE   527 AM CDT   SUNSET   839 PM CDT
MAY 27 2015...........SUNRISE   526 AM CDT   SUNSET   840 PM CDT


-  INDICATES NEGATIVE NUMBERS.
R  INDICATES RECORD WAS SET OR TIED.
MM INDICATES DATA IS MISSING.
T  INDICATES TRACE AMOUNT.




$$
