000
CDUS43 KMPX 200736
CLIEAU


CLIMATE REPORT
NATIONAL WEATHER SERVICE CHANHASSEN MN
235 AM CDT SAT SEP 20 2014


...................................

...THE EAU CLAIRE WI CLIMATE SUMMARY FOR SEPTEMBER 19 2014...

CLIMATE NORMAL PERIOD 1981 TO 2010
CLIMATE RECORD PERIOD 1893 TO 2014


WEATHER ITEM   OBSERVED TIME   RECORD YEAR NORMAL DEPARTURE LAST
                VALUE   (LST)  VALUE       VALUE  FROM      YEAR
                                                  NORMAL
..................................................................
TEMPERATURE (F)
 YESTERDAY
  MAXIMUM         77    249 PM  96    1940  70      7       81
  MINIMUM         53    551 AM  31    1929  47      6       66
  AVERAGE         65                        59      6       74

PRECIPITATION (IN)
  YESTERDAY        T             2.36 1988   0.12  -0.12     0.33
  MONTH TO DATE    5.16                      2.37   2.79     1.49
  SINCE SEP 1      5.16                      2.37   2.79     1.49
  SINCE JAN 1     37.83                     24.49  13.34    29.13

SNOWFALL (IN)
  YESTERDAY        0.0           0.0    MM   0.0    0.0      0.0
  MONTH TO DATE    0.0                       0.0    0.0      0.0
  SINCE SEP 1      0.0                       0.0    0.0      0.0
  SINCE JUL 1      0.0                       0.0    0.0      0.0
  SNOW DEPTH       0

DEGREE DAYS
 HEATING
  YESTERDAY        0                         7     -7        0
  MONTH TO DATE  126                        86     40       69
  SINCE SEP 1    126                        86     40       69
  SINCE JUL 1    149                       125     24      107

 COOLING
  YESTERDAY        0                         1     -1        9
  MONTH TO DATE   17                        40    -23       82
  SINCE SEP 1     17                        40    -23       82
  SINCE JAN 1    495                       567    -72      648
..................................................................


WIND (MPH)
  HIGHEST WIND SPEED    31   HIGHEST WIND DIRECTION     S (190)
  HIGHEST GUST SPEED    40   HIGHEST GUST DIRECTION     S (200)
  AVERAGE WIND SPEED    13.9


SKY COVER
  POSSIBLE SUNSHINE  MM
  AVERAGE SKY COVER 0.4


WEATHER CONDITIONS
 THE FOLLOWING WEATHER WAS RECORDED YESTERDAY.
  LIGHT RAIN
  FOG


RELATIVE HUMIDITY (PERCENT)
 HIGHEST    93          1200 AM
 LOWEST     53           200 PM
 AVERAGE    73

..........................................................


THE EAU CLAIRE WI CLIMATE NORMALS FOR TODAY
                         NORMAL    RECORD    YEAR
 MAXIMUM TEMPERATURE (F)   70        96      1895
 MINIMUM TEMPERATURE (F)   47        27      1973


SUNRISE AND SUNSET
SEPTEMBER 20 2014.....SUNRISE   651 AM CDT   SUNSET   707 PM CDT
SEPTEMBER 21 2014.....SUNRISE   652 AM CDT   SUNSET   705 PM CDT


-  INDICATES NEGATIVE NUMBERS.
R  INDICATES RECORD WAS SET OR TIED.
MM INDICATES DATA IS MISSING.
T  INDICATES TRACE AMOUNT.




$$
