000
CDUS43 KMPX 210703
CLIEAU


CLIMATE REPORT
NATIONAL WEATHER SERVICE CHANHASSEN MN
103 AM CST SUN JAN 21 2018


...................................

...THE EAU CLAIRE WI CLIMATE SUMMARY FOR JANUARY 20 2018...

CLIMATE NORMAL PERIOD 1981 TO 2010
CLIMATE RECORD PERIOD 1893 TO 2018


WEATHER ITEM   OBSERVED TIME   RECORD YEAR NORMAL DEPARTURE LAST
                VALUE   (LST)  VALUE       VALUE  FROM      YEAR
                                                  NORMAL
..................................................................
TEMPERATURE (F)
 YESTERDAY
  MAXIMUM         39    356 PM  49    1908  23     16       36
  MINIMUM         21    744 AM -30    1994   5     16       33
                                      1984
  AVERAGE         30                        14     16       35

PRECIPITATION (IN)
  YESTERDAY        0.00          0.48 1974   0.03  -0.03     0.13
  MONTH TO DATE    0.61                      0.57   0.04     1.83
  SINCE DEC 1      1.52                      1.57  -0.05     3.93
  SINCE JAN 1      0.61                      0.57   0.04     1.83

SNOWFALL (IN)
  YESTERDAY        0.0           6.7  1982   0.5   -0.5      0.0
  MONTH TO DATE    6.1                       8.4   -2.3     11.4
  SINCE DEC 1     13.4                      17.9   -4.5     30.6
  SINCE JUL 1     16.7                      24.2   -7.5     32.3
  SNOW DEPTH       2

DEGREE DAYS
 HEATING
  YESTERDAY       35                        51    -16       30
  MONTH TO DATE 1102                      1015     87     1037
  SINCE DEC 1   2610                      2445    165     2448
  SINCE JUL 1   4251                      4191     60     3657

 COOLING
  YESTERDAY        0                         0      0        0
  MONTH TO DATE    0                         0      0        0
  SINCE DEC 1      0                         0      0        0
  SINCE JAN 1      0                         0      0        0
..................................................................


WIND (MPH)
  HIGHEST WIND SPEED     6   HIGHEST WIND DIRECTION     S (180)
  HIGHEST GUST SPEED     9   HIGHEST GUST DIRECTION     W (250)
  AVERAGE WIND SPEED     1.5


SKY COVER
  POSSIBLE SUNSHINE  MM
  AVERAGE SKY COVER 0.4


WEATHER CONDITIONS
 THE FOLLOWING WEATHER WAS RECORDED YESTERDAY.
  FOG
  FOG W/VISIBILITY <= 1/4 MILE


RELATIVE HUMIDITY (PERCENT)
 HIGHEST   100          1000 AM
 LOWEST     70           400 PM
 AVERAGE    85

..........................................................


THE EAU CLAIRE WI CLIMATE NORMALS FOR TODAY
                         NORMAL    RECORD    YEAR
 MAXIMUM TEMPERATURE (F)   23        47      1908
 MINIMUM TEMPERATURE (F)    5       -27      1954


SUNRISE AND SUNSET
JANUARY 21 2018.......SUNRISE   736 AM CST   SUNSET   459 PM CST
JANUARY 22 2018.......SUNRISE   735 AM CST   SUNSET   500 PM CST


-  INDICATES NEGATIVE NUMBERS.
R  INDICATES RECORD WAS SET OR TIED.
MM INDICATES DATA IS MISSING.
T  INDICATES TRACE AMOUNT.




$$
