000
CDUS43 KMPX 052134
CLIEAU


CLIMATE REPORT
NATIONAL WEATHER SERVICE CHANHASSEN MN
432 PM CDT SUN JUL 5 2015


...................................

...THE EAU CLAIRE WI CLIMATE SUMMARY FOR JULY 5 2015...
VALID AS OF 0400 PM LOCAL TIME.

CLIMATE NORMAL PERIOD 1981 TO 2010
CLIMATE RECORD PERIOD 1893 TO 2015


WEATHER ITEM   OBSERVED TIME   RECORD YEAR NORMAL DEPARTURE LAST
                VALUE   (LST)  VALUE       VALUE  FROM      YEAR
                                                  NORMAL
..................................................................
TEMPERATURE (F)
 TODAY
  MAXIMUM         85    257 PM  99    1948  83      2       83
  MINIMUM         61    539 AM  46    1972  60      1       64
                                      1951
  AVERAGE         73                        71      2       74

PRECIPITATION (IN)
  TODAY            0.00          1.95 1935   0.13  -0.13     0.00
  MONTH TO DATE    0.00                      0.63  -0.63     0.06
  SINCE JUN 1      4.83                      4.76   0.07     9.90
  SINCE JAN 1     14.28                     14.40  -0.12    24.00

SNOWFALL (IN)
  TODAY            0.0           0.0    MM   0.0    0.0      0.0
  MONTH TO DATE    0.0                       0.0    0.0      0.0
  SINCE JUN 1      0.0                       0.0    0.0      0.0
  SINCE JUL 1      0.0                       0.0    0.0      0.0
  SNOW DEPTH       0

DEGREE DAYS
 HEATING
  TODAY            0                         0      0        0
  MONTH TO DATE    7                         2      5        6
  SINCE JUN 1     35                        64    -29       31
  SINCE JUL 1      7                         2      5        6

 COOLING
  TODAY            8                         7      1        9
  MONTH TO DATE   15                        34    -19       12
  SINCE JUN 1     97                       154    -57      146
  SINCE JAN 1    115                       186    -71      181
..................................................................


WIND (MPH)
  HIGHEST WIND SPEED    18   HIGHEST WIND DIRECTION     S (160)
  HIGHEST GUST SPEED    24   HIGHEST GUST DIRECTION     S (180)
  AVERAGE WIND SPEED     8.8


SKY COVER
  POSSIBLE SUNSHINE  MM
  AVERAGE SKY COVER 0.0


WEATHER CONDITIONS
 THE FOLLOWING WEATHER WAS RECORDED TODAY.
  FOG
  HAZE


RELATIVE HUMIDITY (PERCENT)
 HIGHEST    87          1200 AM
 LOWEST     51          1200 PM
 AVERAGE    69

..........................................................


THE EAU CLAIRE WI CLIMATE NORMALS FOR TOMORROW
                         NORMAL    RECORD    YEAR
 MAXIMUM TEMPERATURE (F)   83       103      1936
 MINIMUM TEMPERATURE (F)   60        46      1983
                                             2001


SUNRISE AND SUNSET
JULY  5 2015..........SUNRISE   526 AM CDT   SUNSET   855 PM CDT
JULY  6 2015..........SUNRISE   527 AM CDT   SUNSET   854 PM CDT


-  INDICATES NEGATIVE NUMBERS.
R  INDICATES RECORD WAS SET OR TIED.
MM INDICATES DATA IS MISSING.
T  INDICATES TRACE AMOUNT.




$$
