000
CDUS43 KMPX 041245
CLIEAU


CLIMATE REPORT
NATIONAL WEATHER SERVICE CHANHASSEN MN
745 AM CDT FRI SEP 4 2015


...................................

...THE EAU CLAIRE WI CLIMATE SUMMARY FOR SEPTEMBER 3 2015...

CLIMATE NORMAL PERIOD 1981 TO 2010
CLIMATE RECORD PERIOD 1893 TO 2015


WEATHER ITEM   OBSERVED TIME   RECORD YEAR NORMAL DEPARTURE LAST
                VALUE   (LST)  VALUE       VALUE  FROM      YEAR
                                                  NORMAL
..................................................................
TEMPERATURE (F)
 YESTERDAY
  MAXIMUM         83    322 PM  98    1929  76      7       78
  MINIMUM         66    807 AM  32    1974  54     12       54
  AVERAGE         75                        65     10       66

PRECIPITATION (IN)
  YESTERDAY        0.00          1.85 1968   0.12  -0.12     1.02
  MONTH TO DATE    1.40                      0.37   1.03     2.24
  SINCE SEP 1      1.40                      0.37   1.03     2.24
  SINCE JAN 1     28.96                     22.49   6.47    34.91

SNOWFALL (IN)
  YESTERDAY        0.0           0.0    MM   0.0    0.0      0.0
  MONTH TO DATE    0.0                       0.0    0.0      0.0
  SINCE SEP 1      0.0                       0.0    0.0      0.0
  SINCE JUL 1      0.0                       0.0    0.0      0.0
  SNOW DEPTH       0

DEGREE DAYS
 HEATING
  YESTERDAY        0                         3     -3        0
  MONTH TO DATE    0                         7     -7        0
  SINCE SEP 1      0                         7     -7        0
  SINCE JUL 1     55                        46      9       23

 COOLING
  YESTERDAY       10                         3      7        1
  MONTH TO DATE   27                         9     18        7
  SINCE SEP 1     27                         9     18        7
  SINCE JAN 1    429                       536   -107      485
..................................................................


WIND (MPH)
  HIGHEST WIND SPEED    13   HIGHEST WIND DIRECTION     E (80)
  HIGHEST GUST SPEED    17   HIGHEST GUST DIRECTION    NE (60)
  AVERAGE WIND SPEED     7.2


SKY COVER
  POSSIBLE SUNSHINE  MM
  AVERAGE SKY COVER 0.6


WEATHER CONDITIONS
 THE FOLLOWING WEATHER WAS RECORDED YESTERDAY.
  FOG
  FOG W/VISIBILITY <= 1/4 MILE


RELATIVE HUMIDITY (PERCENT)
 HIGHEST   100           500 AM
 LOWEST     62           200 PM
 AVERAGE    81

..........................................................


THE EAU CLAIRE WI CLIMATE NORMALS FOR TODAY
                         NORMAL    RECORD    YEAR
 MAXIMUM TEMPERATURE (F)   76        96      1922
                                             1925
 MINIMUM TEMPERATURE (F)   54        33      1974


SUNRISE AND SUNSET
SEPTEMBER  4 2015.....SUNRISE   631 AM CDT   SUNSET   738 PM CDT
SEPTEMBER  5 2015.....SUNRISE   633 AM CDT   SUNSET   736 PM CDT


-  INDICATES NEGATIVE NUMBERS.
R  INDICATES RECORD WAS SET OR TIED.
MM INDICATES DATA IS MISSING.
T  INDICATES TRACE AMOUNT.




$$
