000
CDUS43 KMPX 240735
CLIEAU


CLIMATE REPORT
NATIONAL WEATHER SERVICE CHANHASSEN MN
234 AM CDT THU AUG 24 2017


...................................

...THE EAU CLAIRE WI CLIMATE SUMMARY FOR AUGUST 23 2017...

CLIMATE NORMAL PERIOD 1981 TO 2010
CLIMATE RECORD PERIOD 1893 TO 2017


WEATHER ITEM   OBSERVED TIME   RECORD YEAR NORMAL DEPARTURE LAST
                VALUE   (LST)  VALUE       VALUE  FROM      YEAR
                                                  NORMAL
..................................................................
TEMPERATURE (F)
 YESTERDAY
  MAXIMUM         73    146 PM 102    1948  79     -6       84
  MINIMUM         51    545 AM  41    1920  58     -7       64
  AVERAGE         62                        68     -6       74

PRECIPITATION (IN)
  YESTERDAY        0.00          4.10 1975   0.13  -0.13     0.22
  MONTH TO DATE    3.44                      3.42   0.02     4.74
  SINCE JUN 1     12.94                     11.43   1.51    14.54
  SINCE JAN 1     27.44                     21.07   6.37    26.73

SNOWFALL (IN)
  YESTERDAY        0.0           0.0    MM   0.0    0.0      0.0
  MONTH TO DATE    0.0                       0.0    0.0      0.0
  SINCE JUN 1      0.0                       0.0    0.0      0.0
  SINCE JUL 1      0.0                       0.0    0.0      0.0
  SNOW DEPTH       0

DEGREE DAYS
 HEATING
  YESTERDAY        3                         1      2        0
  MONTH TO DATE   18                        18      0        3
  SINCE JUN 1     57                        91    -34       39
  SINCE JUL 1     20                        29     -9        7

 COOLING
  YESTERDAY        0                         5     -5        9
  MONTH TO DATE   51                       129    -78      168
  SINCE JUN 1    355                       463   -108      515
  SINCE JAN 1    363                       495   -132      555
..................................................................


WIND (MPH)
  HIGHEST WIND SPEED    15   HIGHEST WIND DIRECTION    NW (320)
  HIGHEST GUST SPEED    20   HIGHEST GUST DIRECTION     N (350)
  AVERAGE WIND SPEED     5.6


SKY COVER
  POSSIBLE SUNSHINE  MM
  AVERAGE SKY COVER 0.2


WEATHER CONDITIONS
 THE FOLLOWING WEATHER WAS RECORDED YESTERDAY.
  NO SIGNIFICANT WEATHER WAS OBSERVED.


RELATIVE HUMIDITY (PERCENT)
 HIGHEST    93          1000 PM
 LOWEST     44           200 PM
 AVERAGE    69

..........................................................


THE EAU CLAIRE WI CLIMATE NORMALS FOR TODAY
                         NORMAL    RECORD    YEAR
 MAXIMUM TEMPERATURE (F)   79       103      1948
 MINIMUM TEMPERATURE (F)   57        39      1942


SUNRISE AND SUNSET
AUGUST 24 2017........SUNRISE   619 AM CDT   SUNSET   757 PM CDT
AUGUST 25 2017........SUNRISE   620 AM CDT   SUNSET   755 PM CDT


-  INDICATES NEGATIVE NUMBERS.
R  INDICATES RECORD WAS SET OR TIED.
MM INDICATES DATA IS MISSING.
T  INDICATES TRACE AMOUNT.




$$
