000
CDUS43 KMPX 280044
CLIEAU


CLIMATE REPORT
NATIONAL WEATHER SERVICE CHANHASSEN MN
743 PM CDT TUE JUN 27 2017


...................................

...THE EAU CLAIRE WI CLIMATE SUMMARY FOR JUNE 27 2017...
VALID TODAY AS OF 0700 PM LOCAL TIME.

CLIMATE NORMAL PERIOD 1981 TO 2010
CLIMATE RECORD PERIOD 1893 TO 2017


WEATHER ITEM   OBSERVED TIME   RECORD YEAR NORMAL DEPARTURE LAST
                VALUE   (LST)  VALUE       VALUE  FROM      YEAR
                                                  NORMAL
..................................................................
TEMPERATURE (F)
 TODAY
  MAXIMUM         75    457 PM 100    1931  82     -7       72
  MINIMUM         48    448 AM  39    1992  59    -11       61
  AVERAGE         62                        70     -8       67

PRECIPITATION (IN)
  TODAY            0.00          1.52 1914   0.13  -0.13     0.00
  MONTH TO DATE    5.02                      3.72   1.30     6.05
  SINCE JUN 1      5.02                      3.72   1.30     6.05
  SINCE JAN 1     19.52                     13.36   6.16    18.24

SNOWFALL (IN)
  TODAY            0.0           0.0    MM   0.0    0.0      0.0
  MONTH TO DATE    0.0                       0.0    0.0      0.0
  SINCE JUN 1      0.0                       0.0    0.0      0.0
  SINCE JUL 1     54.5                      46.8    7.7     38.0
  SNOW DEPTH       0

DEGREE DAYS
 HEATING
  TODAY            3                         1      2        0
  MONTH TO DATE   37                        59    -22       29
  SINCE JUN 1     37                        59    -22       29
  SINCE JUL 1   7006                      7956   -950     6840

 COOLING
  TODAY            0                         6     -6        2
  MONTH TO DATE   98                       102     -4      125
  SINCE JUN 1     98                       102     -4      125
  SINCE JAN 1    106                       134    -28      165
..................................................................


WIND (MPH)
  HIGHEST WIND SPEED    20   HIGHEST WIND DIRECTION     S (180)
  HIGHEST GUST SPEED    24   HIGHEST GUST DIRECTION     S (180)
  AVERAGE WIND SPEED     8.7


SKY COVER
  POSSIBLE SUNSHINE  MM
  AVERAGE SKY COVER 0.0


WEATHER CONDITIONS
 THE FOLLOWING WEATHER WAS RECORDED TODAY.
  NO SIGNIFICANT WEATHER WAS OBSERVED.


RELATIVE HUMIDITY (PERCENT)
 HIGHEST    93           400 AM
 LOWEST     31           300 PM
 AVERAGE    62

..........................................................


THE EAU CLAIRE WI CLIMATE NORMALS FOR TOMORROW
                         NORMAL    RECORD    YEAR
 MAXIMUM TEMPERATURE (F)   82       101      1931
 MINIMUM TEMPERATURE (F)   59        41      1895


SUNRISE AND SUNSET
JUNE 27 2017..........SUNRISE   522 AM CDT   SUNSET   856 PM CDT
JUNE 28 2017..........SUNRISE   522 AM CDT   SUNSET   856 PM CDT


-  INDICATES NEGATIVE NUMBERS.
R  INDICATES RECORD WAS SET OR TIED.
MM INDICATES DATA IS MISSING.
T  INDICATES TRACE AMOUNT.




$$
