000
CDUS43 KMPX 272256
CLIEAU


CLIMATE REPORT
NATIONAL WEATHER SERVICE CHANHASSEN MN
456 PM CST MON FEB 27 2017


...................................

...THE EAU CLAIRE WI CLIMATE SUMMARY FOR FEBRUARY 27 2017...
VALID AS OF 0400 PM LOCAL TIME.

CLIMATE NORMAL PERIOD 1981 TO 2010
CLIMATE RECORD PERIOD 1893 TO 2017


WEATHER ITEM   OBSERVED TIME   RECORD YEAR NORMAL DEPARTURE LAST
                VALUE   (LST)  VALUE       VALUE  FROM      YEAR
                                                  NORMAL
..................................................................
TEMPERATURE (F)
 TODAY
  MAXIMUM         41    333 PM  61    2016  33      8       61
  MINIMUM         21    754 AM -22    2014  15      6       32
  AVERAGE         31                        24      7       47

PRECIPITATION (IN)
  TODAY            0.00          1.80 1893   0.03  -0.03     0.00
  MONTH TO DATE    1.73                      0.77   0.96     0.73
  SINCE DEC 1      6.18                      2.66   3.52     4.99
  SINCE JAN 1      4.08                      1.66   2.42     1.15

SNOWFALL (IN)
  TODAY            0.0          18.0  1893   0.3   -0.3      0.0
  MONTH TO DATE   10.7                       7.1    3.6      7.9
  SINCE DEC 1     47.2                      29.8   17.4     22.5
  SINCE JUL 1     48.9                      36.1   12.8     23.9
  SNOW DEPTH       7

DEGREE DAYS
 HEATING
  TODAY           34                        41     -7       18
  MONTH TO DATE 1008                      1235   -227     1178
  SINCE DEC 1   3873                      4233   -360     3747
  SINCE JUL 1   5082                      5979   -897     5109

 COOLING
  TODAY            0                         0      0        0
  MONTH TO DATE    0                         0      0        0
  SINCE DEC 1      0                         0      0        0
  SINCE JAN 1      0                         0      0        0
..................................................................


WIND (MPH)
  HIGHEST WIND SPEED    15   HIGHEST WIND DIRECTION     S (200)
  HIGHEST GUST SPEED    19   HIGHEST GUST DIRECTION    SW (210)
  AVERAGE WIND SPEED     7.4


SKY COVER
  POSSIBLE SUNSHINE  MM
  AVERAGE SKY COVER 0.3


WEATHER CONDITIONS
 THE FOLLOWING WEATHER WAS RECORDED TODAY.
  NO SIGNIFICANT WEATHER WAS OBSERVED.


RELATIVE HUMIDITY (PERCENT)
 HIGHEST    92           600 AM
 LOWEST     44           200 PM
 AVERAGE    68

..........................................................


THE EAU CLAIRE WI CLIMATE NORMALS FOR TOMORROW
                         NORMAL    RECORD    YEAR
 MAXIMUM TEMPERATURE (F)   34        59      1896
 MINIMUM TEMPERATURE (F)   15       -24      1962


SUNRISE AND SUNSET
FEBRUARY 27 2017......SUNRISE   647 AM CST   SUNSET   551 PM CST
FEBRUARY 28 2017......SUNRISE   645 AM CST   SUNSET   553 PM CST


-  INDICATES NEGATIVE NUMBERS.
R  INDICATES RECORD WAS SET OR TIED.
MM INDICATES DATA IS MISSING.
T  INDICATES TRACE AMOUNT.




$$
