000
CDUS43 KMPX 250634
CLIEAU


CLIMATE REPORT
NATIONAL WEATHER SERVICE CHANHASSEN MN
134 AM CDT FRI APR 25 2014


...................................

...THE EAU CLAIRE WI CLIMATE SUMMARY FOR APRIL 24 2014...

CLIMATE NORMAL PERIOD 1981 TO 2010
CLIMATE RECORD PERIOD 1893 TO 2014


WEATHER ITEM   OBSERVED TIME   RECORD YEAR NORMAL DEPARTURE LAST
                VALUE   (LST)  VALUE       VALUE  FROM      YEAR
                                                  NORMAL
..................................................................
TEMPERATURE (F)
 YESTERDAY
  MAXIMUM         44    617 PM  88    2009  62    -18       52
  MINIMUM         38    750 AM  15    1956  38      0       24
  AVERAGE         41                        50     -9       38

PRECIPITATION (IN)
  YESTERDAY        0.90          1.10 1994   0.10   0.80     0.05
  MONTH TO DATE    3.79                      2.10   1.69     5.26
  SINCE MAR 1      4.52                      3.83   0.69     8.08
  SINCE JAN 1      7.72                      5.53   2.19    10.65

SNOWFALL (IN)
  YESTERDAY        0.0           9.5  1893   0.0    0.0      0.0
  MONTH TO DATE    9.1                       1.7    7.4      8.8
  SINCE MAR 1     13.1                      10.3    2.8     32.5
  SINCE JUL 1     74.8                      46.6   28.2     75.0
  SNOW DEPTH       0

DEGREE DAYS
 HEATING
  YESTERDAY       24                        15      9       27
  MONTH TO DATE  575                       493     82      749
  SINCE MAR 1   1859                      1537    322     2018
  SINCE JUL 1   8751                      7558   1193     7877

 COOLING
  YESTERDAY        0                         0      0        0
  MONTH TO DATE    0                         0      0        0
  SINCE MAR 1      0                         0      0        0
  SINCE JAN 1      0                         0      0        0
..................................................................


WIND (MPH)
  HIGHEST WIND SPEED    23   HIGHEST WIND DIRECTION    SE (130)
  HIGHEST GUST SPEED    33   HIGHEST GUST DIRECTION    SE (130)
  AVERAGE WIND SPEED    10.2


SKY COVER
  POSSIBLE SUNSHINE  MM
  AVERAGE SKY COVER 1.0


WEATHER CONDITIONS
 THE FOLLOWING WEATHER WAS RECORDED YESTERDAY.
  RAIN
  LIGHT RAIN
  FOG


RELATIVE HUMIDITY (PERCENT)
 HIGHEST   100           400 PM
 LOWEST     89          1100 AM
 AVERAGE    95

..........................................................


THE EAU CLAIRE WI CLIMATE NORMALS FOR TODAY
                         NORMAL    RECORD    YEAR
 MAXIMUM TEMPERATURE (F)   63        87      1962
 MINIMUM TEMPERATURE (F)   38        22      1919


SUNRISE AND SUNSET
APRIL 25 2014.........SUNRISE   605 AM CDT   SUNSET   804 PM CDT
APRIL 26 2014.........SUNRISE   603 AM CDT   SUNSET   805 PM CDT


-  INDICATES NEGATIVE NUMBERS.
R  INDICATES RECORD WAS SET OR TIED.
MM INDICATES DATA IS MISSING.
T  INDICATES TRACE AMOUNT.




$$
