000
CDUS43 KMPX 090627
CLIEAU


CLIMATE REPORT
NATIONAL WEATHER SERVICE CHANHASSEN MN
1227 AM CST FRI DEC 9 2016


...................................

...THE EAU CLAIRE WI CLIMATE SUMMARY FOR DECEMBER 8 2016...

CLIMATE NORMAL PERIOD 1981 TO 2010
CLIMATE RECORD PERIOD 1893 TO 2016


WEATHER ITEM   OBSERVED TIME   RECORD YEAR NORMAL DEPARTURE LAST
                VALUE   (LST)  VALUE       VALUE  FROM      YEAR
                                                  NORMAL
..................................................................
TEMPERATURE (F)
 YESTERDAY
  MAXIMUM         25    409 PM  55    1946  29     -4       44
  MINIMUM         15    344 AM -17    1917  13      2       28
  AVERAGE         20                        21     -1       36

PRECIPITATION (IN)
  YESTERDAY        0.02          0.53 1969   0.03  -0.01     0.09
  MONTH TO DATE    0.44                      0.32   0.12     0.25
  SINCE DEC 1      0.44                      0.32   0.12     0.25
  SINCE JAN 1     39.36                     30.30   9.06    38.84

SNOWFALL (IN)
  YESTERDAY        0.4           6.0  2009   0.3    0.1      0.0
  MONTH TO DATE    4.8                       2.4    2.4      0.4
  SINCE DEC 1      4.8                       2.4    2.4      0.4
  SINCE JUL 1      6.5                       8.7   -2.2      1.8
  SNOW DEPTH       1

DEGREE DAYS
 HEATING
  YESTERDAY       45                        44      1       29
  MONTH TO DATE  295                       339    -44      246
  SINCE DEC 1    295                       339    -44      246
  SINCE JUL 1   1504                      2085   -581     1608

 COOLING
  YESTERDAY        0                         0      0        0
  MONTH TO DATE    0                         0      0        0
  SINCE DEC 1      0                         0      0        0
  SINCE JAN 1    624                       579     45      520
..................................................................


WIND (MPH)
  HIGHEST WIND SPEED    18   HIGHEST WIND DIRECTION    NW (320)
  HIGHEST GUST SPEED    24   HIGHEST GUST DIRECTION    NW (300)
  AVERAGE WIND SPEED    10.7


SKY COVER
  POSSIBLE SUNSHINE  MM
  AVERAGE SKY COVER 1.0


WEATHER CONDITIONS
 THE FOLLOWING WEATHER WAS RECORDED YESTERDAY.
  LIGHT SNOW
  FOG
  HAZE


RELATIVE HUMIDITY (PERCENT)
 HIGHEST    88           100 AM
 LOWEST     68          1100 AM
 AVERAGE    78

..........................................................


THE EAU CLAIRE WI CLIMATE NORMALS FOR TODAY
                         NORMAL    RECORD    YEAR
 MAXIMUM TEMPERATURE (F)   29        56      1939
 MINIMUM TEMPERATURE (F)   13       -22      1927


SUNRISE AND SUNSET
DECEMBER  9 2016......SUNRISE   732 AM CST   SUNSET   425 PM CST
DECEMBER 10 2016......SUNRISE   733 AM CST   SUNSET   425 PM CST


-  INDICATES NEGATIVE NUMBERS.
R  INDICATES RECORD WAS SET OR TIED.
MM INDICATES DATA IS MISSING.
T  INDICATES TRACE AMOUNT.




$$
