315
CDUS42 KAKQ 070645
CLIECG


CLIMATE REPORT
NATIONAL WEATHER SERVICE WAKEFIELD, VA
145 AM EST WED DEC 7 2016


...................................

...THE ELIZABETH CITY NC CLIMATE SUMMARY FOR DECEMBER 6 2016...

CLIMATE NORMAL PERIOD 1981 TO 2010
CLIMATE RECORD PERIOD 1934 TO 2016


WEATHER ITEM   OBSERVED TIME   RECORD YEAR NORMAL DEPARTURE LAST
                VALUE   (LST)  VALUE       VALUE  FROM      YEAR
                                                  NORMAL
..................................................................
TEMPERATURE (F)
 YESTERDAY
  MAXIMUM         63    627 PM  80    1998  57      6       61
  MINIMUM         47   1159 PM  21    1997  37     10       43
  AVERAGE         55                        47      8       52

PRECIPITATION (IN)
  YESTERDAY        0.37          1.23 1983   0.08   0.29     0.00
  MONTH TO DATE    1.03                      0.50   0.53     0.19
  SINCE DEC 1      1.03                      0.50   0.53     0.19
  SINCE JAN 1     52.47                     44.52   7.95    43.01

SNOWFALL (IN)
  YESTERDAY       MM             1.0  1954  MM     MM
  MONTH TO DATE    0.0                      MM     MM
  SINCE NOV 1      0.0                      MM     MM
  SINCE JUL 1      0.0                      MM     MM
  SNOW DEPTH       0

DEGREE DAYS
 HEATING
  YESTERDAY       10                        18     -8       13
  MONTH TO DATE   91                       105    -14       76
  SINCE DEC 1     91                       105    -14       76
  SINCE JUL 1    581                       620    -39      432

 COOLING
  YESTERDAY        0                         0      0        0
  MONTH TO DATE    0                         0      0        0
  SINCE DEC 1      0                         0      0        0
  SINCE JAN 1   1954                      1588    366     1843
..................................................................


WIND (MPH)
  HIGHEST WIND SPEED    26   HIGHEST WIND DIRECTION     W (280)
  HIGHEST GUST SPEED    31   HIGHEST GUST DIRECTION     W (290)
  AVERAGE WIND SPEED    13.0


SKY COVER
  POSSIBLE SUNSHINE  MM
  AVERAGE SKY COVER 0.9


WEATHER CONDITIONS
 THE FOLLOWING WEATHER WAS RECORDED YESTERDAY.
  HEAVY RAIN
  RAIN
  LIGHT RAIN
  FOG


RELATIVE HUMIDITY (PERCENT)
 HIGHEST   100          1200 PM
 LOWEST     80          1200 AM
 AVERAGE    90

..........................................................


THE ELIZABETH CITY NC CLIMATE NORMALS FOR TODAY
                         NORMAL    RECORD    YEAR
 MAXIMUM TEMPERATURE (F)   57        79      1998
 MINIMUM TEMPERATURE (F)   37        17      1954


SUNRISE AND SUNSET
DECEMBER  7 2016......SUNRISE   703 AM EST   SUNSET   450 PM EST
DECEMBER  8 2016......SUNRISE   704 AM EST   SUNSET   450 PM EST


-  INDICATES NEGATIVE NUMBERS.
R  INDICATES RECORD WAS SET OR TIED.
MM INDICATES DATA IS MISSING.
T  INDICATES TRACE AMOUNT.




$$
