052
CDUS42 KAKQ 060556
CLIECG


CLIMATE REPORT
NATIONAL WEATHER SERVICE WAKEFIELD, VA
156 AM EDT FRI MAY 6 2016


...................................

...THE ELIZABETH CITY NC CLIMATE SUMMARY FOR MAY 5 2016...

CLIMATE NORMAL PERIOD 1981 TO 2010
CLIMATE RECORD PERIOD 1934 TO 2016


WEATHER ITEM   OBSERVED TIME   RECORD YEAR NORMAL DEPARTURE LAST
                VALUE   (LST)  VALUE       VALUE  FROM      YEAR
                                                  NORMAL
..................................................................
TEMPERATURE (F)
 YESTERDAY
  MAXIMUM         56    111 PM  92    1938  74    -18       80
  MINIMUM         50    931 PM  40    1966  53     -3       57
  AVERAGE         53                        64    -11       69

PRECIPITATION (IN)
  YESTERDAY        0.63          1.53 2012   0.10   0.53     0.00
  MONTH TO DATE    1.19                      0.51   0.68     0.01
  SINCE MAR 1      7.45                      7.63  -0.18     7.09
  SINCE JAN 1     15.04                     14.07   0.97    13.89

SNOWFALL (IN)
  YESTERDAY        0.0           0.0  2002  MM     MM
  MONTH TO DATE    0.0                      MM     MM
  SINCE NOV 1      1.8                      MM     MM
  SINCE JUL 1      1.8                      MM     MM
  SNOW DEPTH       0

DEGREE DAYS
 HEATING
  YESTERDAY       12                         4      8        0
  MONTH TO DATE   13                        20     -7       20
  SINCE MAR 1    525                       709   -184      692
  SINCE JUL 1   2436                      3181   -745     3226

 COOLING
  YESTERDAY        0                         2     -2        4
  MONTH TO DATE   13                        10      3        6
  SINCE MAR 1     68                        50     18       39
  SINCE JAN 1     68                        52     16       41
..................................................................


WIND (MPH)
  HIGHEST WIND SPEED    24   HIGHEST WIND DIRECTION    NE (30)
  HIGHEST GUST SPEED    33   HIGHEST GUST DIRECTION    NE (30)
  AVERAGE WIND SPEED    15.3


SKY COVER
  POSSIBLE SUNSHINE  MM
  AVERAGE SKY COVER 1.0


WEATHER CONDITIONS
 THE FOLLOWING WEATHER WAS RECORDED YESTERDAY.
  HEAVY RAIN
  RAIN
  LIGHT RAIN
  FOG


RELATIVE HUMIDITY (PERCENT)
 HIGHEST   100
 LOWEST     83
 AVERAGE    92

..........................................................


THE ELIZABETH CITY NC CLIMATE NORMALS FOR TODAY
                         NORMAL    RECORD    YEAR
 MAXIMUM TEMPERATURE (F)   74        92      1950
 MINIMUM TEMPERATURE (F)   53        42      1957


SUNRISE AND SUNSET
MAY  6 2016...........SUNRISE   606 AM EDT   SUNSET   757 PM EDT
MAY  7 2016...........SUNRISE   605 AM EDT   SUNSET   758 PM EDT


-  INDICATES NEGATIVE NUMBERS.
R  INDICATES RECORD WAS SET OR TIED.
MM INDICATES DATA IS MISSING.
T  INDICATES TRACE AMOUNT.




$$
