000
CDUS42 KAKQ 190645
CLIECG


CLIMATE REPORT
NATIONAL WEATHER SERVICE WAKEFIELD, VA
145 AM EST THU JAN 19 2017


...................................

...THE ELIZABETH CITY NC CLIMATE SUMMARY FOR JANUARY 18 2017...

CLIMATE NORMAL PERIOD 1981 TO 2010
CLIMATE RECORD PERIOD 1934 TO 2017


WEATHER ITEM   OBSERVED TIME   RECORD YEAR NORMAL DEPARTURE LAST
                VALUE   (LST)  VALUE       VALUE  FROM      YEAR
                                                  NORMAL
..................................................................
TEMPERATURE (F)
 YESTERDAY
  MAXIMUM         69   1224 PM  78    1937  51     18       36
  MINIMUM         40   1120 PM  10    1997  32      8       21
  AVERAGE         55                        41     14       29

PRECIPITATION (IN)
  YESTERDAY        0.02          1.82 1943   0.10  -0.08     0.00
  MONTH TO DATE    3.03                      1.81   1.22     1.46
  SINCE DEC 1      5.70                      4.37   1.33     5.47
  SINCE JAN 1      3.03                      1.81   1.22     1.46

SNOWFALL (IN)
  YESTERDAY       MM             T    2009  MM     MM
  MONTH TO DATE    1.2                      MM     MM
  SINCE NOV 1      1.2                      MM     MM
  SINCE JUL 1      1.2                      MM     MM
  SNOW DEPTH       0

DEGREE DAYS
 HEATING
  YESTERDAY       10                        24    -14       36
  MONTH TO DATE  374                       432    -58      394
  SINCE DEC 1    979                      1072    -93      638
  SINCE JUL 1   1469                      1587   -118      994

 COOLING
  YESTERDAY        0                         0      0        0
  MONTH TO DATE    0                         0      0        0
  SINCE DEC 1      0                         2     -2       31
  SINCE JAN 1      0                         0      0        0
..................................................................


WIND (MPH)
  HIGHEST WIND SPEED    26   HIGHEST WIND DIRECTION     N (360)
  HIGHEST GUST SPEED    32   HIGHEST GUST DIRECTION     N (10)
  AVERAGE WIND SPEED     9.2


SKY COVER
  POSSIBLE SUNSHINE  MM
  AVERAGE SKY COVER 0.5


WEATHER CONDITIONS
 THE FOLLOWING WEATHER WAS RECORDED YESTERDAY.
  LIGHT RAIN


RELATIVE HUMIDITY (PERCENT)
 HIGHEST    93          1200 AM
 LOWEST     55          1200 PM
 AVERAGE    74

..........................................................


THE ELIZABETH CITY NC CLIMATE NORMALS FOR TODAY
                         NORMAL    RECORD    YEAR
 MAXIMUM TEMPERATURE (F)   51        75      1936
 MINIMUM TEMPERATURE (F)   32         5      1994


SUNRISE AND SUNSET
JANUARY 19 2017.......SUNRISE   714 AM EST   SUNSET   518 PM EST
JANUARY 20 2017.......SUNRISE   713 AM EST   SUNSET   519 PM EST


-  INDICATES NEGATIVE NUMBERS.
R  INDICATES RECORD WAS SET OR TIED.
MM INDICATES DATA IS MISSING.
T  INDICATES TRACE AMOUNT.




$$
