000
CDUS42 KAKQ 260827
CLIECG


CLIMATE REPORT
NATIONAL WEATHER SERVICE WAKEFIELD, VA
327 AM EST WED NOV 26 2014


...................................

...THE ELIZABETH CITY NC CLIMATE SUMMARY FOR NOVEMBER 25 2014...

CLIMATE NORMAL PERIOD 1981 TO 2010
CLIMATE RECORD PERIOD 1934 TO 2014


WEATHER ITEM   OBSERVED TIME   RECORD YEAR NORMAL DEPARTURE LAST
                VALUE   (LST)  VALUE       VALUE  FROM      YEAR
                                                  NORMAL
..................................................................
TEMPERATURE (F)
 YESTERDAY
  MAXIMUM         70   1209 AM  79    1973  61      9       41
  MINIMUM         56    728 PM  22    2013  40     16       22
                                      1997
  AVERAGE         63                        50     13       32

PRECIPITATION (IN)
  YESTERDAY        0.31          1.55 1957   0.10   0.21     0.00
  MONTH TO DATE    1.51                      2.61  -1.10     1.48
  SINCE SEP 1      8.44                      9.61  -1.17     8.05
  SINCE JAN 1     35.88                     43.57  -7.69    38.08

SNOWFALL (IN)
  YESTERDAY        0.0           T    1956  MM     MM
  MONTH TO DATE    0.0                      MM     MM
  SINCE NOV 1      0.0                      MM     MM
  SINCE JUL 1      0.0                      MM     MM
  SNOW DEPTH       0

DEGREE DAYS
 HEATING
  YESTERDAY        2                        15    -13       33
  MONTH TO DATE  336                       286     50      325
  SINCE SEP 1    417                       437    -20      459
  SINCE JUL 1    417                       437    -20      459

 COOLING
  YESTERDAY        0                         0      0        0
  MONTH TO DATE    9                         4      5        8
  SINCE SEP 1    343                       289     54      285
  SINCE JAN 1   1586                      1585      1     1665
..................................................................


WIND (MPH)
  HIGHEST WIND SPEED    14   HIGHEST WIND DIRECTION     N (350)
  HIGHEST GUST SPEED    18   HIGHEST GUST DIRECTION    SW (230)
  AVERAGE WIND SPEED     5.8


SKY COVER
  POSSIBLE SUNSHINE  MM
  AVERAGE SKY COVER 0.6


WEATHER CONDITIONS
 THE FOLLOWING WEATHER WAS RECORDED YESTERDAY.
  RAIN
  LIGHT RAIN
  FOG


RELATIVE HUMIDITY (PERCENT)
 HIGHEST    87          1000 AM
 LOWEST     73          1200 AM
 AVERAGE    80

..........................................................


THE ELIZABETH CITY NC CLIMATE NORMALS FOR TODAY
                         NORMAL    RECORD    YEAR
 MAXIMUM TEMPERATURE (F)   61        78      1946
 MINIMUM TEMPERATURE (F)   39        19      1950


SUNRISE AND SUNSET
NOVEMBER 26 2014......SUNRISE   653 AM EST   SUNSET   451 PM EST
NOVEMBER 27 2014......SUNRISE   654 AM EST   SUNSET   451 PM EST


-  INDICATES NEGATIVE NUMBERS.
R  INDICATES RECORD WAS SET OR TIED.
MM INDICATES DATA IS MISSING.
T  INDICATES TRACE AMOUNT.




$$
