000
CDUS45 KGJT 060744
CLIEEO


CLIMATE REPORT
NATIONAL WEATHER SERVICE GRAND JUNCTION CO
130 AM MDT MON JUL 6 2015


...................................

...THE MEEKER CO CLIMATE SUMMARY FOR JULY 5 2015...

CLIMATE NORMAL PERIOD 1981 TO 2010
CLIMATE RECORD PERIOD 9999 TO 9999


WEATHER ITEM   OBSERVED TIME   RECORD YEAR NORMAL DEPARTURE LAST
                VALUE   (LST)  VALUE       VALUE  FROM      YEAR
                                                  NORMAL
..................................................................
TEMPERATURE (F)
 YESTERDAY
  MAXIMUM         72    351 PM  MM      MM  85    -13       90
  MINIMUM         54   1136 PM  MM      MM  47      7       50
  AVERAGE         63                        66     -3       70

PRECIPITATION (IN)
  YESTERDAY        0.27         MM      MM   0.03   0.24     0.02
  MONTH TO DATE    0.27                      0.17   0.10     0.02
  SINCE JUN 1      1.17                      1.41  -0.24     0.52
  SINCE JAN 1     10.39                      7.56   2.83     7.95

SNOWFALL (IN)
  YESTERDAY       MM            MM      MM  MM     MM       MM
  MONTH TO DATE   MM                        MM     MM       MM
  SINCE JUN 1     MM                        MM     MM       MM
  SINCE JUL 1     MM                        MM     MM       MM
  SNOW DEPTH      MM

DEGREE DAYS
 HEATING
  YESTERDAY        2                         1      1        0
  MONTH TO DATE    2                         7     -5        5
  SINCE JUN 1     53                       151    -98      140
  SINCE JUL 1      2                         7     -5        5

 COOLING
  YESTERDAY        0                         2     -2        5
  MONTH TO DATE   28                         8     20       13
  SINCE JUN 1    107                        25     82       18
  SINCE JAN 1    107                        26     81       19
..................................................................


WIND (MPH)
  HIGHEST WIND SPEED    21   HIGHEST WIND DIRECTION    NW (320)
  HIGHEST GUST SPEED    27   HIGHEST GUST DIRECTION    NW (310)
  AVERAGE WIND SPEED     4.8


SKY COVER
  POSSIBLE SUNSHINE  MM
  AVERAGE SKY COVER 0.5


WEATHER CONDITIONS
 THE FOLLOWING WEATHER WAS RECORDED YESTERDAY.
  THUNDERSTORM
  HEAVY RAIN
  RAIN
  LIGHT RAIN
  FOG


RELATIVE HUMIDITY (PERCENT)
 HIGHEST    93          1000 PM
 LOWEST     52          1200 AM
 AVERAGE    73

..........................................................


THE MEEKER CO CLIMATE NORMALS FOR TODAY
                         NORMAL    RECORD    YEAR
 MAXIMUM TEMPERATURE (F)   85        MM        MM
 MINIMUM TEMPERATURE (F)   47        MM        MM


SUNRISE AND SUNSET
JULY  6 2015..........SUNRISE   549 AM MDT   SUNSET   843 PM MDT
JULY  7 2015..........SUNRISE   549 AM MDT   SUNSET   843 PM MDT


-  INDICATES NEGATIVE NUMBERS.
R  INDICATES RECORD WAS SET OR TIED.
MM INDICATES DATA IS MISSING.
T  INDICATES TRACE AMOUNT.




$$
