000
CDUS44 KBMX 300913
CLIEET


CLIMATE REPORT
NATIONAL WEATHER SERVICE BIRMINGHAM, AL
412 AM CDT SAT APR 30 2016


...................................

...THE SHELBY COUNTY AIRPORT CLIMATE SUMMARY FOR APRIL 29 2016...

CLIMATE NORMAL PERIOD 1981 TO 2010
CLIMATE RECORD PERIOD 9999 TO 9999


WEATHER ITEM   OBSERVED TIME   RECORD YEAR NORMAL DEPARTURE LAST
                VALUE   (LST)  VALUE       VALUE  FROM      YEAR
                                                  NORMAL
..................................................................
TEMPERATURE (F)
 YESTERDAY
  MAXIMUM         87    213 PM  MM      MM  78      9       67
  MINIMUM         62    522 AM  MM      MM  55      7       53
  AVERAGE         75                        66      9       60

PRECIPITATION (IN)
  YESTERDAY        0.40                      0.13   0.27     0.02
  MONTH TO DATE    4.52                      3.77   0.75     6.79
  SINCE MAR 1     10.37                      8.25   2.12    10.60
  SINCE JAN 1     21.01                     19.33   1.68    19.97

SNOWFALL (IN)
  YESTERDAY        0.0                      MM     MM        0.0
  MONTH TO DATE    0.0                      MM     MM        0.0
  SINCE MAR 1      0.0                      MM     MM         T
  SINCE JUL 1      T                        MM     MM         T
  SNOW DEPTH       0

DEGREE DAYS
 HEATING
  YESTERDAY        0                         2     -2        5
  MONTH TO DATE   75                       128    -53       30
  SINCE MAR 1    251                       437   -186      238
  SINCE JUL 1   1829                      2566   -737     2483

 COOLING
  YESTERDAY       10                         3      7        0
  MONTH TO DATE   54                        55     -1       93
  SINCE MAR 1     87                        68     19      109
  SINCE JAN 1     94                        72     22      109
..................................................................


WIND (MPH)
  HIGHEST WIND SPEED    28   HIGHEST WIND DIRECTION    NW (330)
  HIGHEST GUST SPEED    41   HIGHEST GUST DIRECTION     N (340)
  AVERAGE WIND SPEED     4.9


SKY COVER
  POSSIBLE SUNSHINE  MM
  AVERAGE SKY COVER 0.3


WEATHER CONDITIONS
 THE FOLLOWING WEATHER WAS RECORDED YESTERDAY.
  THUNDERSTORM
  HEAVY RAIN
  RAIN
  LIGHT RAIN
  FOG


RELATIVE HUMIDITY (PERCENT)
 HIGHEST   100           300 AM
 LOWEST     45           200 PM
 AVERAGE    73

..........................................................


THE SHELBY COUNTY AIRPORT CLIMATE NORMALS FOR TODAY
                         NORMAL    RECORD    YEAR
 MAXIMUM TEMPERATURE (F)   78        MM        MM
 MINIMUM TEMPERATURE (F)   55        MM        MM


SUNRISE AND SUNSET
APRIL 30 2016.........SUNRISE   600 AM CDT   SUNSET   729 PM CDT
MAY  1 2016...........SUNRISE   559 AM CDT   SUNSET   730 PM CDT


-  INDICATES NEGATIVE NUMBERS.
R  INDICATES RECORD WAS SET OR TIED.
MM INDICATES DATA IS MISSING.
T  INDICATES TRACE AMOUNT.




$$
