000
CDUS44 KBMX 260741
CLIEET


CLIMATE REPORT
NATIONAL WEATHER SERVICE BIRMINGHAM, AL
241 AM CDT THU MAY 26 2016


...................................

...THE SHELBY COUNTY AIRPORT CLIMATE SUMMARY FOR MAY 25 2016...

CLIMATE NORMAL PERIOD 1981 TO 2010
CLIMATE RECORD PERIOD 9999 TO 9999


WEATHER ITEM   OBSERVED TIME   RECORD YEAR NORMAL DEPARTURE LAST
                VALUE   (LST)  VALUE       VALUE  FROM      YEAR
                                                  NORMAL
..................................................................
TEMPERATURE (F)
 YESTERDAY
  MAXIMUM         89    308 PM  MM      MM  83      6       80
  MINIMUM         61    503 AM  MM      MM  63     -2       67
  AVERAGE         75                        73      2       74

PRECIPITATION (IN)
  YESTERDAY        0.00                      0.15  -0.15     0.10
  MONTH TO DATE    1.51                      3.54  -2.03     1.10
  SINCE MAR 1     11.88                     11.91  -0.03    11.70
  SINCE JAN 1     22.52                     22.99  -0.47    21.07

DEGREE DAYS
 COOLING
  YESTERDAY       10                         8      2        9
  MONTH TO DATE  122                       141    -19      181
  SINCE MAR 1    217                       212      5      290
  SINCE JAN 1    224                       216      8      290
..................................................................


WIND (MPH)
  HIGHEST WIND SPEED    15   HIGHEST WIND DIRECTION    SE (150)
  HIGHEST GUST SPEED    21   HIGHEST GUST DIRECTION     S (160)
  AVERAGE WIND SPEED     4.0


SKY COVER
  POSSIBLE SUNSHINE  MM
  AVERAGE SKY COVER 0.0


WEATHER CONDITIONS
 THE FOLLOWING WEATHER WAS RECORDED YESTERDAY.
  FOG
  HAZE


RELATIVE HUMIDITY (PERCENT)
 HIGHEST    93           200 AM
 LOWEST     32          1100 AM
 AVERAGE    63

..........................................................


THE SHELBY COUNTY AIRPORT CLIMATE NORMALS FOR TODAY
                         NORMAL    RECORD    YEAR
 MAXIMUM TEMPERATURE (F)   83        MM        MM
 MINIMUM TEMPERATURE (F)   63        MM        MM


SUNRISE AND SUNSET
MAY 26 2016...........SUNRISE   541 AM CDT   SUNSET   748 PM CDT
MAY 27 2016...........SUNRISE   541 AM CDT   SUNSET   748 PM CDT


-  INDICATES NEGATIVE NUMBERS.
R  INDICATES RECORD WAS SET OR TIED.
MM INDICATES DATA IS MISSING.
T  INDICATES TRACE AMOUNT.




$$
