000
CDUS44 KBMX 230936
CLIEET


CLIMATE REPORT
NATIONAL WEATHER SERVICE BIRMINGHAM, AL
435 AM CDT SAT AUG 23 2014


...................................

...THE SHELBY COUNTY AIRPORT CLIMATE SUMMARY FOR AUGUST 22 2014...

CLIMATE NORMAL PERIOD 1981 TO 2010
CLIMATE RECORD PERIOD 9999 TO 9999


WEATHER ITEM   OBSERVED TIME   RECORD YEAR NORMAL DEPARTURE LAST
                VALUE   (LST)  VALUE       VALUE  FROM      YEAR
                                                  NORMAL
..................................................................
TEMPERATURE (F)
 YESTERDAY
  MAXIMUM         96    225 PM  MM      MM  90      6       90
  MINIMUM         74    556 AM  MM      MM  70      4       71
  AVERAGE         85                        80      5       81

PRECIPITATION (IN)
  YESTERDAY        0.00                      0.16  -0.16     0.00
  MONTH TO DATE    2.87                      3.41  -0.54     6.35
  SINCE JUN 1     11.24                     12.80  -1.56    17.93
  SINCE JAN 1     38.74                     36.73   2.01    46.93

DEGREE DAYS
 COOLING
  YESTERDAY       20                        15      5       16
  MONTH TO DATE  362                       342     20      302
  SINCE JUN 1   1223                      1203     20     1129
  SINCE JAN 1   1517                      1472     45     1381
..................................................................


WIND (MPH)
  HIGHEST WIND SPEED     9   HIGHEST WIND DIRECTION    SW (230)
  HIGHEST GUST SPEED    15   HIGHEST GUST DIRECTION    SW (230)
  AVERAGE WIND SPEED     2.1


SKY COVER
  POSSIBLE SUNSHINE  MM
  AVERAGE SKY COVER 0.1


WEATHER CONDITIONS
 THE FOLLOWING WEATHER WAS RECORDED YESTERDAY.
  THUNDERSTORM
  FOG


RELATIVE HUMIDITY (PERCENT)
 HIGHEST   100          1200 AM
 LOWEST     39           300 PM
 AVERAGE    70

..........................................................


THE SHELBY COUNTY AIRPORT CLIMATE NORMALS FOR TODAY
                         NORMAL    RECORD    YEAR
 MAXIMUM TEMPERATURE (F)   90        MM        MM
 MINIMUM TEMPERATURE (F)   70        MM        MM


SUNRISE AND SUNSET
AUGUST 23 2014........SUNRISE   615 AM CDT   SUNSET   723 PM CDT
AUGUST 24 2014........SUNRISE   616 AM CDT   SUNSET   722 PM CDT


-  INDICATES NEGATIVE NUMBERS.
R  INDICATES RECORD WAS SET OR TIED.
MM INDICATES DATA IS MISSING.
T  INDICATES TRACE AMOUNT.




$$
