000
CDUS44 KBMX 250744
CLIEET


CLIMATE REPORT
NATIONAL WEATHER SERVICE BIRMINGHAM, AL
238 AM CDT MON MAY 25 2015


...................................

...THE SHELBY COUNTY AIRPORT CLIMATE SUMMARY FOR MAY 24 2015...

CLIMATE NORMAL PERIOD 1981 TO 2010
CLIMATE RECORD PERIOD 9999 TO 9999


WEATHER ITEM   OBSERVED TIME   RECORD YEAR NORMAL DEPARTURE LAST
                VALUE   (LST)  VALUE       VALUE  FROM      YEAR
                                                  NORMAL
..................................................................
TEMPERATURE (F)
 YESTERDAY
  MAXIMUM         84    219 PM  MM      MM  83      1       88
  MINIMUM         65    507 AM  MM      MM  62      3       67
  AVERAGE         75                        73      2       78

PRECIPITATION (IN)
  YESTERDAY        0.75                      0.16   0.59     0.00
  MONTH TO DATE    1.00                      3.39  -2.39     1.72
  SINCE MAR 1     11.60                     11.76  -0.16    17.69
  SINCE JAN 1     20.97                     22.84  -1.87    26.22

DEGREE DAYS
 COOLING
  YESTERDAY       10                         8      2       13
  MONTH TO DATE  172                       133     39      145
  SINCE MAR 1    281                       204     77      203
  SINCE JAN 1    281                       208     73      207
..................................................................


WIND (MPH)
  HIGHEST WIND SPEED    17   HIGHEST WIND DIRECTION    SW (220)
  HIGHEST GUST SPEED    28   HIGHEST GUST DIRECTION    SW (210)
  AVERAGE WIND SPEED     4.6


SKY COVER
  POSSIBLE SUNSHINE  MM
  AVERAGE SKY COVER 0.5


WEATHER CONDITIONS
 THE FOLLOWING WEATHER WAS RECORDED YESTERDAY.
  THUNDERSTORM
  HEAVY RAIN
  RAIN
  LIGHT RAIN
  FOG


RELATIVE HUMIDITY (PERCENT)
 HIGHEST    97           700 PM
 LOWEST     57           100 AM
 AVERAGE    77

..........................................................


THE SHELBY COUNTY AIRPORT CLIMATE NORMALS FOR TODAY
                         NORMAL    RECORD    YEAR
 MAXIMUM TEMPERATURE (F)   83        MM        MM
 MINIMUM TEMPERATURE (F)   63        MM        MM


SUNRISE AND SUNSET
MAY 25 2015...........SUNRISE   542 AM CDT   SUNSET   747 PM CDT
MAY 26 2015...........SUNRISE   541 AM CDT   SUNSET   747 PM CDT


-  INDICATES NEGATIVE NUMBERS.
R  INDICATES RECORD WAS SET OR TIED.
MM INDICATES DATA IS MISSING.
T  INDICATES TRACE AMOUNT.




$$
