000
CDUS46 KEKA 281211
CLIEKA


CLIMATE REPORT
NATIONAL WEATHER SERVICE EUREKA CA
510 AM PDT TUE MAR 28 2017


...................................

...THE EUREKA CA CLIMATE SUMMARY FOR MARCH 27 2017...

CLIMATE NORMAL PERIOD 1981 TO 2010
CLIMATE RECORD PERIOD 1886 TO 2017


WEATHER ITEM   OBSERVED RECORD YEAR NORMAL DEPARTURE LAST
                VALUE   VALUE       VALUE  FROM      YEAR
                                           NORMAL
...........................................................
TEMPERATURE (F)
 YESTERDAY
  MAXIMUM         56     78    1930  57     -1       56
  MINIMUM         45     32    1898  43      2       48
  AVERAGE         51                 50      1       52

PRECIPITATION (IN)
  YESTERDAY        0.18   2.46 1934   0.15   0.03     0.04
  MONTH TO DATE    7.36               4.71   2.65     8.02
  SINCE OCT 1     54.74              32.81  21.93    43.78
  SINCE JAN 1     28.97              16.84  12.13    23.06

SNOWFALL (IN)
  YESTERDAY       MM      T    2007   0.0   MM       MM
  MONTH TO DATE    T                  0.0    0.0      0.0
  SINCE MAR 1      T                  0.0    0.0      0.0
  SINCE JUL 1      T                  0.2   -0.2       T
  SNOW DEPTH       0

DEGREE DAYS
 HEATING
  YESTERDAY       14                 15     -1       13
  MONTH TO DATE  373                413    -40      331
  SINCE MAR 1    373                413    -40      331
  SINCE JUL 1   3262               3335    -73     2741

 COOLING
  YESTERDAY        0                  0      0        0
  MONTH TO DATE    0                  0      0        0
  SINCE MAR 1      0                  0      0        0
  SINCE JAN 1      0                  0      0        0
...........................................................


WIND (MPH)
  HIGHEST WIND SPEED    14   HIGHEST WIND DIRECTION     N (340)
  HIGHEST GUST SPEED    15   HIGHEST GUST DIRECTION     N (360)
  AVERAGE WIND SPEED     6.1


SKY COVER
  AVERAGE SKY COVER 0.6


WEATHER CONDITIONS
 THE FOLLOWING WEATHER WAS RECORDED YESTERDAY.
  LIGHT RAIN


..........................................................


THE EUREKA CA CLIMATE NORMALS FOR TODAY
                         NORMAL    RECORD    YEAR
 MAXIMUM TEMPERATURE (F)   57        74      1923
 MINIMUM TEMPERATURE (F)   43        34      2007


SUNRISE AND SUNSET
MARCH 28 2017.........SUNRISE   706 AM PDT   SUNSET   738 PM PDT
MARCH 29 2017.........SUNRISE   704 AM PDT   SUNSET   739 PM PDT


-  INDICATES NEGATIVE NUMBERS.
R  INDICATES RECORD WAS SET OR TIED.
MM INDICATES DATA IS MISSING.
T  INDICATES TRACE AMOUNT.




&&

..........................................................

TOTAL SEASON     NORMAL   % OF NORMAL     LAST SEASON

    54.74         32.81        167            43.78


$$
