000
CDUS46 KEKA 301211
CLIEKA


CLIMATE REPORT
NATIONAL WEATHER SERVICE EUREKA CA
409 AM PST FRI JAN 30 2015


...................................

...THE EUREKA CA CLIMATE SUMMARY FOR JANUARY 29 2015...

CLIMATE NORMAL PERIOD 1981 TO 2010
CLIMATE RECORD PERIOD 1886 TO 2015


WEATHER ITEM   OBSERVED RECORD YEAR NORMAL DEPARTURE LAST
                VALUE   VALUE       VALUE  FROM      YEAR
                                           NORMAL
...........................................................
TEMPERATURE (F)
 YESTERDAY
  MAXIMUM         58     70    1936  56      2       54
                               1935
  MINIMUM         48     26    2002  41      7       49
  AVERAGE         53                 49      4       52

PRECIPITATION (IN)
  YESTERDAY        0.00   1.81 1890   0.19  -0.19     0.54
  MONTH TO DATE    1.36               6.12  -4.76     1.29
  SINCE JUL 1     22.87              23.17  -0.30     6.41
  SINCE JAN 1      1.36               6.12  -4.76     1.29

SNOWFALL (IN)
  YESTERDAY        0.0    0.0  2002   0.0    0.0     MM
  MONTH TO DATE    0.0                0.0    0.0      0.0
  SINCE DEC 1      0.0                T      0.0       T
  SINCE JUL 1      0.0                T      0.0       T
  SNOW DEPTH       0

DEGREE DAYS
 HEATING
  YESTERDAY       12                 16     -4       13
  MONTH TO DATE  397                485    -88      494
  SINCE DEC 1    768               1018   -250     1186
  SINCE JUL 1   1788               2440   -652     2637

 COOLING
  YESTERDAY        0                  0      0        0
  MONTH TO DATE    0                  0      0        0
  SINCE DEC 1      0                  0      0        0
  SINCE JAN 1      0                  0      0        0
...........................................................


WIND (MPH)
  HIGHEST WIND SPEED     7   HIGHEST WIND DIRECTION    NW (330)
  HIGHEST GUST SPEED    13   HIGHEST GUST DIRECTION    MM
  AVERAGE WIND SPEED     2.8


SKY COVER
  AVERAGE SKY COVER 1.0


WEATHER CONDITIONS
 THE FOLLOWING WEATHER WAS RECORDED YESTERDAY.
  NO SIGNIFICANT WEATHER WAS OBSERVED.


..........................................................


THE EUREKA CA CLIMATE NORMALS FOR TODAY
                         NORMAL    RECORD    YEAR
 MAXIMUM TEMPERATURE (F)   56        69      1986
 MINIMUM TEMPERATURE (F)   41        28      2002
                                             1951


SUNRISE AND SUNSET
JANUARY 30 2015.......SUNRISE   729 AM PST   SUNSET   532 PM PST
JANUARY 31 2015.......SUNRISE   728 AM PST   SUNSET   533 PM PST


-  INDICATES NEGATIVE NUMBERS.
R  INDICATES RECORD WAS SET OR TIED.
MM INDICATES DATA IS MISSING.
T  INDICATES TRACE AMOUNT.




&&

..........................................................

TOTAL SEASON     NORMAL   % OF NORMAL     LAST SEASON

    22.87         23.17        99             6.41


$$
