000
CDUS46 KEKA 051210
CLIEKA


CLIMATE REPORT
NATIONAL WEATHER SERVICE EUREKA CA
510 AM PDT SUN JUL 5 2015


...................................

...THE EUREKA CA CLIMATE SUMMARY FOR JULY 4 2015...

CLIMATE NORMAL PERIOD 1981 TO 2010
CLIMATE RECORD PERIOD 1886 TO 2015


WEATHER ITEM   OBSERVED RECORD YEAR NORMAL DEPARTURE LAST
                VALUE   VALUE       VALUE  FROM      YEAR
                                           NORMAL
...........................................................
TEMPERATURE (F)
 YESTERDAY
  MAXIMUM         65     76    1931  63      2       61
  MINIMUM         53     46    2010  51      2       52
                               1921
  AVERAGE         59                 57      2       57

PRECIPITATION (IN)
  YESTERDAY        0.00   0.41 1909   0.01  -0.01     0.00
  MONTH TO DATE    0.02               0.03  -0.01      T
  SINCE OCT 1     30.69              39.28  -8.59    17.89
  SINCE JAN 1     12.31              23.31 -11.00    15.99

SNOWFALL (IN)
  YESTERDAY        0.0    0.0  2002   0.0    0.0      0.0
                               2001
  MONTH TO DATE    0.0                0.0    0.0      0.0
  SINCE JUN 1      0.0                0.0    0.0      0.0
  SINCE JUL 1      0.0                0.0    0.0      0.0
  SNOW DEPTH       0

DEGREE DAYS
 HEATING
  YESTERDAY        6                  8     -2        8
  MONTH TO DATE   24                 32     -8       27
  SINCE JUN 1    265                298    -33      279
  SINCE JUL 1     24                 32     -8       27

 COOLING
  YESTERDAY        0                  0      0        0
  MONTH TO DATE    0                  0      0        0
  SINCE JUN 1      0                  0      0        0
  SINCE JAN 1      0                  0      0        1
...........................................................


WIND (MPH)
  HIGHEST WIND SPEED    10   HIGHEST WIND DIRECTION     W (280)
  HIGHEST GUST SPEED    10   HIGHEST GUST DIRECTION    MM
  AVERAGE WIND SPEED     3.2


SKY COVER
  AVERAGE SKY COVER 0.6


WEATHER CONDITIONS
 THE FOLLOWING WEATHER WAS RECORDED YESTERDAY.
  FOG W/VISIBILITY <= 1/4 MILE


..........................................................


THE EUREKA CA CLIMATE NORMALS FOR TODAY
                         NORMAL    RECORD    YEAR
 MAXIMUM TEMPERATURE (F)   63        70      1983
 MINIMUM TEMPERATURE (F)   51        46      1996
                                             1977
                                             1932


SUNRISE AND SUNSET
JULY  5 2015..........SUNRISE   551 AM PDT   SUNSET   851 PM PDT
JULY  6 2015..........SUNRISE   552 AM PDT   SUNSET   851 PM PDT


-  INDICATES NEGATIVE NUMBERS.
R  INDICATES RECORD WAS SET OR TIED.
MM INDICATES DATA IS MISSING.
T  INDICATES TRACE AMOUNT.




&&

..........................................................

TOTAL SEASON     NORMAL   % OF NORMAL     LAST SEASON

    30.69         39.28        78            17.89


$$
