000
CDUS46 KEKA 021209
CLIEKA


CLIMATE REPORT
NATIONAL WEATHER SERVICE EUREKA CA
509 AM PDT THU OCT 2 2014


...................................

...THE EUREKA CA CLIMATE SUMMARY FOR OCTOBER 1 2014...

CLIMATE NORMAL PERIOD 1981 TO 2010
CLIMATE RECORD PERIOD 1886 TO 2014


WEATHER ITEM   OBSERVED RECORD YEAR NORMAL DEPARTURE LAST
                VALUE   VALUE       VALUE  FROM      YEAR
                                           NORMAL
...........................................................
TEMPERATURE (F)
 YESTERDAY
  MAXIMUM         66     77    1902  63      3       65
  MINIMUM         47     40    1893  49     -2       45
  AVERAGE         57                 56      1       55

PRECIPITATION (IN)
  YESTERDAY        0.00   2.28 1937   0.03  -0.03     0.00
  MONTH TO DATE    0.00               0.03  -0.03     0.00
  SINCE JUL 1      3.13               1.11   2.02     3.22
  SINCE JAN 1     19.12              24.39  -5.27    14.70

SNOWFALL (IN)
  YESTERDAY        0.0    0.0  2002   0.0    0.0      0.0
                               2001
  MONTH TO DATE    0.0                0.0    0.0      0.0
  SINCE SEP 1      0.0                0.0    0.0      0.0
  SINCE JUL 1      0.0                0.0    0.0      0.0
  SNOW DEPTH       0

DEGREE DAYS
 HEATING
  YESTERDAY        8                  9     -1       10
  MONTH TO DATE    8                  9     -1       10
  SINCE SEP 1    168                248    -80      148
  SINCE JUL 1    531                674   -143      567

 COOLING
  YESTERDAY        0                  0      0        0
  MONTH TO DATE    0                  0      0        0
  SINCE SEP 1      3                  0      3        1
  SINCE JAN 1      4                  0      4        6
...........................................................


WIND (MPH)
  HIGHEST WIND SPEED    14   HIGHEST WIND DIRECTION     N (360)
  HIGHEST GUST SPEED    26   HIGHEST GUST DIRECTION    MM
  AVERAGE WIND SPEED     4.9


SKY COVER
  AVERAGE SKY COVER 0.0


WEATHER CONDITIONS
 THE FOLLOWING WEATHER WAS RECORDED YESTERDAY.
  NO SIGNIFICANT WEATHER WAS OBSERVED.


..........................................................


THE EUREKA CA CLIMATE NORMALS FOR TODAY
                         NORMAL    RECORD    YEAR
 MAXIMUM TEMPERATURE (F)   63        80      1980
 MINIMUM TEMPERATURE (F)   48        40      2002


SUNRISE AND SUNSET
OCTOBER  2 2014.......SUNRISE   714 AM PDT   SUNSET   657 PM PDT
OCTOBER  3 2014.......SUNRISE   715 AM PDT   SUNSET   655 PM PDT


-  INDICATES NEGATIVE NUMBERS.
R  INDICATES RECORD WAS SET OR TIED.
MM INDICATES DATA IS MISSING.
T  INDICATES TRACE AMOUNT.




&&

..........................................................

TOTAL SEASON     NORMAL   % OF NORMAL     LAST SEASON

     3.13          1.11        282             3.22


$$
