749
CDUS46 KEKA 121210
CLIEKA


CLIMATE REPORT
NATIONAL WEATHER SERVICE EUREKA CA
409 AM PST FRI FEB 12 2016


...................................

...THE EUREKA CA CLIMATE SUMMARY FOR FEBRUARY 11 2016...

CLIMATE NORMAL PERIOD 1981 TO 2010
CLIMATE RECORD PERIOD 1886 TO 2016


WEATHER ITEM   OBSERVED RECORD YEAR NORMAL DEPARTURE LAST
                VALUE   VALUE       VALUE  FROM      YEAR
                                           NORMAL
...........................................................
TEMPERATURE (F)
 YESTERDAY
  MAXIMUM         65     72    1934  56      9       57
  MINIMUM         49     30    1999  42      7       41
  AVERAGE         57                 49      8       49

PRECIPITATION (IN)
  YESTERDAY        0.00   1.73 1902   0.20  -0.20     0.00
  MONTH TO DATE    0.38               2.23  -1.85     4.56
  SINCE OCT 1     33.16              24.70   8.46    24.30
  SINCE JAN 1     12.44               8.73   3.71     5.92

SNOWFALL (IN)
  YESTERDAY        0.0    0.0  2002   0.0    0.0      0.0
  MONTH TO DATE    0.0                0.1   -0.1      0.0
  SINCE DEC 1      T                  0.1   -0.1      0.0
  SINCE JUL 1      T                  0.1   -0.1      0.0
  SNOW DEPTH       0

DEGREE DAYS
 HEATING
  YESTERDAY        8                 16     -8       16
  MONTH TO DATE  145                176    -31       96
  SINCE DEC 1   1077               1225   -148      891
  SINCE JUL 1   2159               2647   -488     1911

 COOLING
  YESTERDAY        0                  0      0        0
  MONTH TO DATE    0                  0      0        0
  SINCE DEC 1      0                  0      0        0
  SINCE JAN 1      0                  0      0        0
...........................................................


WIND (MPH)
  HIGHEST WIND SPEED     7   HIGHEST WIND DIRECTION     W (280)
  HIGHEST GUST SPEED    13   HIGHEST GUST DIRECTION    MM
  AVERAGE WIND SPEED     3.0


SKY COVER
  AVERAGE SKY COVER 0.8


WEATHER CONDITIONS
 THE FOLLOWING WEATHER WAS RECORDED YESTERDAY.
  FOG
  HAZE


..........................................................


THE EUREKA CA CLIMATE NORMALS FOR TODAY
                         NORMAL    RECORD    YEAR
 MAXIMUM TEMPERATURE (F)   56        72      1971
 MINIMUM TEMPERATURE (F)   42        29      2001
                                             1949


SUNRISE AND SUNSET
FEBRUARY 12 2016......SUNRISE   715 AM PST   SUNSET   547 PM PST
FEBRUARY 13 2016......SUNRISE   714 AM PST   SUNSET   549 PM PST


-  INDICATES NEGATIVE NUMBERS.
R  INDICATES RECORD WAS SET OR TIED.
MM INDICATES DATA IS MISSING.
T  INDICATES TRACE AMOUNT.




&&

..........................................................

TOTAL SEASON     NORMAL   % OF NORMAL     LAST SEASON

    33.16         24.70        134            24.30


$$
