000
CDUS41 KRLX 170847
CLIEKN


CLIMATE REPORT
NATIONAL WEATHER SERVICE CHARLESTON WV
346 AM EST WED JAN 17 2018


...................................

...THE ELKINS WV CLIMATE SUMMARY FOR JANUARY 16 2018...

CLIMATE NORMAL PERIOD 1981 TO 2010
CLIMATE RECORD PERIOD 1899 TO 2018


WEATHER ITEM   OBSERVED TIME   RECORD YEAR NORMAL DEPARTURE LAST
                VALUE   (LST)  VALUE       VALUE  FROM      YEAR
                                                  NORMAL
..................................................................
TEMPERATURE (F)
 YESTERDAY
  MAXIMUM         33    106 AM  66    1949  39     -6       58
  MINIMUM         15   1159 PM -18    1994  19     -4       36
  AVERAGE         24                        29     -5       47

PRECIPITATION (IN)
  YESTERDAY        0.14          1.51 1907   0.11   0.03     0.01
  MONTH TO DATE    1.48                      1.66  -0.18     3.63
  SINCE JAN 1      1.48                      1.66  -0.18     3.63

SNOWFALL (IN)
  YESTERDAY        4.2 R         4.2  2018   0.8    3.4      0.0
  MONTH TO DATE    9.9                      12.1   -2.2      4.7
  SINCE SEP 1     26.0                      34.5   -8.5     14.9
  SNOW DEPTH       2

DEGREE DAYS
 HEATING
  YESTERDAY       41                        36      5       18
  MONTH TO DATE  717                       576    141      486
  SINCE DEC 1   1762                      1583    179     1404
  SINCE JUL 1   2847                      2867    -20     2349

 COOLING
  YESTERDAY        0                         0      0        0
  MONTH TO DATE    0                         0      0        0
  SINCE DEC 1      0                         0      0        0
  SINCE JAN 1      0                         0      0        0
..................................................................


WIND (MPH)
  HIGHEST WIND SPEED    13   HIGHEST WIND DIRECTION    NW (300)
  HIGHEST GUST SPEED    15   HIGHEST GUST DIRECTION     S (160)
  AVERAGE WIND SPEED     4.7


SKY COVER
  POSSIBLE SUNSHINE  MM
  AVERAGE SKY COVER 1.0


WEATHER CONDITIONS
 THE FOLLOWING WEATHER WAS RECORDED YESTERDAY.
  LIGHT SNOW
  FOG


RELATIVE HUMIDITY (PERCENT)
 HIGHEST    92           200 PM
 LOWEST     61           100 AM
 AVERAGE    77

..........................................................


THE ELKINS WV CLIMATE NORMALS FOR TODAY
                         NORMAL    RECORD    YEAR
 MAXIMUM TEMPERATURE (F)   39        67      1932
 MINIMUM TEMPERATURE (F)   19       -18      2009
                                             1957


SUNRISE AND SUNSET
JANUARY 17 2018.......SUNRISE   736 AM EST   SUNSET   524 PM EST
JANUARY 18 2018.......SUNRISE   735 AM EST   SUNSET   525 PM EST


-  INDICATES NEGATIVE NUMBERS.
R  INDICATES RECORD WAS SET OR TIED.
MM INDICATES DATA IS MISSING.
T  INDICATES TRACE AMOUNT.




$$
