000
CDUS41 KRLX 250721
CLIEKN


CLIMATE REPORT
NATIONAL WEATHER SERVICE CHARLESTON WV
321 AM EDT FRI APR 25 2014


...................................

...THE ELKINS WV CLIMATE SUMMARY FOR APRIL 24 2014...

CLIMATE NORMAL PERIOD 1981 TO 2010
CLIMATE RECORD PERIOD 1899 TO 2014


WEATHER ITEM   OBSERVED TIME   RECORD YEAR NORMAL DEPARTURE LAST
                VALUE   (LST)  VALUE       VALUE  FROM      YEAR
                                                  NORMAL
..................................................................
TEMPERATURE (F)
 YESTERDAY
  MAXIMUM         65    550 PM  90    1925  66     -1       78
  MINIMUM         26    447 AM  18    1986  39    -13       39
  AVERAGE         46                        52     -6       59

PRECIPITATION (IN)
  YESTERDAY        0.00          0.90 1983   0.13  -0.13     0.21
  MONTH TO DATE    0.72                      3.02  -2.30     2.51
  SINCE JAN 1     10.17                     13.31  -3.14    12.36

SNOWFALL (IN)
  YESTERDAY        0.0
  MONTH TO DATE    0.2
  SINCE SEP 1     92.3
  SNOW DEPTH       0

DEGREE DAYS
 HEATING
  YESTERDAY       19                        13      6        6
  MONTH TO DATE  328                       391    -63      315
  SINCE MAR 1   1225                      1171     54     1242
  SINCE JUL 1   5748                      5492    256     5489

 COOLING
  YESTERDAY        0                         0      0        0
  MONTH TO DATE    2                         0      2        3
  SINCE MAR 1      2                         0      2        3
  SINCE JAN 1      2                         0      2        3
..................................................................


WIND (MPH)
  HIGHEST WIND SPEED     9   HIGHEST WIND DIRECTION     N (10)
  HIGHEST GUST SPEED    12   HIGHEST GUST DIRECTION    NW (330)
  AVERAGE WIND SPEED     1.7


SKY COVER
  POSSIBLE SUNSHINE  MM
  AVERAGE SKY COVER 0.2


WEATHER CONDITIONS
 THE FOLLOWING WEATHER WAS RECORDED YESTERDAY.
  HAZE


RELATIVE HUMIDITY (PERCENT)
 HIGHEST    92           400 AM
 LOWEST     13           400 PM
 AVERAGE    53

..........................................................


THE ELKINS WV CLIMATE NORMALS FOR TODAY
                         NORMAL    RECORD    YEAR
 MAXIMUM TEMPERATURE (F)   66        88      1925
                                             1915
 MINIMUM TEMPERATURE (F)   39        22      1927


SUNRISE AND SUNSET
APRIL 25 2014.........SUNRISE   629 AM EDT   SUNSET   806 PM EDT
APRIL 26 2014.........SUNRISE   628 AM EDT   SUNSET   807 PM EDT


-  INDICATES NEGATIVE NUMBERS.
R  INDICATES RECORD WAS SET OR TIED.
MM INDICATES DATA IS MISSING.
T  INDICATES TRACE AMOUNT.




$$
