000
CDUS41 KRLX 062217
CLIEKN


CLIMATE REPORT
NATIONAL WEATHER SERVICE CHARLESTON WV
517 PM EST SAT FEB 6 2016


...................................

...THE ELKINS WV CLIMATE SUMMARY FOR FEBRUARY 6 2016...
VALID TODAY AS OF 0500 PM LOCAL TIME.

CLIMATE NORMAL PERIOD 1981 TO 2010
CLIMATE RECORD PERIOD 1899 TO 2016


WEATHER ITEM   OBSERVED TIME   RECORD YEAR NORMAL DEPARTURE LAST
                VALUE   (LST)  VALUE       VALUE  FROM      YEAR
                                                  NORMAL
..................................................................
TEMPERATURE (F)
 TODAY
  MAXIMUM         44    321 PM  66    2008  41      3       31
                                      1938
  MINIMUM         17    714 AM -16    2007  20     -3       -1
                                      1979
  AVERAGE         31                        31      0       15

PRECIPITATION (IN)
  TODAY            0.00          1.44 2004   0.11  -0.11     0.00
  MONTH TO DATE    0.42                      0.64  -0.22     0.83
  SINCE DEC 1      7.49                      7.13   0.36     7.46
  SINCE JAN 1      2.79                      3.87  -1.08     3.85

DEGREE DAYS
 HEATING
  TODAY           34                        34      0       50
  MONTH TO DATE  150                       209    -59      236
  SINCE DEC 1   1977                      2326   -349     2261
  SINCE JUL 1   2980                      3610   -630     3617

 COOLING
  TODAY            0                         0      0        0
  MONTH TO DATE    0                         0      0        0
  SINCE DEC 1      0                         0      0        0
  SINCE JAN 1      0                         0      0        0
..................................................................


WIND (MPH)
  HIGHEST WIND SPEED    16   HIGHEST WIND DIRECTION     W (260)
  HIGHEST GUST SPEED    22   HIGHEST GUST DIRECTION     W (250)
  AVERAGE WIND SPEED     3.1


SKY COVER
  POSSIBLE SUNSHINE  MM
  AVERAGE SKY COVER 0.0


WEATHER CONDITIONS
 THE FOLLOWING WEATHER WAS RECORDED TODAY.
  NO SIGNIFICANT WEATHER WAS OBSERVED.


RELATIVE HUMIDITY (PERCENT)
 HIGHEST    84           100 AM
 LOWEST     29           200 PM
 AVERAGE    57

..........................................................


THE ELKINS WV CLIMATE NORMALS FOR TOMORROW
                         NORMAL    RECORD    YEAR
 MAXIMUM TEMPERATURE (F)   41        67      2005
 MINIMUM TEMPERATURE (F)   21       -14      1907


SUNRISE AND SUNSET
FEBRUARY  6 2016......SUNRISE   721 AM EST   SUNSET   546 PM EST
FEBRUARY  7 2016......SUNRISE   720 AM EST   SUNSET   547 PM EST


-  INDICATES NEGATIVE NUMBERS.
R  INDICATES RECORD WAS SET OR TIED.
MM INDICATES DATA IS MISSING.
T  INDICATES TRACE AMOUNT.




$$
