000
CDUS41 KRLX 230817
CLIEKN


CLIMATE REPORT
NATIONAL WEATHER SERVICE CHARLESTON WV
316 AM EST THU FEB 23 2017


...................................

...THE ELKINS WV CLIMATE SUMMARY FOR FEBRUARY 22 2017...

CLIMATE NORMAL PERIOD 1981 TO 2010
CLIMATE RECORD PERIOD 1899 TO 2017


WEATHER ITEM   OBSERVED TIME   RECORD YEAR NORMAL DEPARTURE LAST
                VALUE   (LST)  VALUE       VALUE  FROM      YEAR
                                                  NORMAL
..................................................................
TEMPERATURE (F)
 YESTERDAY
  MAXIMUM         64    208 PM  70    1930  45     19       55
                                      1922
  MINIMUM         48    754 AM  -8    1963  23     25       32
  AVERAGE         56                        34     22       44

PRECIPITATION (IN)
  YESTERDAY        T             1.78 1944   0.11  -0.11     0.00
  MONTH TO DATE    1.52                      2.40  -0.88     2.15
  SINCE JAN 1      6.61                      5.63   0.98     4.52

SNOWFALL (IN)
  YESTERDAY        0.0
  MONTH TO DATE    9.9
  SINCE SEP 1     30.4
  SNOW DEPTH       0

DEGREE DAYS
 HEATING
  YESTERDAY        9                        31    -22       21
  MONTH TO DATE  562                       736   -174      729
  SINCE DEC 1   2342                      2853   -511     2556
  SINCE JUL 1   3287                      4137   -850     3559

 COOLING
  YESTERDAY        0                         0      0        0
  MONTH TO DATE    0                         0      0        0
  SINCE DEC 1      0                         0      0        0
  SINCE JAN 1      0                         0      0        0
..................................................................


WIND (MPH)
  HIGHEST WIND SPEED    10   HIGHEST WIND DIRECTION    SW (240)
  HIGHEST GUST SPEED    14   HIGHEST GUST DIRECTION    SW (240)
  AVERAGE WIND SPEED     2.3


SKY COVER
  POSSIBLE SUNSHINE  MM
  AVERAGE SKY COVER 0.7


WEATHER CONDITIONS
 THE FOLLOWING WEATHER WAS RECORDED YESTERDAY.
  LIGHT RAIN
  FOG


RELATIVE HUMIDITY (PERCENT)
 HIGHEST    93           600 PM
 LOWEST     50          1200 AM
 AVERAGE    72

..........................................................


THE ELKINS WV CLIMATE NORMALS FOR TODAY
                         NORMAL    RECORD    YEAR
 MAXIMUM TEMPERATURE (F)   45        73      1922
 MINIMUM TEMPERATURE (F)   23       -14      1978


SUNRISE AND SUNSET
FEBRUARY 23 2017......SUNRISE   700 AM EST   SUNSET   606 PM EST
FEBRUARY 24 2017......SUNRISE   658 AM EST   SUNSET   607 PM EST


-  INDICATES NEGATIVE NUMBERS.
R  INDICATES RECORD WAS SET OR TIED.
MM INDICATES DATA IS MISSING.
T  INDICATES TRACE AMOUNT.




$$
