000
CDUS41 KRLX 272135
CLIEKN


CLIMATE REPORT
NATIONAL WEATHER SERVICE CHARLESTON WV
535 PM EDT MON MAR 27 2017


...................................

...THE ELKINS WV CLIMATE SUMMARY FOR MARCH 27 2017...
VALID TODAY AS OF 0500 PM LOCAL TIME.

CLIMATE NORMAL PERIOD 1981 TO 2010
CLIMATE RECORD PERIOD 1899 TO 2017


WEATHER ITEM   OBSERVED TIME   RECORD YEAR NORMAL DEPARTURE LAST
                VALUE   (LST)  VALUE       VALUE  FROM      YEAR
                                                  NORMAL
..................................................................
TEMPERATURE (F)
 TODAY
  MAXIMUM         71    335 PM  84    1921  56     15       74
  MINIMUM         54    701 AM  11    2001  31     23       35
  AVERAGE         63                        44     19       55

PRECIPITATION (IN)
  TODAY            0.42          1.29 1932   0.14   0.28     0.00
  MONTH TO DATE    3.24                      3.43  -0.19     2.03
  SINCE MAR 1      3.24                      3.43  -0.19     2.03
  SINCE JAN 1     10.49                      9.76   0.73     7.41

DEGREE DAYS
 HEATING
  TODAY            2                        22    -20       10
  MONTH TO DATE  672                       698    -26      501
  SINCE MAR 1    672                       698    -26      501
  SINCE JUL 1   4075                      5019   -944     4243

 COOLING
  TODAY            0                         0      0        0
  MONTH TO DATE    0                         0      0        0
  SINCE MAR 1      0                         0      0        0
  SINCE JAN 1      0                         0      0        0
..................................................................


WIND (MPH)
  HIGHEST WIND SPEED    16   HIGHEST WIND DIRECTION    SW (240)
  HIGHEST GUST SPEED    24   HIGHEST GUST DIRECTION    SW (220)
  AVERAGE WIND SPEED     8.5


SKY COVER
  POSSIBLE SUNSHINE  MM
  AVERAGE SKY COVER 0.8


WEATHER CONDITIONS
 THE FOLLOWING WEATHER WAS RECORDED TODAY.
  HEAVY RAIN
  RAIN
  LIGHT RAIN
  FOG


RELATIVE HUMIDITY (PERCENT)
 HIGHEST    89           700 AM
 LOWEST     44           300 PM
 AVERAGE    67

..........................................................


THE ELKINS WV CLIMATE NORMALS FOR TOMORROW
                         NORMAL    RECORD    YEAR
 MAXIMUM TEMPERATURE (F)   56        81      1989
                                             1945
                                             1910
 MINIMUM TEMPERATURE (F)   32         4      1982


SUNRISE AND SUNSET
MARCH 27 2017.........SUNRISE   711 AM EDT   SUNSET   738 PM EDT
MARCH 28 2017.........SUNRISE   710 AM EDT   SUNSET   739 PM EDT


-  INDICATES NEGATIVE NUMBERS.
R  INDICATES RECORD WAS SET OR TIED.
MM INDICATES DATA IS MISSING.
T  INDICATES TRACE AMOUNT.




$$
