000
CDUS41 KRLX 200817
CLIEKN


CLIMATE REPORT
NATIONAL WEATHER SERVICE CHARLESTON WV
317 AM EST MON NOV 20 2017


...................................

...THE ELKINS WV CLIMATE SUMMARY FOR NOVEMBER 19 2017...

CLIMATE NORMAL PERIOD 1981 TO 2010
CLIMATE RECORD PERIOD 1899 TO 2017


WEATHER ITEM   OBSERVED TIME   RECORD YEAR NORMAL DEPARTURE LAST
                VALUE   (LST)  VALUE       VALUE  FROM      YEAR
                                                  NORMAL
..................................................................
TEMPERATURE (F)
 YESTERDAY
  MAXIMUM         56   1251 AM  76    1985  52      4       55
  MINIMUM         32   1159 PM  12    2014  30      2       29
  AVERAGE         44                        41      3       42

PRECIPITATION (IN)
  YESTERDAY        0.20          1.75 2003   0.11   0.09     0.08
  MONTH TO DATE    2.57                      2.10   0.47     1.05
  SINCE JAN 1     43.58                     41.39   2.19    38.85

SNOWFALL (IN)
  YESTERDAY        T             2.6  1969   0.1   -0.1      1.3
                                      2006
  MONTH TO DATE    T                         2.2   -2.2      1.3
  SINCE SEP 1      T                         2.6   -2.6      1.3
  SNOW DEPTH       0

DEGREE DAYS
 HEATING
  YESTERDAY       21                        24     -3       23
  MONTH TO DATE  380                       405    -25      348
  SINCE SEP 1    783                       966   -183      651
  SINCE JUL 1    805                       996   -191      651

 COOLING
  YESTERDAY        0                         0      0        0
  MONTH TO DATE    0                         0      0        0
  SINCE SEP 1     82                        49     33      120
  SINCE JAN 1    544                       475     69      809
..................................................................


WIND (MPH)
  HIGHEST WIND SPEED    35   HIGHEST WIND DIRECTION     W (280)
  HIGHEST GUST SPEED    57   HIGHEST GUST DIRECTION     W (250)
  AVERAGE WIND SPEED    13.1


SKY COVER
  POSSIBLE SUNSHINE  MM
  AVERAGE SKY COVER 1.0


WEATHER CONDITIONS
 THE FOLLOWING WEATHER WAS RECORDED YESTERDAY.
  LIGHT RAIN
  HEAVY SNOW
  SNOW
  LIGHT SNOW
  FOG
  FOG W/VISIBILITY <= 1/4 MILE


RELATIVE HUMIDITY (PERCENT)
 HIGHEST    82           400 AM
 LOWEST     63          1100 PM
 AVERAGE    73

..........................................................


THE ELKINS WV CLIMATE NORMALS FOR TODAY
                         NORMAL    RECORD    YEAR
 MAXIMUM TEMPERATURE (F)   51        76      1991
                                             1906
 MINIMUM TEMPERATURE (F)   30         7      1951


SUNRISE AND SUNSET
NOVEMBER 20 2017......SUNRISE   708 AM EST   SUNSET   502 PM EST
NOVEMBER 21 2017......SUNRISE   709 AM EST   SUNSET   502 PM EST


-  INDICATES NEGATIVE NUMBERS.
R  INDICATES RECORD WAS SET OR TIED.
MM INDICATES DATA IS MISSING.
T  INDICATES TRACE AMOUNT.




$$
