000
CDUS45 KLKN 260026
CLIEKO


CLIMATE REPORT
NATIONAL WEATHER SERVICE ELKO NV
525 PM PDT SUN JUN 25 2017


...................................

...THE ELKO AIRPORT NV CLIMATE SUMMARY FOR JUNE 25 2017...
VALID TODAY AS OF 0500 PM LOCAL TIME.

CLIMATE NORMAL PERIOD 1981 TO 2010
CLIMATE RECORD PERIOD 1888 TO 2017


WEATHER ITEM   OBSERVED TIME   RECORD YEAR NORMAL DEPARTURE LAST
                VALUE   (LST)  VALUE       VALUE  FROM      YEAR
                                                  NORMAL
..................................................................
TEMPERATURE (F)
 TODAY
  MAXIMUM         96    314 PM 102    1981  84     12       83
  MINIMUM         47    409 AM  27    1950  47      0       45
  AVERAGE         72                        65      7       64

PRECIPITATION (IN)
  TODAY            0.00          0.40 1913   0.02  -0.02     0.00
  MONTH TO DATE    0.61                      0.59   0.02     0.82
  SINCE OCT 1     13.46                      8.54   4.92    12.13
  SINCE JAN 1      7.83                      5.48   2.35     7.59

SNOWFALL (IN)
  TODAY            0.0           0.0  1888   0.0    0.0      0.0
  MONTH TO DATE    T                         0.0    0.0       T
  SINCE JUN 1      T                         0.0    0.0       T
  SINCE JUL 1     53.3                      41.3   12.0     63.8
  SNOW DEPTH       0

DEGREE DAYS
 HEATING
  TODAY            0                         2     -2        1
  MONTH TO DATE   62                       122    -60       30
  SINCE JUN 1     62                       122    -60       30
  SINCE JUL 1   6296                      7057   -761     6518

 COOLING
  TODAY            7                         3      4        0
  MONTH TO DATE   92                        33     59       76
  SINCE JUN 1     92                        33     59       76
  SINCE JAN 1     96                        37     59       76
..................................................................


WIND (MPH)
  HIGHEST WIND SPEED    10   HIGHEST WIND DIRECTION    SW (220)
  HIGHEST GUST SPEED    14   HIGHEST GUST DIRECTION     N (350)



WEATHER CONDITIONS
 THE FOLLOWING WEATHER WAS RECORDED TODAY.
  NO SIGNIFICANT WEATHER WAS OBSERVED.


RELATIVE HUMIDITY (PERCENT)
 HIGHEST    68           200 AM
 LOWEST      6           200 PM
 AVERAGE    37

..........................................................


THE ELKO AIRPORT NV CLIMATE NORMALS FOR TOMORROW
                         NORMAL    RECORD    YEAR
 MAXIMUM TEMPERATURE (F)   85       102      1981
                                             1926
 MINIMUM TEMPERATURE (F)   47        30      1901


SUNRISE AND SUNSET
JUNE 25 2017..........SUNRISE   513 AM PDT   SUNSET   819 PM PDT
JUNE 26 2017..........SUNRISE   513 AM PDT   SUNSET   819 PM PDT


-  INDICATES NEGATIVE NUMBERS.
R  INDICATES RECORD WAS SET OR TIED.
MM INDICATES DATA IS MISSING.
T  INDICATES TRACE AMOUNT.




$$
