000
CDUS45 KLKN 270927
CLIEKO


CLIMATE REPORT
NATIONAL WEATHER SERVICE ELKO NV
227 AM PDT WED MAY 27 2015


...................................

...THE ELKO AIRPORT NV CLIMATE SUMMARY FOR MAY 26 2015...

CLIMATE NORMAL PERIOD 1981 TO 2010
CLIMATE RECORD PERIOD 1888 TO 2015


WEATHER ITEM   OBSERVED TIME   RECORD YEAR NORMAL DEPARTURE LAST
                VALUE   (LST)  VALUE       VALUE  FROM      YEAR
                                                  NORMAL
..................................................................
TEMPERATURE (F)
 YESTERDAY
  MAXIMUM         72    406 PM  94    1919  72      0       86
  MINIMUM         45   1215 AM  20    1895  40      5       42
  AVERAGE         59                        56      3       64

PRECIPITATION (IN)
  YESTERDAY        T             0.75 1941   0.03  -0.03     0.00
  MONTH TO DATE    3.32                      0.81   2.51     1.08
  SINCE OCT 1      6.94                      7.80  -0.86     7.32
  SINCE JAN 1      4.70                      4.74  -0.04     5.71

SNOWFALL (IN)
  YESTERDAY        0.0           0.2  1998   0.0    0.0      0.0
  MONTH TO DATE    2.0                       0.5    1.5      0.3
  SINCE MAR 1      4.9                       8.8   -3.9      8.2
  SINCE JUL 1     14.3                      41.3  -27.0     20.5
  SNOW DEPTH       0

DEGREE DAYS
 HEATING
  YESTERDAY        6                         9     -3        1
  MONTH TO DATE  297                       322    -25      286
  SINCE MAR 1   1505                      1725   -220     1630
  SINCE JUL 1   5513                      6893  -1380     6361

 COOLING
  YESTERDAY        0                         0      0        0
  MONTH TO DATE    0                         0      0        0
  SINCE MAR 1      0                         0      0        0
  SINCE JAN 1      0                         0      0        0
..................................................................


WIND (MPH)
  HIGHEST WIND SPEED    23   HIGHEST WIND DIRECTION     N (340)
  HIGHEST GUST SPEED    26   HIGHEST GUST DIRECTION    NW (330)
  AVERAGE WIND SPEED     6.3



WEATHER CONDITIONS
 THE FOLLOWING WEATHER WAS RECORDED YESTERDAY.
  THUNDERSTORM
  RAIN
  LIGHT RAIN


RELATIVE HUMIDITY (PERCENT)
 HIGHEST    86          1200 AM
 LOWEST     29           300 PM
 AVERAGE    58

..........................................................


THE ELKO AIRPORT NV CLIMATE NORMALS FOR TODAY
                         NORMAL    RECORD    YEAR
 MAXIMUM TEMPERATURE (F)   73        90      1986
                                             1919
 MINIMUM TEMPERATURE (F)   40        22      1911


SUNRISE AND SUNSET
MAY 27 2015...........SUNRISE   517 AM PDT   SUNSET   804 PM PDT
MAY 28 2015...........SUNRISE   516 AM PDT   SUNSET   805 PM PDT


-  INDICATES NEGATIVE NUMBERS.
R  INDICATES RECORD WAS SET OR TIED.
MM INDICATES DATA IS MISSING.
T  INDICATES TRACE AMOUNT.




$$
