000
CDUS45 KLKN 030933
CLIEKO


CLIMATE REPORT
NATIONAL WEATHER SERVICE ELKO NV
233 AM PDT TUE MAY 3 2016


...................................

...THE ELKO AIRPORT NV CLIMATE SUMMARY FOR MAY 2 2016...

CLIMATE NORMAL PERIOD 1981 TO 2010
CLIMATE RECORD PERIOD 1888 TO 2016


WEATHER ITEM   OBSERVED TIME   RECORD YEAR NORMAL DEPARTURE LAST
                VALUE   (LST)  VALUE       VALUE  FROM      YEAR
                                                  NORMAL
..................................................................
TEMPERATURE (F)
 YESTERDAY
  MAXIMUM         67    348 PM  89    1947  65      2       81
  MINIMUM         34    459 AM   8    1913  34      0       43
  AVERAGE         51                        50      1       62

PRECIPITATION (IN)
  YESTERDAY        0.00          1.05 1904   0.04  -0.04     0.00
  MONTH TO DATE    0.00                      0.07  -0.07     0.00
  SINCE OCT 1      9.82                      7.06   2.76     3.62
  SINCE JAN 1      5.28                      4.00   1.28     1.38

SNOWFALL (IN)
  YESTERDAY        0.0           0.7  1964   0.1   -0.1      0.0
  MONTH TO DATE    0.0                       0.1   -0.1      0.0
  SINCE MAR 1      7.5                       8.4   -0.9      2.9
  SINCE JUL 1     63.8                      40.9   22.9     12.3
  SNOW DEPTH       0

DEGREE DAYS
 HEATING
  YESTERDAY       14                        16     -2        3
  MONTH TO DATE   28                        32     -4       10
  SINCE MAR 1   1174                      1435   -261     1218
  SINCE JUL 1   6199                      6603   -404     5226

 COOLING
  YESTERDAY        0                         0      0        0
  MONTH TO DATE    0                         0      0        0
  SINCE MAR 1      0                         0      0        0
  SINCE JAN 1      0                         0      0        0
..................................................................


WIND (MPH)
  HIGHEST WIND SPEED     9   HIGHEST WIND DIRECTION     W (250)
  HIGHEST GUST SPEED    14   HIGHEST GUST DIRECTION    SW (220)
  AVERAGE WIND SPEED     2.7



WEATHER CONDITIONS
 THE FOLLOWING WEATHER WAS RECORDED YESTERDAY.
  NO SIGNIFICANT WEATHER WAS OBSERVED.


RELATIVE HUMIDITY (PERCENT)
 HIGHEST    82           400 AM
 LOWEST     28           500 PM
 AVERAGE    55

..........................................................


THE ELKO AIRPORT NV CLIMATE NORMALS FOR TODAY
                         NORMAL    RECORD    YEAR
 MAXIMUM TEMPERATURE (F)   65        87      1947
 MINIMUM TEMPERATURE (F)   35        11      1964


SUNRISE AND SUNSET
MAY  3 2016...........SUNRISE   538 AM PDT   SUNSET   742 PM PDT
MAY  4 2016...........SUNRISE   537 AM PDT   SUNSET   743 PM PDT


-  INDICATES NEGATIVE NUMBERS.
R  INDICATES RECORD WAS SET OR TIED.
MM INDICATES DATA IS MISSING.
T  INDICATES TRACE AMOUNT.




$$
