151
CDUS45 KLKN 210959
CLIEKO


CLIMATE REPORT
NATIONAL WEATHER SERVICE ELKO NV
158 AM PST TUE FEB 21 2017


...................................

...THE ELKO AIRPORT NV CLIMATE SUMMARY FOR FEBRUARY 20 2017...

CLIMATE NORMAL PERIOD 1981 TO 2010
CLIMATE RECORD PERIOD 1888 TO 2017


WEATHER ITEM   OBSERVED TIME   RECORD YEAR NORMAL DEPARTURE LAST
                VALUE   (LST)  VALUE       VALUE  FROM      YEAR
                                                  NORMAL
..................................................................
TEMPERATURE (F)
 YESTERDAY
  MAXIMUM         48    116 PM  67    1977  43      5       48
  MINIMUM         37    242 AM -16    1932  20     17       28
  AVERAGE         43                        32     11       38

PRECIPITATION (IN)
  YESTERDAY        0.28          0.75 1900   0.04   0.24     0.00
  MONTH TO DATE    1.37                      0.59   0.78     0.31
  SINCE OCT 1      9.48                      4.77   4.71     6.82
  SINCE JAN 1      3.85                      1.71   2.14     2.28

SNOWFALL (IN)
  YESTERDAY        0.0           7.5  1900   0.2   -0.2      0.0
  MONTH TO DATE    T                         4.9   -4.9      3.3
  SINCE DEC 1     42.8                      25.3   17.5     44.1
  SINCE JUL 1     48.3                      31.0   17.3     56.3
  SNOW DEPTH       0

DEGREE DAYS
 HEATING
  YESTERDAY       22                        34    -12       27
  MONTH TO DATE  517                       728   -211      784
  SINCE DEC 1   3111                      3175    -64     3322
  SINCE JUL 1   4456                      4913   -457     4803

 COOLING
  YESTERDAY        0                         0      0        0
  MONTH TO DATE    0                         0      0        0
  SINCE DEC 1      0                         0      0        0
  SINCE JAN 1      0                         0      0        0
..................................................................


WIND (MPH)
  HIGHEST WIND SPEED    26   HIGHEST WIND DIRECTION     S (170)
  HIGHEST GUST SPEED    37   HIGHEST GUST DIRECTION     S (170)
  AVERAGE WIND SPEED     9.3



WEATHER CONDITIONS
 THE FOLLOWING WEATHER WAS RECORDED YESTERDAY.
  RAIN
  LIGHT RAIN
  FOG


RELATIVE HUMIDITY (PERCENT)
 HIGHEST    92           600 PM
 LOWEST     60          1000 AM
 AVERAGE    76

..........................................................


THE ELKO AIRPORT NV CLIMATE NORMALS FOR TODAY
                         NORMAL    RECORD    YEAR
 MAXIMUM TEMPERATURE (F)   44        64      1995
                                             1896
 MINIMUM TEMPERATURE (F)   20       -10      1932


SUNRISE AND SUNSET
FEBRUARY 21 2017......SUNRISE   628 AM PST   SUNSET   525 PM PST
FEBRUARY 22 2017......SUNRISE   627 AM PST   SUNSET   527 PM PST


-  INDICATES NEGATIVE NUMBERS.
R  INDICATES RECORD WAS SET OR TIED.
MM INDICATES DATA IS MISSING.
T  INDICATES TRACE AMOUNT.




$$
