000
CDUS45 KLKN 050934
CLIEKO


CLIMATE REPORT
NATIONAL WEATHER SERVICE ELKO NV
233 AM PDT SUN JUL 5 2015


...................................

...THE ELKO AIRPORT NV CLIMATE SUMMARY FOR JULY 4 2015...

CLIMATE NORMAL PERIOD 1981 TO 2010
CLIMATE RECORD PERIOD 1888 TO 2015


WEATHER ITEM   OBSERVED TIME   RECORD YEAR NORMAL DEPARTURE LAST
                VALUE   (LST)  VALUE       VALUE  FROM      YEAR
                                                  NORMAL
..................................................................
TEMPERATURE (F)
 YESTERDAY
  MAXIMUM         97   1240 PM 107    1981  88      9       98
  MINIMUM         57    238 AM  30    1901  49      8       50
  AVERAGE         77                        68      9       74

PRECIPITATION (IN)
  YESTERDAY        0.01          0.40 1904   0.01   0.00     0.00
  MONTH TO DATE    0.04                      0.04   0.00     0.00
  SINCE OCT 1      7.62                      8.64  -1.02     7.46
  SINCE JAN 1      5.38                      5.58  -0.20     5.85

SNOWFALL (IN)
  YESTERDAY        0.0           0.0  1888   0.0    0.0      0.0
  MONTH TO DATE    0.0                       0.0    0.0      0.0
  SINCE JUN 1      0.0                       0.0    0.0      0.0
  SINCE JUL 1      0.0                       0.0    0.0      0.0
  SNOW DEPTH       0

DEGREE DAYS
 HEATING
  YESTERDAY        0                         1     -1        0
  MONTH TO DATE    0                         4     -4        0
  SINCE JUN 1     24                       135   -111       92
  SINCE JUL 1      0                         4     -4        0

 COOLING
  YESTERDAY       12                         4      8        9
  MONTH TO DATE   56                        16     40       40
  SINCE JUN 1    234                        63    171       69
  SINCE JAN 1    241                        67    174       72
..................................................................


WIND (MPH)
  HIGHEST WIND SPEED    31   HIGHEST WIND DIRECTION    SW (210)
  HIGHEST GUST SPEED    42   HIGHEST GUST DIRECTION     S (200)
  AVERAGE WIND SPEED     8.3



WEATHER CONDITIONS
 THE FOLLOWING WEATHER WAS RECORDED YESTERDAY.
  THUNDERSTORM


RELATIVE HUMIDITY (PERCENT)
 HIGHEST    78           200 AM
 LOWEST     17           100 PM
 AVERAGE    48

..........................................................


THE ELKO AIRPORT NV CLIMATE NORMALS FOR TODAY
                         NORMAL    RECORD    YEAR
 MAXIMUM TEMPERATURE (F)   88       102      1985
                                             1913
 MINIMUM TEMPERATURE (F)   49        32      1986


SUNRISE AND SUNSET
JULY  5 2015..........SUNRISE   517 AM PDT   SUNSET   818 PM PDT
JULY  6 2015..........SUNRISE   518 AM PDT   SUNSET   817 PM PDT


-  INDICATES NEGATIVE NUMBERS.
R  INDICATES RECORD WAS SET OR TIED.
MM INDICATES DATA IS MISSING.
T  INDICATES TRACE AMOUNT.




$$
