000
CDUS45 KLKN 200931
CLIEKO


CLIMATE REPORT
NATIONAL WEATHER SERVICE ELKO NV
229 AM PDT MON OCT 20 2014


...................................

...THE ELKO AIRPORT NV CLIMATE SUMMARY FOR OCTOBER 19 2014...

CLIMATE NORMAL PERIOD 1981 TO 2010
CLIMATE RECORD PERIOD 1888 TO 2014


WEATHER ITEM   OBSERVED TIME   RECORD YEAR NORMAL DEPARTURE LAST
                VALUE   (LST)  VALUE       VALUE  FROM      YEAR
                                                  NORMAL
..................................................................
TEMPERATURE (F)
 YESTERDAY
  MAXIMUM         77    225 PM  82    1921  63     14       67
  MINIMUM         34    603 AM   8    1995  28      6       21
                                      1916
  AVERAGE         56                        45     11       44

PRECIPITATION (IN)
  YESTERDAY        0.00          0.80 1936   0.02  -0.02     0.00
  MONTH TO DATE    0.00                      0.41  -0.41     0.10
  SINCE OCT 1      0.00                      0.41  -0.41     0.10
  SINCE JAN 1      8.05                      7.26   0.79     4.95

SNOWFALL (IN)
  YESTERDAY        0.0           1.6  1949   0.0    0.0      0.0
  MONTH TO DATE    0.0                       0.2   -0.2       T
  SINCE SEP 1      0.0                       0.3   -0.3       T
  SINCE JUL 1      0.0                       0.3   -0.3       T
  SNOW DEPTH       0

DEGREE DAYS
 HEATING
  YESTERDAY        9                        20    -11       21
  MONTH TO DATE  215                       307    -92      365
  SINCE SEP 1    306                       514   -208      538
  SINCE JUL 1    326                       565   -239      538

 COOLING
  YESTERDAY        0                         0      0        0
  MONTH TO DATE    0                         0      0        0
  SINCE SEP 1     45                        21     24       66
  SINCE JAN 1    549                       383    166      776
..................................................................


WIND (MPH)
  HIGHEST WIND SPEED    16   HIGHEST WIND DIRECTION    SW (210)
  HIGHEST GUST SPEED    23   HIGHEST GUST DIRECTION     W (250)
  AVERAGE WIND SPEED     4.6



WEATHER CONDITIONS
 THE FOLLOWING WEATHER WAS RECORDED YESTERDAY.
  NO SIGNIFICANT WEATHER WAS OBSERVED.


RELATIVE HUMIDITY (PERCENT)
 HIGHEST    56           500 AM
 LOWEST     18           300 PM
 AVERAGE    37

..........................................................


THE ELKO AIRPORT NV CLIMATE NORMALS FOR TODAY
                         NORMAL    RECORD    YEAR
 MAXIMUM TEMPERATURE (F)   63        82      1921
 MINIMUM TEMPERATURE (F)   27         8      1996
                                             1898


SUNRISE AND SUNSET
OCTOBER 20 2014.......SUNRISE   700 AM PDT   SUNSET   555 PM PDT
OCTOBER 21 2014.......SUNRISE   701 AM PDT   SUNSET   554 PM PDT


-  INDICATES NEGATIVE NUMBERS.
R  INDICATES RECORD WAS SET OR TIED.
MM INDICATES DATA IS MISSING.
T  INDICATES TRACE AMOUNT.




$$
