000
CDUS45 KLKN 020955
CLIEKO


CLIMATE REPORT
NATIONAL WEATHER SERVICE ELKO NV
153 AM PST MON MAR 2 2015


...................................

...THE ELKO AIRPORT NV CLIMATE SUMMARY FOR MARCH 1 2015...

CLIMATE NORMAL PERIOD 1981 TO 2010
CLIMATE RECORD PERIOD 1888 TO 2015


WEATHER ITEM   OBSERVED TIME   RECORD YEAR NORMAL DEPARTURE LAST
                VALUE   (LST)  VALUE       VALUE  FROM      YEAR
                                                  NORMAL
..................................................................
TEMPERATURE (F)
 YESTERDAY
  MAXIMUM         46    151 PM  72    1905  47     -1       46
  MINIMUM         25   1144 PM -10    1890  23      2       33
  AVERAGE         36                        35      1       40

PRECIPITATION (IN)
  YESTERDAY        0.00          1.05 1916   0.03  -0.03     0.27
  MONTH TO DATE    0.00                      0.03  -0.03     0.27
  SINCE OCT 1      2.73                      5.05  -2.32     4.22
  SINCE JAN 1      0.49                      1.99  -1.50     2.61

SNOWFALL (IN)
  YESTERDAY        0.0           4.2  1964   0.2   -0.2      1.0
  MONTH TO DATE    0.0                       0.2   -0.2      1.0
  SINCE MAR 1      0.0                       0.2   -0.2      1.0
  SINCE JUL 1      9.4                      32.7  -23.3     13.3
  SNOW DEPTH       T

DEGREE DAYS
 HEATING
  YESTERDAY       29                        30     -1       25
  MONTH TO DATE   29                        30     -1       25
  SINCE MAR 1     29                        30     -1       25
  SINCE JUL 1   4037                      5198  -1161     4756

 COOLING
  YESTERDAY        0                         0      0        0
  MONTH TO DATE    0                         0      0        0
  SINCE MAR 1      0                         0      0        0
  SINCE JAN 1      0                         0      0        0
..................................................................


WIND (MPH)
  HIGHEST WIND SPEED    17   HIGHEST WIND DIRECTION    NE (40)
  HIGHEST GUST SPEED    21   HIGHEST GUST DIRECTION    NE (40)
  AVERAGE WIND SPEED     6.4



WEATHER CONDITIONS
 THE FOLLOWING WEATHER WAS RECORDED YESTERDAY.
  NO SIGNIFICANT WEATHER WAS OBSERVED.


RELATIVE HUMIDITY (PERCENT)
 HIGHEST    75           400 AM
 LOWEST     37           100 PM
 AVERAGE    56

..........................................................


THE ELKO AIRPORT NV CLIMATE NORMALS FOR TODAY
                         NORMAL    RECORD    YEAR
 MAXIMUM TEMPERATURE (F)   47        70      1905
 MINIMUM TEMPERATURE (F)   23       -15      1890


SUNRISE AND SUNSET
MARCH  2 2015.........SUNRISE   616 AM PST   SUNSET   535 PM PST
MARCH  3 2015.........SUNRISE   614 AM PST   SUNSET   536 PM PST


-  INDICATES NEGATIVE NUMBERS.
R  INDICATES RECORD WAS SET OR TIED.
MM INDICATES DATA IS MISSING.
T  INDICATES TRACE AMOUNT.




$$
