000
CDUS45 KLKN 240041
CLIEKO


CLIMATE REPORT
NATIONAL WEATHER SERVICE ELKO NV
439 PM PST TUE JAN 23 2018


...................................

...THE ELKO AIRPORT NV CLIMATE SUMMARY FOR JANUARY 23 2018...
VALID TODAY AS OF 0400 PM LOCAL TIME.

CLIMATE NORMAL PERIOD 1981 TO 2010
CLIMATE RECORD PERIOD 1888 TO 2018


WEATHER ITEM   OBSERVED TIME   RECORD YEAR NORMAL DEPARTURE LAST
                VALUE   (LST)  VALUE       VALUE  FROM      YEAR
                                                  NORMAL
..................................................................
TEMPERATURE (F)
 TODAY
  MAXIMUM         46    309 PM  62    1970  36     10       34
  MINIMUM         18    625 AM -30    1937  14      4       23
  AVERAGE         32                        25      7       29

PRECIPITATION (IN)
  TODAY            0.00          0.60 1928   0.03  -0.03     0.10
  MONTH TO DATE    0.47                      0.87  -0.40     2.43
  SINCE OCT 1      2.17                      3.93  -1.76     8.06
  SINCE JAN 1      0.47                      0.87  -0.40     2.43

SNOWFALL (IN)
  TODAY            0.0           6.0  1999   0.3   -0.3      2.0
  MONTH TO DATE    1.2                       8.1   -6.9     30.4
  SINCE DEC 1      6.0                      18.0  -12.0     42.6
  SINCE JUL 1      6.7                      23.7  -17.0     48.1
  SNOW DEPTH       T

DEGREE DAYS
 HEATING
  TODAY           33                        40     -7       36
  MONTH TO DATE  665                       920   -255      946
  SINCE DEC 1   1839                      2130   -291     2200
  SINCE JUL 1   3427                      3868   -441     3545

 COOLING
  TODAY            0                         0      0        0
  MONTH TO DATE    0                         0      0        0
  SINCE DEC 1      0                         0      0        0
  SINCE JAN 1      0                         0      0        0
..................................................................


WIND (MPH)
  HIGHEST WIND SPEED    10   HIGHEST WIND DIRECTION     E (90)
  HIGHEST GUST SPEED    13   HIGHEST GUST DIRECTION     E (90)



WEATHER CONDITIONS
 THE FOLLOWING WEATHER WAS RECORDED TODAY.
  FOG


RELATIVE HUMIDITY (PERCENT)
 HIGHEST    92           100 AM
 LOWEST     28           300 PM
 AVERAGE    60

..........................................................


THE ELKO AIRPORT NV CLIMATE NORMALS FOR TOMORROW
                         NORMAL    RECORD    YEAR
 MAXIMUM TEMPERATURE (F)   37        54      1959
 MINIMUM TEMPERATURE (F)   14       -32      1949


SUNRISE AND SUNSET
JANUARY 23 2018.......SUNRISE   701 AM PST   SUNSET   450 PM PST
JANUARY 24 2018.......SUNRISE   700 AM PST   SUNSET   451 PM PST


-  INDICATES NEGATIVE NUMBERS.
R  INDICATES RECORD WAS SET OR TIED.
MM INDICATES DATA IS MISSING.
T  INDICATES TRACE AMOUNT.




$$
