000
CDUS45 KLKN 130934
CLIEKO


CLIMATE REPORT
NATIONAL WEATHER SERVICE ELKO NV
231 AM PDT SUN JUL 13 2014


...................................

...THE ELKO AIRPORT NV CLIMATE SUMMARY FOR JULY 12 2014...

CLIMATE NORMAL PERIOD 1981 TO 2010
CLIMATE RECORD PERIOD 1888 TO 2014


WEATHER ITEM   OBSERVED TIME   RECORD YEAR NORMAL DEPARTURE LAST
                VALUE   (LST)  VALUE       VALUE  FROM      YEAR
                                                  NORMAL
..................................................................
TEMPERATURE (F)
 YESTERDAY
  MAXIMUM         94    507 PM 104    2002  90      4       89
                                      1917
  MINIMUM         58    355 AM  32    1913  50      8       48
  AVERAGE         76                        70      6       69

PRECIPITATION (IN)
  YESTERDAY        T             1.10 1904   0.01  -0.01     0.00
  MONTH TO DATE    0.24                      0.12   0.12     0.44
  SINCE OCT 1      7.70                      8.72  -1.02     6.13
  SINCE JAN 1      6.09                      5.66   0.43     3.30

SNOWFALL (IN)
  YESTERDAY        0.0           0.0  1888   0.0    0.0      0.0
  MONTH TO DATE    0.0                       0.0    0.0      0.0
  SINCE JUN 1      0.0                       0.0    0.0      0.0
  SINCE JUL 1      0.0                       0.0    0.0      0.0
  SNOW DEPTH       0

DEGREE DAYS
 HEATING
  YESTERDAY        0                         1     -1        0
  MONTH TO DATE    0                        12    -12        0
  SINCE JUN 1     92                       143    -51       63
  SINCE JUL 1      0                        12    -12        0

 COOLING
  YESTERDAY       11                         6      5        4
  MONTH TO DATE  134                        58     76      138
  SINCE JUN 1    163                       105     58      261
  SINCE JAN 1    166                       109     57      265
..................................................................


WIND (MPH)
  HIGHEST WIND SPEED    22   HIGHEST WIND DIRECTION    NE (40)
  HIGHEST GUST SPEED    28   HIGHEST GUST DIRECTION    NE (40)
  AVERAGE WIND SPEED     5.3



WEATHER CONDITIONS
 THE FOLLOWING WEATHER WAS RECORDED YESTERDAY.
  NO SIGNIFICANT WEATHER WAS OBSERVED.


RELATIVE HUMIDITY (PERCENT)
 HIGHEST    93           300 AM
 LOWEST     16           200 PM
 AVERAGE    55

..........................................................


THE ELKO AIRPORT NV CLIMATE NORMALS FOR TODAY
                         NORMAL    RECORD    YEAR
 MAXIMUM TEMPERATURE (F)   90       104      2002
 MINIMUM TEMPERATURE (F)   50        30      1888


SUNRISE AND SUNSET
JULY 13 2014..........SUNRISE   523 AM PDT   SUNSET   814 PM PDT
JULY 14 2014..........SUNRISE   524 AM PDT   SUNSET   814 PM PDT


-  INDICATES NEGATIVE NUMBERS.
R  INDICATES RECORD WAS SET OR TIED.
MM INDICATES DATA IS MISSING.
T  INDICATES TRACE AMOUNT.




$$
