000
CDUS45 KLKN 020026
CLIEKO


CLIMATE REPORT
NATIONAL WEATHER SERVICE ELKO NV
526 PM PDT TUE SEP 1 2015


...................................

...THE ELKO AIRPORT NV CLIMATE SUMMARY FOR SEPTEMBER 1 2015...
VALID TODAY AS OF 0500 PM LOCAL TIME.

CLIMATE NORMAL PERIOD 1981 TO 2010
CLIMATE RECORD PERIOD 1888 TO 2015


WEATHER ITEM   OBSERVED TIME   RECORD YEAR NORMAL DEPARTURE LAST
                VALUE   (LST)  VALUE       VALUE  FROM      YEAR
                                                  NORMAL
..................................................................
TEMPERATURE (F)
 TODAY
  MAXIMUM         91    324 PM  97    1950  84      7       84
  MINIMUM         46    349 AM  29    1910  44      2       38
  AVERAGE         69                        64      5       61

PRECIPITATION (IN)
  TODAY            0.00          0.15 1915   0.01  -0.01     0.00
  MONTH TO DATE    0.00                      0.01  -0.01     0.00
  SINCE OCT 1      9.00                      9.35  -0.35     9.28
  SINCE JAN 1      6.76                      6.29   0.47     7.67

SNOWFALL (IN)
  TODAY            0.0           0.0  1888   0.0    0.0      0.0
  MONTH TO DATE    0.0                       0.0    0.0      0.0
  SINCE SEP 1      0.0                       0.0    0.0      0.0
  SINCE JUL 1      0.0                       0.0    0.0      0.0
  SNOW DEPTH       0

DEGREE DAYS
 HEATING
  TODAY            0                         3     -3        4
  MONTH TO DATE    0                         3     -3        4
  SINCE SEP 1      0                         3     -3        4
  SINCE JUL 1     11                        54    -43       24

 COOLING
  TODAY            4                         2      2        0
  MONTH TO DATE    4                         2      2        0
  SINCE SEP 1      4                         2      2        0
  SINCE JAN 1    589                       364    225      504
..................................................................


WIND (MPH)
  HIGHEST WIND SPEED    25   HIGHEST WIND DIRECTION     W (270)
  HIGHEST GUST SPEED    30   HIGHEST GUST DIRECTION     W (260)



WEATHER CONDITIONS
 THE FOLLOWING WEATHER WAS RECORDED TODAY.
  HAZE


RELATIVE HUMIDITY (PERCENT)
 HIGHEST    46           100 AM
 LOWEST      9          1200 PM
 AVERAGE    28

..........................................................


THE ELKO AIRPORT NV CLIMATE NORMALS FOR TOMORROW
                         NORMAL    RECORD    YEAR
 MAXIMUM TEMPERATURE (F)   84        98      1950
 MINIMUM TEMPERATURE (F)   44        26      1964


SUNRISE AND SUNSET
SEPTEMBER  1 2015.....SUNRISE   610 AM PDT   SUNSET   716 PM PDT
SEPTEMBER  2 2015.....SUNRISE   611 AM PDT   SUNSET   714 PM PDT


-  INDICATES NEGATIVE NUMBERS.
R  INDICATES RECORD WAS SET OR TIED.
MM INDICATES DATA IS MISSING.
T  INDICATES TRACE AMOUNT.




$$
