000
CDUS45 KLKN 240026
CLIEKO


CLIMATE REPORT
NATIONAL WEATHER SERVICE ELKO NV
526 PM PDT WED AUG 23 2017


...................................

...THE ELKO AIRPORT NV CLIMATE SUMMARY FOR AUGUST 23 2017...
VALID TODAY AS OF 0500 PM LOCAL TIME.

CLIMATE NORMAL PERIOD 1981 TO 2010
CLIMATE RECORD PERIOD 1888 TO 2017


WEATHER ITEM   OBSERVED TIME   RECORD YEAR NORMAL DEPARTURE LAST
                VALUE   (LST)  VALUE       VALUE  FROM      YEAR
                                                  NORMAL
..................................................................
TEMPERATURE (F)
 TODAY
  MAXIMUM         90    218 PM 100    1967  87      3       88
                                      1919
  MINIMUM         51    528 AM  25    1960  47      4       52
  AVERAGE         71                        67      4       70

PRECIPITATION (IN)
  TODAY            0.00          0.38 2009   0.01  -0.01     0.00
  MONTH TO DATE    0.15                      0.27  -0.12      T
  SINCE OCT 1     13.63                      9.24   4.39    12.18
  SINCE JAN 1      8.00                      6.18   1.82     7.64

SNOWFALL (IN)
  TODAY            0.0           0.0  1888   0.0    0.0      0.0
  MONTH TO DATE    0.0                       0.0    0.0      0.0
  SINCE JUN 1      T                         0.0    0.0       T
  SINCE JUL 1      0.0                       0.0    0.0      0.0
  SNOW DEPTH       0

DEGREE DAYS
 HEATING
  TODAY            0                         1     -1        0
  MONTH TO DATE    4                        15    -11        0
  SINCE JUN 1     66                       165    -99       39
  SINCE JUL 1      4                        34    -30        9

 COOLING
  TODAY            6                         3      3        5
  MONTH TO DATE  160                       111     49      154
  SINCE JUN 1    616                       338    278      519
  SINCE JAN 1    620                       342    278      519
..................................................................


WIND (MPH)
  HIGHEST WIND SPEED    20   HIGHEST WIND DIRECTION     W (260)
  HIGHEST GUST SPEED    23   HIGHEST GUST DIRECTION     W (260)



WEATHER CONDITIONS
 THE FOLLOWING WEATHER WAS RECORDED TODAY.
  THUNDERSTORM


RELATIVE HUMIDITY (PERCENT)
 HIGHEST    77           400 AM
 LOWEST     13           200 PM
 AVERAGE    45

..........................................................


THE ELKO AIRPORT NV CLIMATE NORMALS FOR TOMORROW
                         NORMAL    RECORD    YEAR
 MAXIMUM TEMPERATURE (F)   87       105      1913
 MINIMUM TEMPERATURE (F)   46        26      1992


SUNRISE AND SUNSET
AUGUST 23 2017........SUNRISE   601 AM PDT   SUNSET   729 PM PDT
AUGUST 24 2017........SUNRISE   602 AM PDT   SUNSET   728 PM PDT


-  INDICATES NEGATIVE NUMBERS.
R  INDICATES RECORD WAS SET OR TIED.
MM INDICATES DATA IS MISSING.
T  INDICATES TRACE AMOUNT.




$$
