000
CDUS45 KLKN 280934
CLIEKO


CLIMATE REPORT
NATIONAL WEATHER SERVICE ELKO NV
234 AM PDT THU JUL 28 2016


...................................

...THE ELKO AIRPORT NV CLIMATE SUMMARY FOR JULY 27 2016...

CLIMATE NORMAL PERIOD 1981 TO 2010
CLIMATE RECORD PERIOD 1888 TO 2016


WEATHER ITEM   OBSERVED TIME   RECORD YEAR NORMAL DEPARTURE LAST
                VALUE   (LST)  VALUE       VALUE  FROM      YEAR
                                                  NORMAL
..................................................................
TEMPERATURE (F)
 YESTERDAY
  MAXIMUM        100    421 PM 103    1934  92      8       76
                                      1931
  MINIMUM         51    439 AM  32    1909  51      0       53
  AVERAGE         76                        71      5       65

PRECIPITATION (IN)
  YESTERDAY        0.00          0.28 1982   0.01  -0.01     0.01
  MONTH TO DATE    0.01                      0.31  -0.30     0.79
  SINCE OCT 1     12.15                      8.91   3.24     8.37
  SINCE JAN 1      7.61                      5.85   1.76     6.13

SNOWFALL (IN)
  YESTERDAY        0.0           0.0  1888   0.0    0.0      0.0
  MONTH TO DATE    0.0                       0.0    0.0      0.0
  SINCE JUN 1      T                         0.0    0.0      0.0
  SINCE JUL 1      0.0                       0.0    0.0      0.0
  SNOW DEPTH       0

DEGREE DAYS
 HEATING
  YESTERDAY        0                         0      0        0
  MONTH TO DATE    9                        17     -8        4
  SINCE JUN 1     39                       148   -109       28
  SINCE JUL 1      9                        17     -8        4

 COOLING
  YESTERDAY       11                         7      4        0
  MONTH TO DATE  176                       157     19      170
  SINCE JUN 1    307                       204    103      348
  SINCE JAN 1    307                       208     99      355
..................................................................


WIND (MPH)
  HIGHEST WIND SPEED    22   HIGHEST WIND DIRECTION     W (280)
  HIGHEST GUST SPEED    33   HIGHEST GUST DIRECTION     W (260)
  AVERAGE WIND SPEED     4.9



WEATHER CONDITIONS
 THE FOLLOWING WEATHER WAS RECORDED YESTERDAY.
  NO SIGNIFICANT WEATHER WAS OBSERVED.


RELATIVE HUMIDITY (PERCENT)
 HIGHEST    46           200 AM
 LOWEST      4           400 PM
 AVERAGE    25

..........................................................


THE ELKO AIRPORT NV CLIMATE NORMALS FOR TODAY
                         NORMAL    RECORD    YEAR
 MAXIMUM TEMPERATURE (F)   92       104      1934
 MINIMUM TEMPERATURE (F)   51        30      1892


SUNRISE AND SUNSET
JULY 28 2016..........SUNRISE   536 AM PDT   SUNSET   802 PM PDT
JULY 29 2016..........SUNRISE   537 AM PDT   SUNSET   801 PM PDT


-  INDICATES NEGATIVE NUMBERS.
R  INDICATES RECORD WAS SET OR TIED.
MM INDICATES DATA IS MISSING.
T  INDICATES TRACE AMOUNT.




$$
