000
CDUS45 KLKN 270931
CLIEKO


CLIMATE REPORT
NATIONAL WEATHER SERVICE ELKO NV
227 AM PDT THU APR 27 2017


...................................

...THE ELKO AIRPORT NV CLIMATE SUMMARY FOR APRIL 26 2017...

CLIMATE NORMAL PERIOD 1981 TO 2010
CLIMATE RECORD PERIOD 1888 TO 2017


WEATHER ITEM   OBSERVED TIME   RECORD YEAR NORMAL DEPARTURE LAST
                VALUE   (LST)  VALUE       VALUE  FROM      YEAR
                                                  NORMAL
..................................................................
TEMPERATURE (F)
 YESTERDAY
  MAXIMUM         53    331 PM  84    1987  63    -10       49
                                      1927
  MINIMUM         40   1059 PM  13    1899  33      7       34
  AVERAGE         47                        48     -1       42

PRECIPITATION (IN)
  YESTERDAY        0.15          0.57 1963   0.04   0.11     0.00
  MONTH TO DATE    1.31                      0.84   0.47     1.35
  SINCE OCT 1     12.28                      6.86   5.42     9.18
  SINCE JAN 1      6.65                      3.80   2.85     4.64

SNOWFALL (IN)
  YESTERDAY        0.0           2.6  1963   0.1   -0.1      0.0
  MONTH TO DATE    T                         3.0   -3.0      1.0
  SINCE MAR 1      1.9                       8.1   -6.2      7.5
  SINCE JUL 1     53.3                      40.6   12.7     63.8
  SNOW DEPTH       0

DEGREE DAYS
 HEATING
  YESTERDAY       18                        17      1       23
  MONTH TO DATE  499                       528    -29      393
  SINCE MAR 1   1134                      1337   -203     1069
  SINCE JUL 1   5870                      6505   -635     6094

 COOLING
  YESTERDAY        0                         0      0        0
  MONTH TO DATE    0                         0      0        0
  SINCE MAR 1      0                         0      0        0
  SINCE JAN 1      0                         0      0        0
..................................................................


WIND (MPH)
  HIGHEST WIND SPEED    32   HIGHEST WIND DIRECTION    NW (320)
  HIGHEST GUST SPEED    38   HIGHEST GUST DIRECTION    NW (320)
  AVERAGE WIND SPEED    10.0



WEATHER CONDITIONS
 THE FOLLOWING WEATHER WAS RECORDED YESTERDAY.
  THUNDERSTORM
  LIGHT RAIN


RELATIVE HUMIDITY (PERCENT)
 HIGHEST    85          1100 PM
 LOWEST     58          1200 AM
 AVERAGE    72

..........................................................


THE ELKO AIRPORT NV CLIMATE NORMALS FOR TODAY
                         NORMAL    RECORD    YEAR
 MAXIMUM TEMPERATURE (F)   63        84      2000
 MINIMUM TEMPERATURE (F)   33        12      1918


SUNRISE AND SUNSET
APRIL 27 2017.........SUNRISE   546 AM PDT   SUNSET   736 PM PDT
APRIL 28 2017.........SUNRISE   545 AM PDT   SUNSET   737 PM PDT


-  INDICATES NEGATIVE NUMBERS.
R  INDICATES RECORD WAS SET OR TIED.
MM INDICATES DATA IS MISSING.
T  INDICATES TRACE AMOUNT.




$$
