000
CDUS44 KSHV 230744
CLIELD


CLIMATE REPORT
NATIONAL WEATHER SERVICE SHREVEPORT, LA
244 AM CDT SAT SEP 23 2017


...................................

...THE EL DORADO CLIMATE SUMMARY FOR SEPTEMBER 22 2017...

CLIMATE NORMAL PERIOD 1981 TO 2010
CLIMATE RECORD PERIOD 1907 TO 2017


WEATHER ITEM   OBSERVED TIME   RECORD YEAR NORMAL DEPARTURE LAST
                VALUE   (LST)  VALUE       VALUE  FROM      YEAR
                                                  NORMAL
..................................................................
TEMPERATURE (F)
 YESTERDAY
  MAXIMUM         93    220 PM 100    1930  84      9       91
  MINIMUM         69    631 AM  39    1983  60      9       63
  AVERAGE         81                        72      9       77

PRECIPITATION (IN)
  YESTERDAY        0.00          2.06 1965   0.10  -0.10     0.00
  MONTH TO DATE    1.23                      2.18  -0.95     1.68
  SINCE DEC 1     44.86                     41.91   2.95    58.54
  SINCE JAN 1     38.57                     36.73   1.84    50.48

SNOWFALL (IN)
  YESTERDAY        0.0
  MONTH TO DATE    0.0
  SINCE SEP 1      0.0
  SINCE JUL 1      0.0
  SNOW DEPTH       0

DEGREE DAYS
 HEATING
  YESTERDAY        0                         1     -1        0
  MONTH TO DATE    3                         3      0        0
  SINCE SEP 1      3                         3      0        0
  SINCE JUL 1      3                         3      0        0

 COOLING
  YESTERDAY       16                         8      8       12
  MONTH TO DATE  218                       247    -29      326
  SINCE SEP 1    218                       247    -29      326
  SINCE JAN 1   1953                      1974    -21     2184
..................................................................


WIND (MPH)
  HIGHEST WIND SPEED    10   HIGHEST WIND DIRECTION     S (160)
  HIGHEST GUST SPEED    14   HIGHEST GUST DIRECTION     E (80)
  AVERAGE WIND SPEED     1.7


SKY COVER
  POSSIBLE SUNSHINE  MM
  AVERAGE SKY COVER 0.0


WEATHER CONDITIONS
 THE FOLLOWING WEATHER WAS RECORDED YESTERDAY.
  FOG


RELATIVE HUMIDITY (PERCENT)
 HIGHEST   100           100 AM
 LOWEST     41           200 PM
 AVERAGE    71

..........................................................


THE EL DORADO CLIMATE NORMALS FOR TODAY
                         NORMAL    RECORD    YEAR
 MAXIMUM TEMPERATURE (F)   84       102      1930
 MINIMUM TEMPERATURE (F)   60        42      1999


SUNRISE AND SUNSET
SEPTEMBER 23 2017.....SUNRISE   700 AM CDT   SUNSET   706 PM CDT
SEPTEMBER 24 2017.....SUNRISE   701 AM CDT   SUNSET   705 PM CDT


-  INDICATES NEGATIVE NUMBERS.
R  INDICATES RECORD WAS SET OR TIED.
MM INDICATES DATA IS MISSING.
T  INDICATES TRACE AMOUNT.




$$
