000
CDUS44 KSHV 310805
CLIELD


CLIMATE REPORT
NATIONAL WEATHER SERVICE SHREVEPORT, LA
258 AM CDT TUE MAY 31 2016


...................................

...THE EL DORADO CLIMATE SUMMARY FOR MAY 30 2016...

CLIMATE NORMAL PERIOD 1981 TO 2010
CLIMATE RECORD PERIOD 1907 TO 2016


WEATHER ITEM   OBSERVED TIME   RECORD YEAR NORMAL DEPARTURE LAST
                VALUE   (LST)  VALUE       VALUE  FROM      YEAR
                                                  NORMAL
..................................................................
TEMPERATURE (F)
 YESTERDAY
  MAXIMUM         87    118 PM  97    1977  86      1       82
  MINIMUM         64    438 AM  45    1984  64      0       67
  AVERAGE         76                        75      1       75

PRECIPITATION (IN)
  YESTERDAY        0.74          2.22 1962   0.15   0.59     0.30
  MONTH TO DATE    1.77                      4.90  -3.13     7.79
  SINCE DEC 1     37.31                     28.01   9.30    27.19
  SINCE JAN 1     29.25                     22.83   6.42    23.86

SNOWFALL (IN)
  YESTERDAY        0.0
  MONTH TO DATE    0.0
  SINCE MAR 1      0.0
  SINCE JUL 1      1.5
  SNOW DEPTH       0

DEGREE DAYS
 HEATING
  YESTERDAY        0                         0      0        0
  MONTH TO DATE   24                        16      8        6
  SINCE MAR 1    295                       442   -147      433
  SINCE JUL 1   2034                      2670   -636     2919

 COOLING
  YESTERDAY       11                        10      1       10
  MONTH TO DATE  168                       203    -35      229
  SINCE MAR 1    262                       296    -34      330
  SINCE JAN 1    268                       302    -34      330
..................................................................


WIND (MPH)
  HIGHEST WIND SPEED    18   HIGHEST WIND DIRECTION     S (190)
  HIGHEST GUST SPEED    23   HIGHEST GUST DIRECTION     W (250)
  AVERAGE WIND SPEED     2.9


SKY COVER
  POSSIBLE SUNSHINE  MM
  AVERAGE SKY COVER 0.2


WEATHER CONDITIONS
 THE FOLLOWING WEATHER WAS RECORDED YESTERDAY.
  THUNDERSTORM
  HEAVY RAIN
  RAIN
  LIGHT RAIN
  FOG


RELATIVE HUMIDITY (PERCENT)
 HIGHEST   100           300 AM
 LOWEST     57           100 PM
 AVERAGE    79

..........................................................


THE EL DORADO CLIMATE NORMALS FOR TODAY
                         NORMAL    RECORD    YEAR
 MAXIMUM TEMPERATURE (F)   86        99      1934
 MINIMUM TEMPERATURE (F)   64        43      1984


SUNRISE AND SUNSET
MAY 31 2016...........SUNRISE   603 AM CDT   SUNSET   815 PM CDT
JUNE  1 2016..........SUNRISE   603 AM CDT   SUNSET   816 PM CDT


-  INDICATES NEGATIVE NUMBERS.
R  INDICATES RECORD WAS SET OR TIED.
MM INDICATES DATA IS MISSING.
T  INDICATES TRACE AMOUNT.




$$
