000
CDUS44 KSHV 060902
CLIELD


CLIMATE REPORT
NATIONAL WEATHER SERVICE SHREVEPORT, LA
302 AM CST FRI MAR 6 2015


...................................

...THE EL DORADO CLIMATE SUMMARY FOR MARCH 5 2015...

CLIMATE NORMAL PERIOD 1981 TO 2010
CLIMATE RECORD PERIOD 1907 TO 2015


WEATHER ITEM   OBSERVED TIME   RECORD YEAR NORMAL DEPARTURE LAST
                VALUE   (LST)  VALUE       VALUE  FROM      YEAR
                                                  NORMAL
..................................................................
TEMPERATURE (F)
 YESTERDAY
  MAXIMUM         39    449 PM  86    1918  64    -25       44
  MINIMUM         23   1159 PM  19    1978  41    -18       25
  AVERAGE         31                        53    -22       35

PRECIPITATION (IN)
  YESTERDAY       MM             1.93 1935   0.17  MM        0.06
  MONTH TO DATE    0.26                      0.82  -0.56     1.19
  SINCE DEC 1      9.82                     15.09  -5.27    12.33
  SINCE JAN 1      6.49                      9.91  -3.42     5.77

SNOWFALL (IN)
  YESTERDAY        0.0
  MONTH TO DATE    T
  SINCE MAR 1      T
  SINCE JUL 1      T
  SNOW DEPTH       0

DEGREE DAYS
 HEATING
  YESTERDAY       34                        13     21       30
  MONTH TO DATE  115                        66     49      117
  SINCE MAR 1    115                        66     49      117
  SINCE JUL 1   2601                      2294    307     2724

 COOLING
  YESTERDAY        0                         0      0        0
  MONTH TO DATE    0                         0      0        0
  SINCE MAR 1      0                         0      0        0
  SINCE JAN 1      0                         6     -6        0
..................................................................


WIND (MPH)
  HIGHEST WIND SPEED    24   HIGHEST WIND DIRECTION     N (350)
  HIGHEST GUST SPEED    34   HIGHEST GUST DIRECTION    NW (330)
  AVERAGE WIND SPEED     9.2


SKY COVER
  POSSIBLE SUNSHINE  MM
  AVERAGE SKY COVER 0.4


WEATHER CONDITIONS
 THE FOLLOWING WEATHER WAS RECORDED YESTERDAY.
  FREEZING RAIN
  LT FREEZING RAIN
  LIGHT SNOW
  FOG


RELATIVE HUMIDITY (PERCENT)
 HIGHEST    92           200 AM
 LOWEST     44           300 PM
 AVERAGE    68

..........................................................


THE EL DORADO CLIMATE NORMALS FOR TODAY
                         NORMAL    RECORD    YEAR
 MAXIMUM TEMPERATURE (F)   65        85      1961
 MINIMUM TEMPERATURE (F)   41        25      1962


SUNRISE AND SUNSET
MARCH  6 2015.........SUNRISE   633 AM CST   SUNSET   612 PM CST
MARCH  7 2015.........SUNRISE   632 AM CST   SUNSET   613 PM CST


-  INDICATES NEGATIVE NUMBERS.
R  INDICATES RECORD WAS SET OR TIED.
MM INDICATES DATA IS MISSING.
T  INDICATES TRACE AMOUNT.




$$
