000
CDUS44 KSHV 290733
CLIELD


CLIMATE REPORT
NATIONAL WEATHER SERVICE SHREVEPORT, LA
233 AM CDT THU SEP 29 2016


...................................

...THE EL DORADO CLIMATE SUMMARY FOR SEPTEMBER 28 2016...

CLIMATE NORMAL PERIOD 1981 TO 2010
CLIMATE RECORD PERIOD 1907 TO 2016


WEATHER ITEM   OBSERVED TIME   RECORD YEAR NORMAL DEPARTURE LAST
                VALUE   (LST)  VALUE       VALUE  FROM      YEAR
                                                  NORMAL
..................................................................
TEMPERATURE (F)
 YESTERDAY
  MAXIMUM         85    332 PM 105    1930  82      3       86
  MINIMUM         52    609 AM  40    1942  58     -6       68
  AVERAGE         69                        70     -1       77

PRECIPITATION (IN)
  YESTERDAY        0.00          1.54 1977   0.12  -0.12      T
  MONTH TO DATE    1.68                      2.87  -1.19     0.04
  SINCE DEC 1     58.54                     42.60  15.94    35.09
  SINCE JAN 1     50.48                     37.42  13.06    31.76

SNOWFALL (IN)
  YESTERDAY        0.0
  MONTH TO DATE    0.0
  SINCE SEP 1      0.0
  SINCE JUL 1      0.0
  SNOW DEPTH       0

DEGREE DAYS
 HEATING
  YESTERDAY        0                         1     -1        0
  MONTH TO DATE    0                         9     -9        0
  SINCE SEP 1      0                         9     -9        0
  SINCE JUL 1      0                         9     -9        0

 COOLING
  YESTERDAY        4                         6     -2       12
  MONTH TO DATE  382                       288     94      352
  SINCE SEP 1    382                       288     94      352
  SINCE JAN 1   2240                      2015    225     2225
..................................................................


WIND (MPH)
  HIGHEST WIND SPEED    12   HIGHEST WIND DIRECTION     N (20)
  HIGHEST GUST SPEED    16   HIGHEST GUST DIRECTION    NE (30)
  AVERAGE WIND SPEED     4.1


SKY COVER
  POSSIBLE SUNSHINE  MM
  AVERAGE SKY COVER 0.0


WEATHER CONDITIONS
 THE FOLLOWING WEATHER WAS RECORDED YESTERDAY.
  FOG
  HAZE


RELATIVE HUMIDITY (PERCENT)
 HIGHEST   100          1200 AM
 LOWEST     34           200 PM
 AVERAGE    67

..........................................................


THE EL DORADO CLIMATE NORMALS FOR TODAY
                         NORMAL    RECORD    YEAR
 MAXIMUM TEMPERATURE (F)   82       110      1930
 MINIMUM TEMPERATURE (F)   57        35      1967


SUNRISE AND SUNSET
SEPTEMBER 29 2016.....SUNRISE   704 AM CDT   SUNSET   658 PM CDT
SEPTEMBER 30 2016.....SUNRISE   705 AM CDT   SUNSET   656 PM CDT


-  INDICATES NEGATIVE NUMBERS.
R  INDICATES RECORD WAS SET OR TIED.
MM INDICATES DATA IS MISSING.
T  INDICATES TRACE AMOUNT.




$$
