000
CDUS44 KSHV 300753
CLIELD


CLIMATE REPORT
NATIONAL WEATHER SERVICE SHREVEPORT, LA
250 AM CDT SAT MAY 30 2015


...................................

...THE EL DORADO CLIMATE SUMMARY FOR MAY 29 2015...

CLIMATE NORMAL PERIOD 1981 TO 2010
CLIMATE RECORD PERIOD 1907 TO 2015


WEATHER ITEM   OBSERVED TIME   RECORD YEAR NORMAL DEPARTURE LAST
                VALUE   (LST)  VALUE       VALUE  FROM      YEAR
                                                  NORMAL
..................................................................
TEMPERATURE (F)
 YESTERDAY
  MAXIMUM         86    318 PM  97    1926  85      1       81
  MINIMUM         66    438 AM  50    1984  64      2       66
  AVERAGE         76                        74      2       74

PRECIPITATION (IN)
  YESTERDAY        T             1.17 2002   0.16  -0.16     0.38
  MONTH TO DATE    7.49                      4.75   2.74     5.82
  SINCE DEC 1     26.89                     27.86  -0.97    26.59
  SINCE JAN 1     23.56                     22.68   0.88    20.03

SNOWFALL (IN)
  YESTERDAY        0.0
  MONTH TO DATE    0.0
  SINCE MAR 1      0.7
  SINCE JUL 1      0.7
  SNOW DEPTH       0

DEGREE DAYS
 HEATING
  YESTERDAY        0                         0      0        0
  MONTH TO DATE    6                        16    -10       38
  SINCE MAR 1    433                       442     -9      641
  SINCE JUL 1   2919                      2670    249     3248

 COOLING
  YESTERDAY       11                        10      1        9
  MONTH TO DATE  219                       193     26      173
  SINCE MAR 1    320                       286     34      230
  SINCE JAN 1    320                       292     28      230
..................................................................


WIND (MPH)
  HIGHEST WIND SPEED    18   HIGHEST WIND DIRECTION    SE (150)
  HIGHEST GUST SPEED    25   HIGHEST GUST DIRECTION    SE (150)
  AVERAGE WIND SPEED     7.4


SKY COVER
  POSSIBLE SUNSHINE  MM
  AVERAGE SKY COVER 0.3


WEATHER CONDITIONS
 THE FOLLOWING WEATHER WAS RECORDED YESTERDAY.
  THUNDERSTORM
  LIGHT RAIN


RELATIVE HUMIDITY (PERCENT)
 HIGHEST   100           200 AM
 LOWEST     61           100 PM
 AVERAGE    81

..........................................................


THE EL DORADO CLIMATE NORMALS FOR TODAY
                         NORMAL    RECORD    YEAR
 MAXIMUM TEMPERATURE (F)   86        97      1977
 MINIMUM TEMPERATURE (F)   64        45      1984


SUNRISE AND SUNSET
MAY 30 2015...........SUNRISE   604 AM CDT   SUNSET   814 PM CDT
MAY 31 2015...........SUNRISE   603 AM CDT   SUNSET   815 PM CDT


-  INDICATES NEGATIVE NUMBERS.
R  INDICATES RECORD WAS SET OR TIED.
MM INDICATES DATA IS MISSING.
T  INDICATES TRACE AMOUNT.




$$
