000
CDUS44 KSHV 252153
CLIELD


CLIMATE REPORT
NATIONAL WEATHER SERVICE SHREVEPORT, LA
450 PM CDT THU MAY 25 2017


...................................

...THE EL DORADO CLIMATE SUMMARY FOR MAY 25 2017...
VALID TODAY AS OF 0400 PM LOCAL TIME.

CLIMATE NORMAL PERIOD 1981 TO 2010
CLIMATE RECORD PERIOD 1907 TO 2017


WEATHER ITEM   OBSERVED TIME   RECORD YEAR NORMAL DEPARTURE LAST
                VALUE   (LST)  VALUE       VALUE  FROM      YEAR
                                                  NORMAL
..................................................................
TEMPERATURE (F)
 TODAY
  MAXIMUM         83    258 PM  94    1918  85     -2       88
  MINIMUM         47R   417 AM  48    2001  63    -16       73
  AVERAGE         65                        74     -9       81

PRECIPITATION (IN)
  TODAY            0.00          4.05 1933   0.16  -0.16     0.00
  MONTH TO DATE    6.96                      4.11   2.85     0.81
  SINCE DEC 1     32.37                     27.22   5.15    36.35
  SINCE JAN 1     26.08                     22.04   4.04    28.29

DEGREE DAYS
 HEATING
  TODAY            0                         0      0        0
  MONTH TO DATE   17                        16      1       24
  SINCE MAR 1    271                       442   -171      295
  SINCE JUL 1   1723                      2670   -947     2034

 COOLING
  TODAY            0                         9     -9       16
  MONTH TO DATE  109                       156    -47      115
  SINCE MAR 1    255                       249      6      209
  SINCE JAN 1    282                       255     27      215
..................................................................


WIND (MPH)
  HIGHEST WIND SPEED    15   HIGHEST WIND DIRECTION     S (160)
  HIGHEST GUST SPEED    20   HIGHEST GUST DIRECTION    SE (140)
  AVERAGE WIND SPEED     4.9


SKY COVER
  POSSIBLE SUNSHINE  MM
  AVERAGE SKY COVER 0.0


WEATHER CONDITIONS
 THE FOLLOWING WEATHER WAS RECORDED TODAY.
  NO SIGNIFICANT WEATHER WAS OBSERVED.


RELATIVE HUMIDITY (PERCENT)
 HIGHEST   100          1200 AM
 LOWEST     43           300 PM
 AVERAGE    72

..........................................................


THE EL DORADO CLIMATE NORMALS FOR TOMORROW
                         NORMAL    RECORD    YEAR
 MAXIMUM TEMPERATURE (F)   85       101      1930
 MINIMUM TEMPERATURE (F)   63        46      1925


SUNRISE AND SUNSET
MAY 25 2017...........SUNRISE   605 AM CDT   SUNSET   811 PM CDT
MAY 26 2017...........SUNRISE   605 AM CDT   SUNSET   812 PM CDT


-  INDICATES NEGATIVE NUMBERS.
R  INDICATES RECORD WAS SET OR TIED.
MM INDICATES DATA IS MISSING.
T  INDICATES TRACE AMOUNT.




$$
