000
CDUS44 KSHV 252250
CLIELD


CLIMATE REPORT
NATIONAL WEATHER SERVICE SHREVEPORT, LA
450 PM CST THU DEC 25 2014


...................................

...THE EL DORADO CLIMATE SUMMARY FOR DECEMBER 25 2014...
VALID TODAY AS OF 0400 PM LOCAL TIME.

CLIMATE NORMAL PERIOD 1981 TO 2010
CLIMATE RECORD PERIOD 1907 TO 2014


WEATHER ITEM   OBSERVED TIME   RECORD YEAR NORMAL DEPARTURE LAST
                VALUE   (LST)  VALUE       VALUE  FROM      YEAR
                                                  NORMAL
..................................................................
TEMPERATURE (F)
 TODAY
  MAXIMUM         59    326 PM  79    1942  54      5       56
  MINIMUM         28    507 AM   3    1983  34     -6       24
  AVERAGE         44                        44      0       40

PRECIPITATION (IN)
  TODAY            0.00          2.03 1943   0.15  -0.15     0.00
  MONTH TO DATE    1.89                      4.34  -2.45     6.56
  SINCE DEC 1      1.89                      4.34  -2.45     6.56
  SINCE JAN 1     39.59                     52.08 -12.49    47.49

SNOWFALL (IN)
  TODAY            0.0
  MONTH TO DATE    0.0
  SINCE DEC 1      0.0
  SINCE JUL 1      0.0
  SNOW DEPTH       0

DEGREE DAYS
 HEATING
  TODAY           21                        21      0       25
  MONTH TO DATE  412                       480    -68      501
  SINCE DEC 1    412                       480    -68      501
  SINCE JUL 1    963                       959      4     1086

 COOLING
  TODAY            0                         0      0        0
  MONTH TO DATE    0                         0      0        8
  SINCE DEC 1      0                         0      0        8
  SINCE JAN 1   1884                      2126   -242     2161
..................................................................


WIND (MPH)
  HIGHEST WIND SPEED    17   HIGHEST WIND DIRECTION     S (180)
  HIGHEST GUST SPEED    25   HIGHEST GUST DIRECTION     S (180)
  AVERAGE WIND SPEED     5.8


SKY COVER
  POSSIBLE SUNSHINE  MM
  AVERAGE SKY COVER 0.0


WEATHER CONDITIONS
 THE FOLLOWING WEATHER WAS RECORDED TODAY.
  NO SIGNIFICANT WEATHER WAS OBSERVED.


RELATIVE HUMIDITY (PERCENT)
 HIGHEST    92           100 AM
 LOWEST     37           300 PM
 AVERAGE    65

..........................................................


THE EL DORADO CLIMATE NORMALS FOR TOMORROW
                         NORMAL    RECORD    YEAR
 MAXIMUM TEMPERATURE (F)   54        77      2008
                                             1942
 MINIMUM TEMPERATURE (F)   34        11      1983


SUNRISE AND SUNSET
DECEMBER 25 2014......SUNRISE   713 AM CST   SUNSET   510 PM CST
DECEMBER 26 2014......SUNRISE   713 AM CST   SUNSET   511 PM CST


-  INDICATES NEGATIVE NUMBERS.
R  INDICATES RECORD WAS SET OR TIED.
MM INDICATES DATA IS MISSING.
T  INDICATES TRACE AMOUNT.




$$
