000
CDUS44 KSHV 230738
CLIELD


CLIMATE REPORT
NATIONAL WEATHER SERVICE SHREVEPORT, LA
238 AM CDT WED APR 23 2014


...................................

...THE EL DORADO CLIMATE SUMMARY FOR APRIL 22 2014...

CLIMATE NORMAL PERIOD 1981 TO 2010
CLIMATE RECORD PERIOD 1907 TO 2014


WEATHER ITEM   OBSERVED TIME   RECORD YEAR NORMAL DEPARTURE LAST
                VALUE   (LST)  VALUE       VALUE  FROM      YEAR
                                                  NORMAL
..................................................................
TEMPERATURE (F)
 YESTERDAY
  MAXIMUM         81    422 PM  91    1925  77      4       77
  MINIMUM         57   1159 PM  35    1931  53      4       42
  AVERAGE         69                        65      4       60

PRECIPITATION (IN)
  YESTERDAY        0.00          3.31 1979   0.13  -0.13     0.00
  MONTH TO DATE    5.14                      2.96   2.18     4.19
  SINCE DEC 1     20.27                     21.98  -1.71    19.97
  SINCE JAN 1     13.71                     16.80  -3.09    13.91

SNOWFALL (IN)
  YESTERDAY        0.0
  MONTH TO DATE    0.0
  SINCE MAR 1      T
  SINCE JUL 1      1.1
  SNOW DEPTH       0

DEGREE DAYS
 HEATING
  YESTERDAY        0                         3     -3        5
  MONTH TO DATE  144                       101     43      148
  SINCE MAR 1    586                       409    177      581
  SINCE JUL 1   3193                      2637    556     2621

 COOLING
  YESTERDAY        4                         3      1        0
  MONTH TO DATE   30                        45    -15       55
  SINCE MAR 1     35                        67    -32       61
  SINCE JAN 1     35                        73    -38       67
..................................................................


WIND (MPH)
  HIGHEST WIND SPEED    13   HIGHEST WIND DIRECTION     N (20)
  HIGHEST GUST SPEED    20   HIGHEST GUST DIRECTION     N (20)
  AVERAGE WIND SPEED     4.8


SKY COVER
  POSSIBLE SUNSHINE  MM
  AVERAGE SKY COVER 0.6


WEATHER CONDITIONS
 THE FOLLOWING WEATHER WAS RECORDED YESTERDAY.
  FOG
  HAZE


RELATIVE HUMIDITY (PERCENT)
 HIGHEST   100           100 AM
 LOWEST     48           300 PM
 AVERAGE    74

..........................................................


THE EL DORADO CLIMATE NORMALS FOR TODAY
                         NORMAL    RECORD    YEAR
 MAXIMUM TEMPERATURE (F)   77        91      1965
 MINIMUM TEMPERATURE (F)   53        37      1959


SUNRISE AND SUNSET
APRIL 23 2014.........SUNRISE   632 AM CDT   SUNSET   748 PM CDT
APRIL 24 2014.........SUNRISE   631 AM CDT   SUNSET   749 PM CDT


-  INDICATES NEGATIVE NUMBERS.
R  INDICATES RECORD WAS SET OR TIED.
MM INDICATES DATA IS MISSING.
T  INDICATES TRACE AMOUNT.




$$
