000
CDUS44 KSHV 302141
CLIELD


CLIMATE REPORT
NATIONAL WEATHER SERVICE SHREVEPORT, LA
441 PM CDT THU MAR 30 2017


...................................

...THE EL DORADO CLIMATE SUMMARY FOR MARCH 30 2017...
VALID TODAY AS OF 0400 PM LOCAL TIME.

CLIMATE NORMAL PERIOD 1981 TO 2010
CLIMATE RECORD PERIOD 1907 TO 2017


WEATHER ITEM   OBSERVED TIME   RECORD YEAR NORMAL DEPARTURE LAST
                VALUE   (LST)  VALUE       VALUE  FROM      YEAR
                                                  NORMAL
..................................................................
TEMPERATURE (F)
 TODAY
  MAXIMUM         69    202 PM  90    1946  72     -3       75
  MINIMUM         55    710 AM  30    1964  47      8       61
  AVERAGE         62                        59      3       68

PRECIPITATION (IN)
  TODAY            0.08          2.94 1990   0.14  -0.06     1.57
  MONTH TO DATE    1.71                      4.60  -2.89    11.72
  SINCE DEC 1     16.41                     18.87  -2.46    27.38
  SINCE JAN 1     10.12                     13.69  -3.57    19.32

SNOWFALL (IN)
  TODAY            0.0
  MONTH TO DATE    0.0
  SINCE MAR 1      0.0
  SINCE JUL 1      T
  SNOW DEPTH       0

DEGREE DAYS
 HEATING
  TODAY            3                         7     -4        0
  MONTH TO DATE  208                       302    -94      201
  SINCE MAR 1    208                       302    -94      201
  SINCE JUL 1   1660                      2530   -870     1940

 COOLING
  TODAY            0                         1     -1        3
  MONTH TO DATE   53                        21     32       20
  SINCE MAR 1     53                        21     32       20
  SINCE JAN 1     80                        27     53       26
..................................................................


WIND (MPH)
  HIGHEST WIND SPEED    18   HIGHEST WIND DIRECTION     S (200)
  HIGHEST GUST SPEED    26   HIGHEST GUST DIRECTION    SW (220)
  AVERAGE WIND SPEED     9.4


SKY COVER
  POSSIBLE SUNSHINE  MM
  AVERAGE SKY COVER 0.4


WEATHER CONDITIONS
 THE FOLLOWING WEATHER WAS RECORDED TODAY.
  THUNDERSTORM
  LIGHT RAIN
  FOG


RELATIVE HUMIDITY (PERCENT)
 HIGHEST   100           200 AM
 LOWEST     45           300 PM
 AVERAGE    73

..........................................................


THE EL DORADO CLIMATE NORMALS FOR TOMORROW
                         NORMAL    RECORD    YEAR
 MAXIMUM TEMPERATURE (F)   72        91      1974
 MINIMUM TEMPERATURE (F)   47        24      1987


SUNRISE AND SUNSET
MARCH 30 2017.........SUNRISE   701 AM CDT   SUNSET   730 PM CDT
MARCH 31 2017.........SUNRISE   700 AM CDT   SUNSET   731 PM CDT


-  INDICATES NEGATIVE NUMBERS.
R  INDICATES RECORD WAS SET OR TIED.
MM INDICATES DATA IS MISSING.
T  INDICATES TRACE AMOUNT.




$$
