000
CDUS44 KEPZ 302331
CLIELP


CLIMATE REPORT
NATIONAL WEATHER SERVICE EL PASO, TX
529 PM MDT TUE JUN 30 2015


...................................

...THE EL PASO CLIMATE SUMMARY FOR JUNE 30 2015...
VALID TODAY AS OF 0500 PM LOCAL TIME.

CLIMATE NORMAL PERIOD 1981 TO 2010
CLIMATE RECORD PERIOD 1879 TO 2015


WEATHER ITEM   OBSERVED TIME   RECORD YEAR NORMAL DEPARTURE LAST
                VALUE   (LST)  VALUE       VALUE  FROM      YEAR
                                                  NORMAL
..................................................................
TEMPERATURE (F)
 TODAY
  MAXIMUM         94    315 PM 114    1994  96     -2      107
  MINIMUM         69    539 AM  56    1880  71     -2       77

PRECIPITATION (IN)
  TODAY            0.00                      0.04  -0.04     0.00
  MONTH TO DATE    0.18                      0.94  -0.76     0.01
  SINCE JUN 1      0.18                      0.94  -0.76     0.01
  SINCE JAN 1      2.72                      2.76  -0.04     0.65

..................................................................


WIND (MPH)
  HIGHEST WIND SPEED    22   HIGHEST WIND DIRECTION     E (80)
  HIGHEST GUST SPEED    27   HIGHEST GUST DIRECTION     E (80)


SKY COVER
  AVERAGE SKY COVER 0.4


WEATHER CONDITIONS
 THE FOLLOWING WEATHER WAS RECORDED TODAY.
  THUNDERSTORM


RELATIVE HUMIDITY (PERCENT)
 HIGHEST    61           300 AM
 LOWEST     22           300 PM

..........................................................


THE EL PASO CLIMATE NORMALS FOR TOMORROW
                         NORMAL    RECORD    YEAR
 MAXIMUM TEMPERATURE (F)   96       111      1994
 MINIMUM TEMPERATURE (F)   71        59      1880


SUNRISE AND SUNSET
JUNE 30 2015..........SUNRISE   603 AM MDT   SUNSET   815 PM MDT
JULY  1 2015..........SUNRISE   604 AM MDT   SUNSET   815 PM MDT


-  INDICATES NEGATIVE NUMBERS.
R  INDICATES RECORD WAS SET OR TIED.
MM INDICATES DATA IS MISSING.
T  INDICATES TRACE AMOUNT.




$$
