000
CDUS44 KEPZ 180928
CLIELP


CLIMATE REPORT
NATIONAL WEATHER SERVICE EL PASO, TX
227 AM MST SUN FEB 18 2018


...................................

...THE EL PASO CLIMATE SUMMARY FOR FEBRUARY 17 2018...

CLIMATE NORMAL PERIOD 1981 TO 2010
CLIMATE RECORD PERIOD 1879 TO 2018


WEATHER ITEM   OBSERVED TIME   RECORD YEAR NORMAL DEPARTURE LAST
                VALUE   (LST)  VALUE       VALUE  FROM      YEAR
                                                  NORMAL
..................................................................
TEMPERATURE (F)
 YESTERDAY
  MAXIMUM         61    311 PM  81    2016  64     -3       65
  MINIMUM         49    304 AM  12    1910  38     11       45
  AVERAGE         55                        51      4       55

PRECIPITATION (IN)
  YESTERDAY        T             0.68 1905   0.01  -0.01     0.00
  MONTH TO DATE    0.67                      0.30   0.37     0.16
  SINCE DEC 1      1.45                      1.48  -0.03     2.07
  SINCE JAN 1      0.77                      0.70   0.07     1.21

SNOWFALL (IN)
  YESTERDAY        0.0                                       0.0
  MONTH TO DATE    0.0                                        T
  SINCE DEC 1      0.1                                        T
  SINCE JUL 1      0.1                                        T
  SNOW DEPTH       0

DEGREE DAYS
 HEATING
  YESTERDAY       10                        14     -4       10
  MONTH TO DATE  134                       274   -140      164
  SINCE DEC 1   1203                      1517   -314     1140
  SINCE JUL 1   1366                      1959   -593     1382

 COOLING
  YESTERDAY        0                         0      0        0
  MONTH TO DATE    0                         0      0        3
  SINCE DEC 1      0                         0      0        3
  SINCE JAN 1      0                         0      0        3
..................................................................


WIND (MPH)
  HIGHEST WIND SPEED    17   HIGHEST WIND DIRECTION    SW (240)
  HIGHEST GUST SPEED    24   HIGHEST GUST DIRECTION     W (260)
  AVERAGE WIND SPEED     5.3


SKY COVER
  POSSIBLE SUNSHINE  MM
  AVERAGE SKY COVER 0.9


WEATHER CONDITIONS
 THE FOLLOWING WEATHER WAS RECORDED YESTERDAY.
  NO SIGNIFICANT WEATHER WAS OBSERVED.


RELATIVE HUMIDITY (PERCENT)
 HIGHEST   100          1200 AM
 LOWEST     55           500 PM
 AVERAGE    78

..........................................................


THE EL PASO CLIMATE NORMALS FOR TODAY
                         NORMAL    RECORD    YEAR
 MAXIMUM TEMPERATURE (F)   64        85      2016
 MINIMUM TEMPERATURE (F)   38        15      1883


SUNRISE AND SUNSET
FEBRUARY 18 2018......SUNRISE   644 AM MST   SUNSET   555 PM MST
FEBRUARY 19 2018......SUNRISE   643 AM MST   SUNSET   556 PM MST


-  INDICATES NEGATIVE NUMBERS.
R  INDICATES RECORD WAS SET OR TIED.
MM INDICATES DATA IS MISSING.
T  INDICATES TRACE AMOUNT.




$$
