766
CDUS44 KEPZ 270927
CLIELP


CLIMATE REPORT
NATIONAL WEATHER SERVICE EL PASO, TX
327 AM MDT WED JUL 27 2016


...................................

...THE EL PASO CLIMATE SUMMARY FOR JULY 26 2016...

CLIMATE NORMAL PERIOD 1981 TO 2010
CLIMATE RECORD PERIOD 1879 TO 2016


WEATHER ITEM   OBSERVED TIME   RECORD YEAR NORMAL DEPARTURE LAST
                VALUE   (LST)  VALUE       VALUE  FROM      YEAR
                                                  NORMAL
..................................................................
TEMPERATURE (F)
 YESTERDAY
  MAXIMUM        100    328 PM 106    1995  94      6       97
                                      1980
  MINIMUM         75    547 AM  58    1880  71      4       73
  AVERAGE         88                        82      6       85

PRECIPITATION (IN)
  YESTERDAY        T             1.77 2008   0.05  -0.05     0.00
  MONTH TO DATE    0.13                      1.22  -1.09     1.69
  SINCE JUN 1      0.46                      2.16  -1.70     1.87
  SINCE JAN 1      1.10                      3.98  -2.88     4.41

SNOWFALL (IN)
  YESTERDAY        0.0                                       0.0
  MONTH TO DATE    0.0                                       0.0
  SINCE JUN 1      0.0                                       0.0
  SINCE JUL 1      0.0                                       0.0
  SNOW DEPTH       0

DEGREE DAYS
 HEATING
  YESTERDAY        0                         0      0        0
  MONTH TO DATE    0                         0      0        0
  SINCE JUN 1      0                         0      0        0
  SINCE JUL 1      0                         0      0        0

 COOLING
  YESTERDAY       23                        17      6       20
  MONTH TO DATE  638                       465    173      517
  SINCE JUN 1   1230                       967    263     1109
  SINCE JAN 1   1626                      1344    282     1480
..................................................................


WIND (MPH)
  HIGHEST WIND SPEED    28   HIGHEST WIND DIRECTION    NE (30)
  HIGHEST GUST SPEED    31   HIGHEST GUST DIRECTION    NE (30)
  AVERAGE WIND SPEED    10.0


SKY COVER
  POSSIBLE SUNSHINE  MM
  AVERAGE SKY COVER 0.4


WEATHER CONDITIONS
 THE FOLLOWING WEATHER WAS RECORDED YESTERDAY.
  THUNDERSTORM
  LIGHT RAIN


RELATIVE HUMIDITY (PERCENT)
 HIGHEST    60           500 AM
 LOWEST     21           300 PM
 AVERAGE    41

..........................................................


THE EL PASO CLIMATE NORMALS FOR TODAY
                         NORMAL    RECORD    YEAR
 MAXIMUM TEMPERATURE (F)   93       108      1995
 MINIMUM TEMPERATURE (F)   71        60      1880


SUNRISE AND SUNSET
JULY 27 2016..........SUNRISE   618 AM MDT   SUNSET   805 PM MDT
JULY 28 2016..........SUNRISE   619 AM MDT   SUNSET   805 PM MDT


-  INDICATES NEGATIVE NUMBERS.
R  INDICATES RECORD WAS SET OR TIED.
MM INDICATES DATA IS MISSING.
T  INDICATES TRACE AMOUNT.




$$
