000
CDUS44 KEPZ 250929
CLIELP


CLIMATE REPORT
NATIONAL WEATHER SERVICE EL PASO, TX
226 AM MST SAT NOV 25 2017


...................................

...THE EL PASO CLIMATE SUMMARY FOR NOVEMBER 24 2017...

CLIMATE NORMAL PERIOD 1981 TO 2010
CLIMATE RECORD PERIOD 1879 TO 2017


WEATHER ITEM   OBSERVED TIME   RECORD YEAR NORMAL DEPARTURE LAST
                VALUE   (LST)  VALUE       VALUE  FROM      YEAR
                                                  NORMAL
..................................................................
TEMPERATURE (F)
 YESTERDAY
  MAXIMUM         78R   425 PM  78    1903  63     15       68
  MINIMUM         40    654 AM  20    1938  37      3       36
  AVERAGE         59                        50      9       52

PRECIPITATION (IN)
  YESTERDAY        0.00          0.68 2007   0.02  -0.02     0.00
  MONTH TO DATE    0.28                      0.39  -0.11     0.38
  SINCE SEP 1      1.49                      2.51  -1.02     2.50
  SINCE JAN 1      9.41                      8.83   0.58     8.47

SNOWFALL (IN)
  YESTERDAY        0.0                                       0.0
  MONTH TO DATE    0.0                                       0.0
  SINCE SEP 1      0.0                                       0.0
  SINCE JUL 1      0.0                                        T
  SNOW DEPTH       0

DEGREE DAYS
 HEATING
  YESTERDAY        6                        15     -9       13
  MONTH TO DATE   86                       259   -173      148
  SINCE SEP 1    129                       342   -213      155
  SINCE JUL 1    129                       342   -213      155

 COOLING
  YESTERDAY        0                         0      0        0
  MONTH TO DATE   14                         0     14       23
  SINCE SEP 1    630                       399    231      587
  SINCE JAN 1   2917                      2328    589     2811
..................................................................


WIND (MPH)
  HIGHEST WIND SPEED    20   HIGHEST WIND DIRECTION    SW (240)
  HIGHEST GUST SPEED    24   HIGHEST GUST DIRECTION    SW (220)
  AVERAGE WIND SPEED     5.2


SKY COVER
  POSSIBLE SUNSHINE  MM
  AVERAGE SKY COVER 0.1


WEATHER CONDITIONS
 THE FOLLOWING WEATHER WAS RECORDED YESTERDAY.
  HAZE


RELATIVE HUMIDITY (PERCENT)
 HIGHEST    54           700 AM
 LOWEST     13           400 PM
 AVERAGE    34

..........................................................


THE EL PASO CLIMATE NORMALS FOR TODAY
                         NORMAL    RECORD    YEAR
 MAXIMUM TEMPERATURE (F)   62        79      1965
 MINIMUM TEMPERATURE (F)   37        21      1992
                                             1881


SUNRISE AND SUNSET
NOVEMBER 25 2017......SUNRISE   643 AM MST   SUNSET   502 PM MST
NOVEMBER 26 2017......SUNRISE   644 AM MST   SUNSET   502 PM MST


-  INDICATES NEGATIVE NUMBERS.
R  INDICATES RECORD WAS SET OR TIED.
MM INDICATES DATA IS MISSING.
T  INDICATES TRACE AMOUNT.




$$
