000
CDUS44 KEPZ 060926
CLIELP


CLIMATE REPORT
NATIONAL WEATHER SERVICE EL PASO, TX
226 AM MST FRI MAR 6 2015


...................................

...THE EL PASO CLIMATE SUMMARY FOR MARCH 5 2015...

CLIMATE NORMAL PERIOD 1981 TO 2010
CLIMATE RECORD PERIOD 1879 TO 2015


WEATHER ITEM   OBSERVED TIME   RECORD YEAR NORMAL DEPARTURE LAST
                VALUE   (LST)  VALUE       VALUE  FROM      YEAR
                                                  NORMAL
..................................................................
TEMPERATURE (F)
 YESTERDAY
  MAXIMUM         50    434 PM  84    1925  68    -18       71
                                      1910
  MINIMUM         30    704 AM  20    1965  41    -11       51
  AVERAGE         40                        54    -14       61

PRECIPITATION (IN)
  YESTERDAY        0.00          0.41 1984   0.01  -0.01     0.00
  MONTH TO DATE    0.12                      0.05   0.07     0.16
  SINCE MAR 1      0.12                      0.05   0.07     0.16
  SINCE JAN 1      1.00                      0.91   0.09     0.16

SNOWFALL (IN)
  YESTERDAY        0.0                                       0.0
  MONTH TO DATE    0.0                                       0.0
  SINCE MAR 1      0.0                                       0.0
  SINCE JUL 1      T                                          T
  SNOW DEPTH       0

DEGREE DAYS
 HEATING
  YESTERDAY       25                        11     14        4
  MONTH TO DATE   63                        57      6       39
  SINCE MAR 1     63                        57      6       39
  SINCE JUL 1   1886                      2160   -274     1827

 COOLING
  YESTERDAY        0                         0      0        0
  MONTH TO DATE    0                         0      0        0
  SINCE MAR 1      0                         0      0        0
  SINCE JAN 1      1                         0      1        7
..................................................................


WIND (MPH)
  HIGHEST WIND SPEED    18   HIGHEST WIND DIRECTION     E (70)
  HIGHEST GUST SPEED    23   HIGHEST GUST DIRECTION     E (80)
  AVERAGE WIND SPEED     6.6


SKY COVER
  POSSIBLE SUNSHINE  MM
  AVERAGE SKY COVER 0.1


WEATHER CONDITIONS
 THE FOLLOWING WEATHER WAS RECORDED YESTERDAY.
  NO SIGNIFICANT WEATHER WAS OBSERVED.


RELATIVE HUMIDITY (PERCENT)
 HIGHEST    70           100 AM
 LOWEST     31           300 PM
 AVERAGE    51

..........................................................


THE EL PASO CLIMATE NORMALS FOR TODAY
                         NORMAL    RECORD    YEAR
 MAXIMUM TEMPERATURE (F)   68        85      1910
 MINIMUM TEMPERATURE (F)   41        18      1977


SUNRISE AND SUNSET
MARCH  6 2015.........SUNRISE   627 AM MST   SUNSET   607 PM MST
MARCH  7 2015.........SUNRISE   626 AM MST   SUNSET   608 PM MST


-  INDICATES NEGATIVE NUMBERS.
R  INDICATES RECORD WAS SET OR TIED.
MM INDICATES DATA IS MISSING.
T  INDICATES TRACE AMOUNT.




$$
