000
CDUS45 KLKN 240927
CLIELY


CLIMATE REPORT
NATIONAL WEATHER SERVICE ELKO NV
127 AM PST TUE JAN 24 2017


...................................

...THE ELY AIRPORT NV CLIMATE SUMMARY FOR JANUARY 23 2017...

CLIMATE NORMAL PERIOD 1981 TO 2010
CLIMATE RECORD PERIOD 1893 TO 2017


WEATHER ITEM   OBSERVED TIME   RECORD YEAR NORMAL DEPARTURE LAST
                VALUE   (LST)  VALUE       VALUE  FROM      YEAR
                                                  NORMAL
..................................................................
TEMPERATURE (F)
 YESTERDAY
  MAXIMUM         34    237 AM  59    1970  40     -6       37
                                      1912
  MINIMUM         -3   1159 PM -23    1962  12    -15       22
  AVERAGE         16                        26    -10       30

PRECIPITATION (IN)
  YESTERDAY        0.14          0.60 1943   0.02   0.12     0.15
  MONTH TO DATE    1.46                      0.52   0.94     1.59
  SINCE OCT 1      3.24                      2.81   0.43     5.95
  SINCE JAN 1      1.46                      0.52   0.94     1.59

SNOWFALL (IN)
  YESTERDAY       MM             4.5  1909   0.3   MM        2.0
  MONTH TO DATE   19.6                       6.9   12.7     20.7
  SINCE DEC 1     28.7                      15.3   13.4     42.8
  SINCE JUL 1     34.6                      24.8    9.8     60.5
  SNOW DEPTH       0

DEGREE DAYS
 HEATING
  YESTERDAY       49                        39     10       35
  MONTH TO DATE  962                       918     44     1038
  SINCE DEC 1   2189                      2150     39     2309
  SINCE JUL 1   3742                      4018   -276     3938

 COOLING
  YESTERDAY        0                         0      0        0
  MONTH TO DATE    0                         0      0        0
  SINCE DEC 1      0                         0      0        0
  SINCE JAN 1      0                         0      0        0
..................................................................


WIND (MPH)
  HIGHEST WIND SPEED    48   HIGHEST WIND DIRECTION    SW (210)
  HIGHEST GUST SPEED    63   HIGHEST GUST DIRECTION    SW (210)
  AVERAGE WIND SPEED     8.9



WEATHER CONDITIONS
 THE FOLLOWING WEATHER WAS RECORDED YESTERDAY.
  HEAVY SNOW
  SNOW
  LIGHT SNOW
  FOG
  FOG W/VISIBILITY <= 1/4 MILE


RELATIVE HUMIDITY (PERCENT)
 HIGHEST    92           400 AM
 LOWEST     50           300 PM
 AVERAGE    71

..........................................................


THE ELY AIRPORT NV CLIMATE NORMALS FOR TODAY
                         NORMAL    RECORD    YEAR
 MAXIMUM TEMPERATURE (F)   40        58      1959
                                             1953
 MINIMUM TEMPERATURE (F)   12       -23      1949


SUNRISE AND SUNSET
JANUARY 24 2017.......SUNRISE   652 AM PST   SUNSET   451 PM PST
JANUARY 25 2017.......SUNRISE   652 AM PST   SUNSET   452 PM PST


-  INDICATES NEGATIVE NUMBERS.
R  INDICATES RECORD WAS SET OR TIED.
MM INDICATES DATA IS MISSING.
T  INDICATES TRACE AMOUNT.




$$
