000
CDUS45 KLKN 240037
CLIELY


CLIMATE REPORT
NATIONAL WEATHER SERVICE ELKO NV
432 PM PST SUN NOV 23 2014


...................................

...THE ELY AIRPORT NV CLIMATE SUMMARY FOR NOVEMBER 23 2014...
VALID TODAY AS OF 400 PM LOCAL TIME.

CLIMATE NORMAL PERIOD 1981 TO 2010
CLIMATE RECORD PERIOD 1893 TO 2014


WEATHER ITEM   OBSERVED TIME   RECORD YEAR NORMAL DEPARTURE LAST
                VALUE   (LST)  VALUE       VALUE  FROM      YEAR
                                                  NORMAL
..................................................................
TEMPERATURE (F)
 TODAY
  MAXIMUM         39    236 PM  63    2012  45     -6       34
  MINIMUM         24    621 AM  -7    1941  16      8       25
  AVERAGE         32                        30      2       30

PRECIPITATION (IN)
  TODAY            0.00          0.44 1988   0.02  -0.02     0.00
  MONTH TO DATE    0.44                      0.57  -0.13     0.87
  SINCE OCT 1      0.44                      1.57  -1.13     1.69
  SINCE JAN 1      8.53                      9.04  -0.51     7.55

SNOWFALL (IN)
  TODAY            0.0           5.0  1988   0.2   -0.2      0.0
  MONTH TO DATE    0.7                       4.6   -3.9      9.9
  SINCE SEP 1      0.7                       8.0   -7.3     12.9
  SINCE JUL 1      0.7                       8.0   -7.3     12.9
  SNOW DEPTH       T

DEGREE DAYS
 HEATING
  TODAY           33                        35     -2       35
  MONTH TO DATE  662                       687    -25      640
  SINCE SEP 1   1211                      1551   -340     1533
  SINCE JUL 1   1259                      1615   -356     1541

 COOLING
  TODAY            0                         0      0        0
  MONTH TO DATE    0                         0      0        0
  SINCE SEP 1     18                         6     12       17
  SINCE JAN 1    286                       218     68      387
..................................................................


WIND (MPH)
  HIGHEST WIND SPEED    20   HIGHEST WIND DIRECTION    NW (320)
  HIGHEST GUST SPEED    28   HIGHEST GUST DIRECTION    NW (310)



WEATHER CONDITIONS
 THE FOLLOWING WEATHER WAS RECORDED TODAY.
  NO SIGNIFICANT WEATHER WAS OBSERVED.


RELATIVE HUMIDITY (PERCENT)
 HIGHEST   100           100 AM
 LOWEST     59           200 PM
 AVERAGE    80

..........................................................


THE ELY AIRPORT NV CLIMATE NORMALS FOR TOMORROW
                         NORMAL    RECORD    YEAR
 MAXIMUM TEMPERATURE (F)   45        71      1909
 MINIMUM TEMPERATURE (F)   16       -19      2010


SUNRISE AND SUNSET
NOVEMBER 23 2014......SUNRISE   632 AM PST   SUNSET   420 PM PST
NOVEMBER 24 2014......SUNRISE   633 AM PST   SUNSET   419 PM PST


-  INDICATES NEGATIVE NUMBERS.
R  INDICATES RECORD WAS SET OR TIED.
MM INDICATES DATA IS MISSING.
T  INDICATES TRACE AMOUNT.




$$
