000
CDUS45 KLKN 290928
CLIELY


CLIMATE REPORT
NATIONAL WEATHER SERVICE ELKO NV
128 AM PST THU JAN 29 2015


...................................

...THE ELY AIRPORT NV CLIMATE SUMMARY FOR JANUARY 28 2015...

CLIMATE NORMAL PERIOD 1981 TO 2010
CLIMATE RECORD PERIOD 1893 TO 2015


WEATHER ITEM   OBSERVED TIME   RECORD YEAR NORMAL DEPARTURE LAST
                VALUE   (LST)  VALUE       VALUE  FROM      YEAR
                                                  NORMAL
..................................................................
TEMPERATURE (F)
 YESTERDAY
  MAXIMUM         50    222 PM  66    1894  40     10       49
  MINIMUM         26   1139 PM -24    1902  12     14       25
  AVERAGE         38                        26     12       37

PRECIPITATION (IN)
  YESTERDAY        0.01          0.70 1903   0.02  -0.01     0.00
  MONTH TO DATE    0.26                      0.63  -0.37     0.04
  SINCE OCT 1      1.43                      2.92  -1.49     2.72
  SINCE JAN 1      0.26                      0.63  -0.37     0.04

SNOWFALL (IN)
  YESTERDAY        0.0           7.0  1903   0.2   -0.2      0.0
  MONTH TO DATE    0.8                       8.2   -7.4      1.2
  SINCE DEC 1      6.7                      16.6   -9.9     14.1
  SINCE JUL 1      7.4                      26.1  -18.7     27.0
  SNOW DEPTH       0

DEGREE DAYS
 HEATING
  YESTERDAY       27                        39    -12       28
  MONTH TO DATE  885                      1113   -228      934
  SINCE DEC 1   1955                      2345   -390     2258
  SINCE JUL 1   3402                      4213   -811     4023

 COOLING
  YESTERDAY        0                         0      0        0
  MONTH TO DATE    0                         0      0        0
  SINCE DEC 1      0                         0      0        0
  SINCE JAN 1      0                         0      0        0
..................................................................


WIND (MPH)
  HIGHEST WIND SPEED    17   HIGHEST WIND DIRECTION     N (10)
  HIGHEST GUST SPEED    22   HIGHEST GUST DIRECTION     N (360)
  AVERAGE WIND SPEED     5.4



WEATHER CONDITIONS
 THE FOLLOWING WEATHER WAS RECORDED YESTERDAY.
  LIGHT RAIN


RELATIVE HUMIDITY (PERCENT)
 HIGHEST   100           400 AM
 LOWEST     50           300 PM
 AVERAGE    75

..........................................................


THE ELY AIRPORT NV CLIMATE NORMALS FOR TODAY
                         NORMAL    RECORD    YEAR
 MAXIMUM TEMPERATURE (F)   40        60      1976
 MINIMUM TEMPERATURE (F)   12       -25      1957


SUNRISE AND SUNSET
JANUARY 29 2015.......SUNRISE   649 AM PST   SUNSET   456 PM PST
JANUARY 30 2015.......SUNRISE   648 AM PST   SUNSET   458 PM PST


-  INDICATES NEGATIVE NUMBERS.
R  INDICATES RECORD WAS SET OR TIED.
MM INDICATES DATA IS MISSING.
T  INDICATES TRACE AMOUNT.




$$
