000
CDUS45 KLKN 170030
CLIELY


CLIMATE REPORT
NATIONAL WEATHER SERVICE ELKO NV
527 PM PDT WED AUG 16 2017


...................................

...THE ELY AIRPORT NV CLIMATE SUMMARY FOR AUGUST 16 2017...
VALID TODAY AS OF 0500 PM LOCAL TIME.

CLIMATE NORMAL PERIOD 1981 TO 2010
CLIMATE RECORD PERIOD 1893 TO 2017


WEATHER ITEM   OBSERVED TIME   RECORD YEAR NORMAL DEPARTURE LAST
                VALUE   (LST)  VALUE       VALUE  FROM      YEAR
                                                  NORMAL
..................................................................
TEMPERATURE (F)
 TODAY
  MAXIMUM         78   1154 AM  95    2002  86     -8       91
  MINIMUM         46    438 AM  30    2009  47     -1       42
  AVERAGE         62                        66     -4       67

PRECIPITATION (IN)
  TODAY            T             0.60 2005   0.03  -0.03     0.00
  MONTH TO DATE    0.09                      0.49  -0.40     0.18
  SINCE OCT 1      8.92                      8.52   0.40    13.23
  SINCE JAN 1      7.14                      6.23   0.91     8.87

SNOWFALL (IN)
  TODAY            0.0           0.0  1893   0.0    0.0      0.0
  MONTH TO DATE    0.0                       0.0    0.0      0.0
  SINCE JUN 1      T                         0.1   -0.1      0.0
  SINCE JUL 1      0.0                       0.0    0.0      0.0
  SNOW DEPTH       0

DEGREE DAYS
 HEATING
  TODAY            3                         1      2        0
  MONTH TO DATE    3                        10     -7        6
  SINCE JUN 1     75                       208   -133       84
  SINCE JUL 1      3                        33    -30       23

 COOLING
  TODAY            0                         3     -3        2
  MONTH TO DATE   75                        53     22       52
  SINCE JUN 1    355                       187    168      236
  SINCE JAN 1    355                       188    167      236
..................................................................


WIND (MPH)
  HIGHEST WIND SPEED    24   HIGHEST WIND DIRECTION     W (270)
  HIGHEST GUST SPEED    32   HIGHEST GUST DIRECTION     W (260)



WEATHER CONDITIONS
 THE FOLLOWING WEATHER WAS RECORDED TODAY.
  THUNDERSTORM
  LIGHT RAIN


RELATIVE HUMIDITY (PERCENT)
 HIGHEST    61           100 AM
 LOWEST     23          1200 PM
 AVERAGE    42

..........................................................


THE ELY AIRPORT NV CLIMATE NORMALS FOR TOMORROW
                         NORMAL    RECORD    YEAR
 MAXIMUM TEMPERATURE (F)   85        95      2002
 MINIMUM TEMPERATURE (F)   47        32      1993


SUNRISE AND SUNSET
AUGUST 16 2017........SUNRISE   554 AM PDT   SUNSET   733 PM PDT
AUGUST 17 2017........SUNRISE   554 AM PDT   SUNSET   732 PM PDT


-  INDICATES NEGATIVE NUMBERS.
R  INDICATES RECORD WAS SET OR TIED.
MM INDICATES DATA IS MISSING.
T  INDICATES TRACE AMOUNT.




$$
