000
CDUS45 KLKN 300033
CLIELY


CLIMATE REPORT
NATIONAL WEATHER SERVICE ELKO NV
530 PM PDT SAT AUG 29 2015


...................................

...THE ELY AIRPORT NV CLIMATE SUMMARY FOR AUGUST 29 2015...
VALID TODAY AS OF 0500 PM LOCAL TIME.

CLIMATE NORMAL PERIOD 1981 TO 2010
CLIMATE RECORD PERIOD 1893 TO 2015


WEATHER ITEM   OBSERVED TIME   RECORD YEAR NORMAL DEPARTURE LAST
                VALUE   (LST)  VALUE       VALUE  FROM      YEAR
                                                  NORMAL
..................................................................
TEMPERATURE (F)
 TODAY
  MAXIMUM         89    304 PM  94    1998  82      7       86
  MINIMUM         56    547 AM  26    1964  44     12       47
  AVERAGE         73                        63     10       67

PRECIPITATION (IN)
  TODAY            0.00          0.51 2000   0.03  -0.03     0.00
  MONTH TO DATE    0.54                      0.85  -0.31     2.48
  SINCE OCT 1      6.16                      8.88  -2.72     9.94
  SINCE JAN 1      4.99                      6.59  -1.60     7.26

SNOWFALL (IN)
  TODAY            0.0           0.0  1893   0.0    0.0      0.0
  MONTH TO DATE    0.0                       0.0    0.0      0.0
  SINCE JUN 1      0.0                       0.1   -0.1       T
  SINCE JUL 1      0.0                       0.0    0.0      0.0
  SNOW DEPTH       0

DEGREE DAYS
 HEATING
  TODAY            0                         3     -3        0
  MONTH TO DATE   12                        35    -23       47
  SINCE JUN 1     86                       233   -147      187
  SINCE JUL 1     31                        58    -27       47

 COOLING
  TODAY            8                         1      7        2
  MONTH TO DATE  110                        75     35       36
  SINCE JUN 1    296                       209     87      261
  SINCE JAN 1    299                       210     89      263
..................................................................


WIND (MPH)
  HIGHEST WIND SPEED    30   HIGHEST WIND DIRECTION     S (170)
  HIGHEST GUST SPEED    38   HIGHEST GUST DIRECTION     S (180)



WEATHER CONDITIONS
 THE FOLLOWING WEATHER WAS RECORDED TODAY.
  NO SIGNIFICANT WEATHER WAS OBSERVED.


RELATIVE HUMIDITY (PERCENT)
 HIGHEST    57          1200 AM
 LOWEST     17           300 PM
 AVERAGE    37

..........................................................


THE ELY AIRPORT NV CLIMATE NORMALS FOR TOMORROW
                         NORMAL    RECORD    YEAR
 MAXIMUM TEMPERATURE (F)   82        92      1996
 MINIMUM TEMPERATURE (F)   44        29      1942


SUNRISE AND SUNSET
AUGUST 29 2015........SUNRISE   605 AM PDT   SUNSET   715 PM PDT
AUGUST 30 2015........SUNRISE   606 AM PDT   SUNSET   713 PM PDT


-  INDICATES NEGATIVE NUMBERS.
R  INDICATES RECORD WAS SET OR TIED.
MM INDICATES DATA IS MISSING.
T  INDICATES TRACE AMOUNT.




$$
