000
CDUS45 KLKN 240931
CLIELY


CLIMATE REPORT
NATIONAL WEATHER SERVICE ELKO NV
227 AM PDT TUE OCT 24 2017


...................................

...THE ELY AIRPORT NV CLIMATE SUMMARY FOR OCTOBER 23 2017...

CLIMATE NORMAL PERIOD 1981 TO 2010
CLIMATE RECORD PERIOD 1893 TO 2017


WEATHER ITEM   OBSERVED TIME   RECORD YEAR NORMAL DEPARTURE LAST
                VALUE   (LST)  VALUE       VALUE  FROM      YEAR
                                                  NORMAL
..................................................................
TEMPERATURE (F)
 YESTERDAY
  MAXIMUM         68    253 PM  75    1988  60      8       69
  MINIMUM         29    523 AM   9    1995  26      3       39
                                      1980
  AVERAGE         49                        43      6       54

PRECIPITATION (IN)
  YESTERDAY        T             0.30 1897   0.03  -0.03      T
  MONTH TO DATE    0.04                      0.74  -0.70      T
  SINCE OCT 1      0.04                      0.74  -0.70      T
  SINCE JAN 1      9.14                      8.21   0.93     9.72

SNOWFALL (IN)
  YESTERDAY        0.0           2.5  1954   0.1   -0.1      0.0
  MONTH TO DATE    0.0                       2.0   -2.0       T
  SINCE SEP 1      5.0                       2.4    2.6       T
  SINCE JUL 1      5.0                       2.4    2.6       T
  SNOW DEPTH       0

DEGREE DAYS
 HEATING
  YESTERDAY       16                        22     -6       11
  MONTH TO DATE  486                       422     64      373
  SINCE SEP 1    776                       674    102      608
  SINCE JUL 1    782                       738     44      645

 COOLING
  YESTERDAY        0                         0      0        0
  MONTH TO DATE    0                         0      0        0
  SINCE SEP 1     24                         6     18       12
  SINCE JAN 1    433                       218    215      267
..................................................................


WIND (MPH)
  HIGHEST WIND SPEED    20   HIGHEST WIND DIRECTION     N (20)
  HIGHEST GUST SPEED    23   HIGHEST GUST DIRECTION     N (20)
  AVERAGE WIND SPEED    10.0



WEATHER CONDITIONS
 THE FOLLOWING WEATHER WAS RECORDED YESTERDAY.
  LIGHT RAIN


RELATIVE HUMIDITY (PERCENT)
 HIGHEST    70          1100 PM
 LOWEST     27           300 PM
 AVERAGE    49

..........................................................


THE ELY AIRPORT NV CLIMATE NORMALS FOR TODAY
                         NORMAL    RECORD    YEAR
 MAXIMUM TEMPERATURE (F)   59        80      1959
 MINIMUM TEMPERATURE (F)   26         8      1975


SUNRISE AND SUNSET
OCTOBER 24 2017.......SUNRISE   659 AM PDT   SUNSET   548 PM PDT
OCTOBER 25 2017.......SUNRISE   700 AM PDT   SUNSET   546 PM PDT


-  INDICATES NEGATIVE NUMBERS.
R  INDICATES RECORD WAS SET OR TIED.
MM INDICATES DATA IS MISSING.
T  INDICATES TRACE AMOUNT.




$$
