000
CDUS45 KLKN 060928
CLIELY


CLIMATE REPORT
NATIONAL WEATHER SERVICE ELKO NV
228 AM PDT FRI MAY 6 2016


...................................

...THE ELY AIRPORT NV CLIMATE SUMMARY FOR MAY 5 2016...

CLIMATE NORMAL PERIOD 1981 TO 2010
CLIMATE RECORD PERIOD 1893 TO 2016


WEATHER ITEM   OBSERVED TIME   RECORD YEAR NORMAL DEPARTURE LAST
                VALUE   (LST)  VALUE       VALUE  FROM      YEAR
                                                  NORMAL
..................................................................
TEMPERATURE (F)
 YESTERDAY
  MAXIMUM         70    301 PM  80    1992  64      6       65
  MINIMUM         35    429 AM  14    1965  31      4       37
  AVERAGE         53                        48      5       51

PRECIPITATION (IN)
  YESTERDAY        0.00          0.66 1977   0.04  -0.04      T
  MONTH TO DATE    T                         0.18  -0.18      T
  SINCE OCT 1     10.79                      5.80   4.99     2.72
  SINCE JAN 1      6.43                      3.51   2.92     1.55

SNOWFALL (IN)
  YESTERDAY        0.0           6.0  1964   0.1   -0.1      0.0
  MONTH TO DATE    0.0                       0.6   -0.6      0.0
  SINCE MAR 1     21.1                      14.1    7.0      8.7
  SINCE JUL 1    100.4                      49.0   51.4     19.7
  SNOW DEPTH       0

DEGREE DAYS
 HEATING
  YESTERDAY       12                        17     -5       14
  MONTH TO DATE   83                        89     -6       50
  SINCE MAR 1   1499                      1655   -156     1405
  SINCE JUL 1   6873                      6992   -119     5649

 COOLING
  YESTERDAY        0                         0      0        0
  MONTH TO DATE    0                         0      0        0
  SINCE MAR 1      0                         0      0        0
  SINCE JAN 1      0                         0      0        0
..................................................................


WIND (MPH)
  HIGHEST WIND SPEED    35   HIGHEST WIND DIRECTION    SE (150)
  HIGHEST GUST SPEED    44   HIGHEST GUST DIRECTION    SE (140)
  AVERAGE WIND SPEED    12.9



WEATHER CONDITIONS
 THE FOLLOWING WEATHER WAS RECORDED YESTERDAY.
  NO SIGNIFICANT WEATHER WAS OBSERVED.


RELATIVE HUMIDITY (PERCENT)
 HIGHEST    70           400 AM
 LOWEST     10           300 PM
 AVERAGE    40

..........................................................


THE ELY AIRPORT NV CLIMATE NORMALS FOR TODAY
                         NORMAL    RECORD    YEAR
 MAXIMUM TEMPERATURE (F)   64        82      1989
 MINIMUM TEMPERATURE (F)   32         9      1965


SUNRISE AND SUNSET
MAY  6 2016...........SUNRISE   534 AM PDT   SUNSET   738 PM PDT
MAY  7 2016...........SUNRISE   533 AM PDT   SUNSET   739 PM PDT


-  INDICATES NEGATIVE NUMBERS.
R  INDICATES RECORD WAS SET OR TIED.
MM INDICATES DATA IS MISSING.
T  INDICATES TRACE AMOUNT.




$$
