000
CDUS45 KLKN 260929
CLIELY


CLIMATE REPORT
NATIONAL WEATHER SERVICE ELKO NV
129 AM PST FRI DEC 26 2014


...................................

...THE ELY AIRPORT NV CLIMATE SUMMARY FOR DECEMBER 25 2014...

CLIMATE NORMAL PERIOD 1981 TO 2010
CLIMATE RECORD PERIOD 1893 TO 2014


WEATHER ITEM   OBSERVED TIME   RECORD YEAR NORMAL DEPARTURE LAST
                VALUE   (LST)  VALUE       VALUE  FROM      YEAR
                                                  NORMAL
..................................................................
TEMPERATURE (F)
 YESTERDAY
  MAXIMUM         28   1220 AM  60    1910  39    -11       40
  MINIMUM         14   1155 PM -17    1948  10      4        7
  AVERAGE         21                        25     -4       24

PRECIPITATION (IN)
  YESTERDAY        0.01          0.76 2003   0.03  -0.02     0.00
  MONTH TO DATE    0.54                      0.46   0.08     0.99
  SINCE OCT 1      0.98                      2.16  -1.18     2.68
  SINCE JAN 1      9.07                      9.63  -0.56     8.54

SNOWFALL (IN)
  YESTERDAY        0.3          13.0  2003   0.4   -0.1      0.0
  MONTH TO DATE    4.0                       6.4   -2.4     12.9
  SINCE DEC 1      4.0                       6.4   -2.4     12.9
  SINCE JUL 1      4.7                      15.9  -11.2     25.8
  SNOW DEPTH       2

DEGREE DAYS
 HEATING
  YESTERDAY       44                        40      4       41
  MONTH TO DATE  771                       986   -215     1111
  SINCE DEC 1    771                       986   -215     1111
  SINCE JUL 1   2218                      2854   -636     2876

 COOLING
  YESTERDAY        0                         0      0        0
  MONTH TO DATE    0                         0      0        0
  SINCE DEC 1      0                         0      0        0
  SINCE JAN 1    286                       218     68      387
..................................................................


WIND (MPH)
  HIGHEST WIND SPEED    26   HIGHEST WIND DIRECTION    NW (320)
  HIGHEST GUST SPEED    35   HIGHEST GUST DIRECTION    NW (300)
  AVERAGE WIND SPEED    12.7



WEATHER CONDITIONS
 THE FOLLOWING WEATHER WAS RECORDED YESTERDAY.
  LIGHT SNOW
  FOG


RELATIVE HUMIDITY (PERCENT)
 HIGHEST    91           800 PM
 LOWEST     60           300 PM
 AVERAGE    76

..........................................................


THE ELY AIRPORT NV CLIMATE NORMALS FOR TODAY
                         NORMAL    RECORD    YEAR
 MAXIMUM TEMPERATURE (F)   39        58      1980
                                             1976
 MINIMUM TEMPERATURE (F)   10       -19      1988


SUNRISE AND SUNSET
DECEMBER 26 2014......SUNRISE   658 AM PST   SUNSET   423 PM PST
DECEMBER 27 2014......SUNRISE   658 AM PST   SUNSET   423 PM PST


-  INDICATES NEGATIVE NUMBERS.
R  INDICATES RECORD WAS SET OR TIED.
MM INDICATES DATA IS MISSING.
T  INDICATES TRACE AMOUNT.




$$
