000
CDUS45 KLKN 300928
CLIELY


CLIMATE REPORT
NATIONAL WEATHER SERVICE ELKO NV
228 AM PDT THU MAR 30 2017


...................................

...THE ELY AIRPORT NV CLIMATE SUMMARY FOR MARCH 29 2017...

CLIMATE NORMAL PERIOD 1981 TO 2010
CLIMATE RECORD PERIOD 1893 TO 2017


WEATHER ITEM   OBSERVED TIME   RECORD YEAR NORMAL DEPARTURE LAST
                VALUE   (LST)  VALUE       VALUE  FROM      YEAR
                                                  NORMAL
..................................................................
TEMPERATURE (F)
 YESTERDAY
  MAXIMUM         62    321 PM  72    2015  53      9       31
  MINIMUM         23    609 AM   2    1897  24     -1       20
  AVERAGE         43                        39      4       26

PRECIPITATION (IN)
  YESTERDAY        0.00          0.35 1899   0.03  -0.03     0.07
  MONTH TO DATE    1.06                      0.87   0.19     1.56
  SINCE OCT 1      6.09                      4.61   1.48     9.10
  SINCE JAN 1      4.31                      2.32   1.99     4.74

SNOWFALL (IN)
  YESTERDAY        0.0           4.3  1979   0.3   -0.3      0.8
  MONTH TO DATE    6.6                       7.8   -1.2     16.2
  SINCE MAR 1      6.6                       7.8   -1.2     16.2
  SINCE JUL 1     56.2                      42.7   13.5     95.5
  SNOW DEPTH       0

DEGREE DAYS
 HEATING
  YESTERDAY       22                        26     -4       39
  MONTH TO DATE  681                       838   -157      727
  SINCE MAR 1    681                       838   -157      727
  SINCE JUL 1   5642                      6175   -533     6101

 COOLING
  YESTERDAY        0                         0      0        0
  MONTH TO DATE    0                         0      0        0
  SINCE MAR 1      0                         0      0        0
  SINCE JAN 1      0                         0      0        0
..................................................................


WIND (MPH)
  HIGHEST WIND SPEED    13   HIGHEST WIND DIRECTION     W (280)
  HIGHEST GUST SPEED    17   HIGHEST GUST DIRECTION     W (280)
  AVERAGE WIND SPEED     5.1



WEATHER CONDITIONS
 THE FOLLOWING WEATHER WAS RECORDED YESTERDAY.
  NO SIGNIFICANT WEATHER WAS OBSERVED.


RELATIVE HUMIDITY (PERCENT)
 HIGHEST    96           400 AM
 LOWEST     27           500 PM
 AVERAGE    62

..........................................................


THE ELY AIRPORT NV CLIMATE NORMALS FOR TODAY
                         NORMAL    RECORD    YEAR
 MAXIMUM TEMPERATURE (F)   54        74      2015
 MINIMUM TEMPERATURE (F)   24        -4      1897


SUNRISE AND SUNSET
MARCH 30 2017.........SUNRISE   626 AM PDT   SUNSET   702 PM PDT
MARCH 31 2017.........SUNRISE   625 AM PDT   SUNSET   703 PM PDT


-  INDICATES NEGATIVE NUMBERS.
R  INDICATES RECORD WAS SET OR TIED.
MM INDICATES DATA IS MISSING.
T  INDICATES TRACE AMOUNT.




$$
