000
CDUS45 KLKN 290932
CLIELY


CLIMATE REPORT
NATIONAL WEATHER SERVICE ELKO NV
231 AM PDT SUN MAR 29 2015


...................................

...THE ELY AIRPORT NV CLIMATE SUMMARY FOR MARCH 28 2015...

CLIMATE NORMAL PERIOD 1981 TO 2010
CLIMATE RECORD PERIOD 1893 TO 2015


WEATHER ITEM   OBSERVED TIME   RECORD YEAR NORMAL DEPARTURE LAST
                VALUE   (LST)  VALUE       VALUE  FROM      YEAR
                                                  NORMAL
..................................................................
TEMPERATURE (F)
 YESTERDAY
  MAXIMUM         72R   319 PM  71    1986  53     19       55
  MINIMUM         32    445 AM   6    1975  24      8       18
                                      1972
  AVERAGE         52                        39     13       37

PRECIPITATION (IN)
  YESTERDAY        0.00          0.47 1993   0.03  -0.03     0.00
  MONTH TO DATE    0.36                      0.84  -0.48     0.19
  SINCE OCT 1      2.05                      4.58  -2.53     4.60
  SINCE JAN 1      0.88                      2.29  -1.41     1.92

SNOWFALL (IN)
  YESTERDAY        0.0           4.2  1958   0.2   -0.2      0.0
  MONTH TO DATE    5.0                       7.5   -2.5      2.0
  SINCE MAR 1      5.0                       7.5   -2.5      2.0
  SINCE JUL 1     16.0                      42.4  -26.4     41.1
  SNOW DEPTH       0

DEGREE DAYS
 HEATING
  YESTERDAY       13                        26    -13       28
  MONTH TO DATE  653                       812   -159      754
  SINCE MAR 1    653                       812   -159      754
  SINCE JUL 1   4897                      6149  -1252     5773

 COOLING
  YESTERDAY        0                         0      0        0
  MONTH TO DATE    0                         0      0        0
  SINCE MAR 1      0                         0      0        0
  SINCE JAN 1      0                         0      0        0
..................................................................


WIND (MPH)
  HIGHEST WIND SPEED    21   HIGHEST WIND DIRECTION     W (280)
  HIGHEST GUST SPEED    28   HIGHEST GUST DIRECTION     W (260)
  AVERAGE WIND SPEED     8.4



WEATHER CONDITIONS
 THE FOLLOWING WEATHER WAS RECORDED YESTERDAY.
  NO SIGNIFICANT WEATHER WAS OBSERVED.


RELATIVE HUMIDITY (PERCENT)
 HIGHEST    51           500 AM
 LOWEST      7           200 PM
 AVERAGE    29

..........................................................


THE ELY AIRPORT NV CLIMATE NORMALS FOR TODAY
                         NORMAL    RECORD    YEAR
 MAXIMUM TEMPERATURE (F)   53        70      1968
 MINIMUM TEMPERATURE (F)   24         2      1897


SUNRISE AND SUNSET
MARCH 29 2015.........SUNRISE   629 AM PDT   SUNSET   700 PM PDT
MARCH 30 2015.........SUNRISE   627 AM PDT   SUNSET   701 PM PDT


-  INDICATES NEGATIVE NUMBERS.
R  INDICATES RECORD WAS SET OR TIED.
MM INDICATES DATA IS MISSING.
T  INDICATES TRACE AMOUNT.




$$
