000
CDUS45 KLKN 240930
CLIELY


CLIMATE REPORT
NATIONAL WEATHER SERVICE ELKO NV
226 AM PDT SAT JUN 24 2017


...................................

...THE ELY AIRPORT NV CLIMATE SUMMARY FOR JUNE 23 2017...

CLIMATE NORMAL PERIOD 1981 TO 2010
CLIMATE RECORD PERIOD 1893 TO 2017


WEATHER ITEM   OBSERVED TIME   RECORD YEAR NORMAL DEPARTURE LAST
                VALUE   (LST)  VALUE       VALUE  FROM      YEAR
                                                  NORMAL
..................................................................
TEMPERATURE (F)
 YESTERDAY
  MAXIMUM         92    340 PM  96    1954  82     10       91
  MINIMUM         41    442 AM  30    1976  43     -2       46
  AVERAGE         67                        63      4       69

PRECIPITATION (IN)
  YESTERDAY        0.00          0.25 1952   0.02  -0.02     0.00
  MONTH TO DATE    0.02                      0.58  -0.56     1.54
  SINCE OCT 1      7.97                      7.30   0.67    12.86
  SINCE JAN 1      6.19                      5.01   1.18     8.50

SNOWFALL (IN)
  YESTERDAY        0.0           0.0  1893   0.0    0.0      0.0
  MONTH TO DATE    T                         0.1   -0.1      0.0
  SINCE JUN 1      T                         0.1   -0.1      0.0
  SINCE JUL 1     68.0                      50.8   17.2    100.4
  SNOW DEPTH       0

DEGREE DAYS
 HEATING
  YESTERDAY        0                         3     -3        0
  MONTH TO DATE   68                       157    -89       58
  SINCE JUN 1     68                       157    -89       58
  SINCE JUL 1   6857                      7504   -647     7319

 COOLING
  YESTERDAY        2                         1      1        4
  MONTH TO DATE   49                        11     38       34
  SINCE JUN 1     49                        11     38       34
  SINCE JAN 1     49                        12     37       34
..................................................................


WIND (MPH)
  HIGHEST WIND SPEED    20   HIGHEST WIND DIRECTION     W (280)
  HIGHEST GUST SPEED    27   HIGHEST GUST DIRECTION     N (340)
  AVERAGE WIND SPEED     8.0



WEATHER CONDITIONS
 THE FOLLOWING WEATHER WAS RECORDED YESTERDAY.
  NO SIGNIFICANT WEATHER WAS OBSERVED.


RELATIVE HUMIDITY (PERCENT)
 HIGHEST    49           500 AM
 LOWEST     13           600 PM
 AVERAGE    31

..........................................................


THE ELY AIRPORT NV CLIMATE NORMALS FOR TODAY
                         NORMAL    RECORD    YEAR
 MAXIMUM TEMPERATURE (F)   83        96      1988
                                             1981
 MINIMUM TEMPERATURE (F)   44        26      1993


SUNRISE AND SUNSET
JUNE 24 2017..........SUNRISE   514 AM PDT   SUNSET   810 PM PDT
JUNE 25 2017..........SUNRISE   514 AM PDT   SUNSET   810 PM PDT


-  INDICATES NEGATIVE NUMBERS.
R  INDICATES RECORD WAS SET OR TIED.
MM INDICATES DATA IS MISSING.
T  INDICATES TRACE AMOUNT.




$$
