000
CDUS45 KLKN 290027
CLIELY


CLIMATE REPORT
NATIONAL WEATHER SERVICE ELKO NV
527 PM PDT THU MAY 28 2015


...................................

...THE ELY AIRPORT NV CLIMATE SUMMARY FOR MAY 28 2015...
VALID TODAY AS OF 0500 PM LOCAL TIME.

CLIMATE NORMAL PERIOD 1981 TO 2010
CLIMATE RECORD PERIOD 1893 TO 2015


WEATHER ITEM   OBSERVED TIME   RECORD YEAR NORMAL DEPARTURE LAST
                VALUE   (LST)  VALUE       VALUE  FROM      YEAR
                                                  NORMAL
..................................................................
TEMPERATURE (F)
 TODAY
  MAXIMUM         71    304 PM  92    2003  72     -1       80
  MINIMUM         38    502 AM  23    1982  36      2       54
                                      1954
                                      1953
  AVERAGE         55                        54      1       67

PRECIPITATION (IN)
  TODAY            T             0.50 1896   0.04  -0.04     0.00
  MONTH TO DATE    1.78                      1.00   0.78     0.96
  SINCE OCT 1      4.50                      6.62  -2.12     6.85
  SINCE JAN 1      3.33                      4.33  -1.00     4.17

SNOWFALL (IN)
  TODAY            0.0           1.5  2011   0.1   -0.1      0.0
  MONTH TO DATE    T                         2.3   -2.3      1.7
  SINCE MAR 1      8.7                      15.8   -7.1     12.7
  SINCE JUL 1     19.7                      50.7  -31.0     51.8
  SNOW DEPTH       0

DEGREE DAYS
 HEATING
  TODAY           10                        11     -1        0
  MONTH TO DATE  433                       411     22      378
  SINCE MAR 1   1788                      1977   -189     1841
  SINCE JUL 1   6032                      7314  -1282     6860

 COOLING
  TODAY            0                         0      0        2
  MONTH TO DATE    0                         0      0        2
  SINCE MAR 1      0                         0      0        2
  SINCE JAN 1      0                         0      0        2
..................................................................


WIND (MPH)
  HIGHEST WIND SPEED    21   HIGHEST WIND DIRECTION     N (10)
  HIGHEST GUST SPEED    26   HIGHEST GUST DIRECTION     N (350)



WEATHER CONDITIONS
 THE FOLLOWING WEATHER WAS RECORDED TODAY.
  NO SIGNIFICANT WEATHER WAS OBSERVED.


RELATIVE HUMIDITY (PERCENT)
 HIGHEST   100           400 AM
 LOWEST     27           300 PM
 AVERAGE    64

..........................................................


THE ELY AIRPORT NV CLIMATE NORMALS FOR TOMORROW
                         NORMAL    RECORD    YEAR
 MAXIMUM TEMPERATURE (F)   72        91      2003
                                             1910
 MINIMUM TEMPERATURE (F)   36        22      2006


SUNRISE AND SUNSET
MAY 28 2015...........SUNRISE   517 AM PDT   SUNSET   757 PM PDT
MAY 29 2015...........SUNRISE   516 AM PDT   SUNSET   758 PM PDT


-  INDICATES NEGATIVE NUMBERS.
R  INDICATES RECORD WAS SET OR TIED.
MM INDICATES DATA IS MISSING.
T  INDICATES TRACE AMOUNT.




$$
