000
CDUS45 KLKN 280935
CLIELY


CLIMATE REPORT
NATIONAL WEATHER SERVICE ELKO NV
132 AM PST SAT FEB 28 2015


...................................

...THE ELY AIRPORT NV CLIMATE SUMMARY FOR FEBRUARY 27 2015...

CLIMATE NORMAL PERIOD 1981 TO 2010
CLIMATE RECORD PERIOD 1893 TO 2015


WEATHER ITEM   OBSERVED TIME   RECORD YEAR NORMAL DEPARTURE LAST
                VALUE   (LST)  VALUE       VALUE  FROM      YEAR
                                                  NORMAL
..................................................................
TEMPERATURE (F)
 YESTERDAY
  MAXIMUM         43    227 PM  63    1972  46     -3       45
  MINIMUM         15    316 AM -18    1962  19     -4       27
  AVERAGE         29                        32     -3       36

PRECIPITATION (IN)
  YESTERDAY        0.04          0.62 1904   0.03   0.01     0.25
  MONTH TO DATE    0.04                      0.72  -0.68     0.60
  SINCE OCT 1      1.52                      3.71  -2.19     4.07
  SINCE JAN 1      0.35                      1.42  -1.07     1.39

SNOWFALL (IN)
  YESTERDAY        0.9           9.0  1904   0.2    0.7      2.0
  MONTH TO DATE    0.9                       7.6   -6.7      2.8
  SINCE DEC 1      7.6                      25.1  -17.5     25.6
  SINCE JUL 1      8.3                      34.6  -26.3     38.5
  SNOW DEPTH       0

DEGREE DAYS
 HEATING
  YESTERDAY       36                        33      3       29
  MONTH TO DATE  716                       975   -259      869
  SINCE DEC 1   2763                      3436   -673     3225
  SINCE JUL 1   4210                      5304  -1094     4990

 COOLING
  YESTERDAY        0                         0      0        0
  MONTH TO DATE    0                         0      0        0
  SINCE DEC 1      0                         0      0        0
  SINCE JAN 1      0                         0      0        0
..................................................................


WIND (MPH)
  HIGHEST WIND SPEED    21   HIGHEST WIND DIRECTION    SW (230)
  HIGHEST GUST SPEED    25   HIGHEST GUST DIRECTION    SW (230)
  AVERAGE WIND SPEED     6.3



WEATHER CONDITIONS
 THE FOLLOWING WEATHER WAS RECORDED YESTERDAY.
  SNOW
  LIGHT SNOW
  FOG
  HAZE


RELATIVE HUMIDITY (PERCENT)
 HIGHEST    85          1000 PM
 LOWEST     27          1200 PM
 AVERAGE    56

..........................................................


THE ELY AIRPORT NV CLIMATE NORMALS FOR TODAY
                         NORMAL    RECORD    YEAR
 MAXIMUM TEMPERATURE (F)   46        67      1986
 MINIMUM TEMPERATURE (F)   19        -9      1997


SUNRISE AND SUNSET
FEBRUARY 28 2015......SUNRISE   614 AM PST   SUNSET   531 PM PST
MARCH  1 2015.........SUNRISE   612 AM PST   SUNSET   532 PM PST


-  INDICATES NEGATIVE NUMBERS.
R  INDICATES RECORD WAS SET OR TIED.
MM INDICATES DATA IS MISSING.
T  INDICATES TRACE AMOUNT.




$$
