000
CDUS43 KTOP 200637
CLIEMP


CLIMATE REPORT
NATIONAL WEATHER SERVICE TOPEKA KS
1237 AM CST FRI JAN 20 2017


...................................

...THE EMPORIA KS CLIMATE SUMMARY FOR JANUARY 19 2017...

CLIMATE NORMAL PERIOD 1981 TO 2010
CLIMATE RECORD PERIOD 9999 TO 9999


WEATHER ITEM   OBSERVED NORMAL DEPARTURE LAST
                VALUE   VALUE  FROM      YEAR
                               NORMAL
...............................................
TEMPERATURE (F)
 YESTERDAY
  MAXIMUM         47     41      6       28
  MINIMUM         39     21     18       22
  AVERAGE         43     31     12       25

PRECIPITATION (IN)
  YESTERDAY        T      0.02  -0.02      T
  MONTH TO DATE    1.02   0.27   0.75     0.37
  SINCE DEC 1      1.79   1.62   0.17     3.46
  SINCE JAN 1      1.02   0.27   0.75     0.37

DEGREE DAYS
 HEATING
  YESTERDAY       22     34    -12       40
  MONTH TO DATE  637    646     -9      559
  SINCE DEC 1   1683   1639     44     1339
  SINCE JUL 1   2233   2579   -346     2058

 COOLING
  YESTERDAY        0      0      0        0
  MONTH TO DATE    0      0      0        0
  SINCE DEC 1      0      0      0        0
  SINCE JAN 1      0      0      0        0
...............................................


WIND (MPH)
  HIGHEST WIND SPEED    16   HIGHEST WIND DIRECTION    SE (140)
  HIGHEST GUST SPEED    19   HIGHEST GUST DIRECTION    SE (120)
  AVERAGE WIND SPEED     8.4


SKY COVER
  AVERAGE SKY COVER 1.0


WEATHER CONDITIONS
 THE FOLLOWING WEATHER WAS RECORDED YESTERDAY.
  LIGHT RAIN
  FOG
  FOG W/VISIBILITY <= 1/4 MILE


RELATIVE HUMIDITY (PERCENT)
 HIGHEST   100
 LOWEST     83
 AVERAGE    92

..........................................................


THE EMPORIA KS CLIMATE NORMALS FOR TODAY
                         NORMAL
 MAXIMUM TEMPERATURE (F)   41
 MINIMUM TEMPERATURE (F)   21


SUNRISE AND SUNSET
JANUARY 20 2017.......SUNRISE   738 AM CST   SUNSET   534 PM CST
JANUARY 21 2017.......SUNRISE   738 AM CST   SUNSET   535 PM CST


-  INDICATES NEGATIVE NUMBERS.
R  INDICATES RECORD WAS SET OR TIED.
MM INDICATES DATA IS MISSING.
T  INDICATES TRACE AMOUNT.




$$
