000
CDUS43 KTOP 170634
CLIEMP


CLIMATE REPORT
NATIONAL WEATHER SERVICE TOPEKA KS
133 AM CDT THU APR 17 2014


...................................

...THE EMPORIA KS CLIMATE SUMMARY FOR APRIL 16 2014...

CLIMATE NORMAL PERIOD 1981 TO 2010
CLIMATE RECORD PERIOD 9999 TO 9999


WEATHER ITEM   OBSERVED NORMAL DEPARTURE LAST
                VALUE   VALUE  FROM      YEAR
                               NORMAL
...............................................
TEMPERATURE (F)
 YESTERDAY
  MAXIMUM         69     68      1       46
  MINIMUM         43     44     -1       41
  AVERAGE         56     56      0       44

PRECIPITATION (IN)
  YESTERDAY        0.00   0.12  -0.12      T
  MONTH TO DATE    0.51   1.40  -0.89     1.32
  SINCE MAR 1      0.92   3.93  -3.01     3.00
  SINCE JAN 1      1.41   5.79  -4.38     5.78

DEGREE DAYS
 HEATING
  YESTERDAY        9     10     -1       21
  MONTH TO DATE  213    193     20      250
  SINCE MAR 1    952    803    149     1036
  SINCE JUL 1   5277   4625    652     4632

 COOLING
  YESTERDAY        0      1     -1        0
  MONTH TO DATE    5     10     -5        0
  SINCE MAR 1      5     12     -7        0
  SINCE JAN 1      5     12     -7        0
...............................................


WIND (MPH)
  HIGHEST WIND SPEED    39   HIGHEST WIND DIRECTION     S (200)
  HIGHEST GUST SPEED    50   HIGHEST GUST DIRECTION     S (190)
  AVERAGE WIND SPEED    22.1


SKY COVER
  AVERAGE SKY COVER 0.0


WEATHER CONDITIONS
 THE FOLLOWING WEATHER WAS RECORDED YESTERDAY.
  NO SIGNIFICANT WEATHER WAS OBSERVED.


RELATIVE HUMIDITY (PERCENT)
 HIGHEST    61
 LOWEST     22
 AVERAGE    42

..........................................................


THE EMPORIA KS CLIMATE NORMALS FOR TODAY
                         NORMAL
 MAXIMUM TEMPERATURE (F)   68
 MINIMUM TEMPERATURE (F)   44


SUNRISE AND SUNSET
APRIL 17 2014.........SUNRISE   646 AM CDT   SUNSET   803 PM CDT
APRIL 18 2014.........SUNRISE   645 AM CDT   SUNSET   804 PM CDT


-  INDICATES NEGATIVE NUMBERS.
R  INDICATES RECORD WAS SET OR TIED.
MM INDICATES DATA IS MISSING.
T  INDICATES TRACE AMOUNT.




$$
