000
CDUS43 KTOP 200632
CLIEMP


CLIMATE REPORT
NATIONAL WEATHER SERVICE TOPEKA KS
131 AM CDT MON OCT 20 2014


...................................

...THE EMPORIA KS CLIMATE SUMMARY FOR OCTOBER 19 2014...

CLIMATE NORMAL PERIOD 1981 TO 2010
CLIMATE RECORD PERIOD 9999 TO 9999


WEATHER ITEM   OBSERVED NORMAL DEPARTURE LAST
                VALUE   VALUE  FROM      YEAR
                               NORMAL
...............................................
TEMPERATURE (F)
 YESTERDAY
  MAXIMUM         72     68      4       64
  MINIMUM         40     44     -4       32
  AVERAGE         56     56      0       48

PRECIPITATION (IN)
  YESTERDAY        0.00   0.11  -0.11     0.00
  MONTH TO DATE    3.27   1.85   1.42     1.42
  SINCE SEP 1      7.07   5.24   1.83     4.37
  SINCE JAN 1     25.83  31.85  -6.02    28.46

DEGREE DAYS
 HEATING
  YESTERDAY        9     10     -1       17
  MONTH TO DATE  142    136      6      148
  SINCE SEP 1    188    185      3      164
  SINCE JUL 1    190    186      4      166

 COOLING
  YESTERDAY        0      1     -1        0
  MONTH TO DATE   13     27    -14       30
  SINCE SEP 1    159    192    -33      246
  SINCE JAN 1   1362   1400    -38     1375
...............................................


WIND (MPH)
  HIGHEST WIND SPEED    17   HIGHEST WIND DIRECTION     S (190)
  HIGHEST GUST SPEED    22   HIGHEST GUST DIRECTION    SW (210)
  AVERAGE WIND SPEED     7.3


SKY COVER
  AVERAGE SKY COVER 0.1


WEATHER CONDITIONS
 THE FOLLOWING WEATHER WAS RECORDED YESTERDAY.
  NO SIGNIFICANT WEATHER WAS OBSERVED.


RELATIVE HUMIDITY (PERCENT)
 HIGHEST    96
 LOWEST     40
 AVERAGE    68

..........................................................


THE EMPORIA KS CLIMATE NORMALS FOR TODAY
                         NORMAL
 MAXIMUM TEMPERATURE (F)   67
 MINIMUM TEMPERATURE (F)   44


SUNRISE AND SUNSET
OCTOBER 20 2014.......SUNRISE   739 AM CDT   SUNSET   640 PM CDT
OCTOBER 21 2014.......SUNRISE   740 AM CDT   SUNSET   639 PM CDT


-  INDICATES NEGATIVE NUMBERS.
R  INDICATES RECORD WAS SET OR TIED.
MM INDICATES DATA IS MISSING.
T  INDICATES TRACE AMOUNT.




$$
