000
CDUS43 KTOP 260635
CLIEMP


CLIMATE REPORT
NATIONAL WEATHER SERVICE TOPEKA KS
1234 AM CST MON JAN 26 2015


...................................

...THE EMPORIA KS CLIMATE SUMMARY FOR JANUARY 25 2015...

CLIMATE NORMAL PERIOD 1981 TO 2010
CLIMATE RECORD PERIOD 9999 TO 9999


WEATHER ITEM   OBSERVED NORMAL DEPARTURE LAST
                VALUE   VALUE  FROM      YEAR
                               NORMAL
...............................................
TEMPERATURE (F)
 YESTERDAY
  MAXIMUM         49     42      7       52
  MINIMUM         28     21      7       30
  AVERAGE         39     31      8       41

PRECIPITATION (IN)
  YESTERDAY        T      0.03  -0.03     0.00
  MONTH TO DATE    0.06   0.42  -0.36     0.12
  SINCE DEC 1      1.65   1.77  -0.12     0.62
  SINCE JAN 1      0.06   0.42  -0.36     0.12

DEGREE DAYS
 HEATING
  YESTERDAY       26     34     -8       24
  MONTH TO DATE  875    850     25      912
  SINCE DEC 1   1806   1843    -37     2017
  SINCE JUL 1   2856   2783     73     3048

 COOLING
  YESTERDAY        0      0      0        0
  MONTH TO DATE    0      0      0        0
  SINCE DEC 1      0      0      0        0
  SINCE JAN 1      0      0      0        0
...............................................


WIND (MPH)
  HIGHEST WIND SPEED    33   HIGHEST WIND DIRECTION    NW (330)
  HIGHEST GUST SPEED    43   HIGHEST GUST DIRECTION    NW (330)
  AVERAGE WIND SPEED    16.9


SKY COVER
  AVERAGE SKY COVER 0.7


WEATHER CONDITIONS
 THE FOLLOWING WEATHER WAS RECORDED YESTERDAY.
  NO SIGNIFICANT WEATHER WAS OBSERVED.


RELATIVE HUMIDITY (PERCENT)
 HIGHEST    85
 LOWEST     58
 AVERAGE    72

..........................................................


THE EMPORIA KS CLIMATE NORMALS FOR TODAY
                         NORMAL
 MAXIMUM TEMPERATURE (F)   42
 MINIMUM TEMPERATURE (F)   21


SUNRISE AND SUNSET
JANUARY 26 2015.......SUNRISE   735 AM CST   SUNSET   540 PM CST
JANUARY 27 2015.......SUNRISE   734 AM CST   SUNSET   541 PM CST


-  INDICATES NEGATIVE NUMBERS.
R  INDICATES RECORD WAS SET OR TIED.
MM INDICATES DATA IS MISSING.
T  INDICATES TRACE AMOUNT.




$$
