000
CDUS43 KTOP 270637
CLIEMP


CLIMATE REPORT
NATIONAL WEATHER SERVICE TOPEKA KS
137 AM CDT FRI MAR 27 2015


...................................

...THE EMPORIA KS CLIMATE SUMMARY FOR MARCH 26 2015...

CLIMATE NORMAL PERIOD 1981 TO 2010
CLIMATE RECORD PERIOD 9999 TO 9999


WEATHER ITEM   OBSERVED NORMAL DEPARTURE LAST
                VALUE   VALUE  FROM      YEAR
                               NORMAL
...............................................
TEMPERATURE (F)
 YESTERDAY
  MAXIMUM         55     61     -6       59
  MINIMUM         31     37     -6       27
  AVERAGE         43     49     -6       43

PRECIPITATION (IN)
  YESTERDAY        0.08   0.07   0.01     0.12
  MONTH TO DATE    0.58   2.14  -1.56     0.41
  SINCE MAR 1      0.58   2.14  -1.56     0.41
  SINCE JAN 1      1.98   4.00  -2.02     0.90

DEGREE DAYS
 HEATING
  YESTERDAY       22     16      6       22
  MONTH TO DATE  467    533    -66      667
  SINCE MAR 1    467    533    -66      667
  SINCE JUL 1   4468   4355    113     4992

 COOLING
  YESTERDAY        0      0      0        0
  MONTH TO DATE    1      0      1        0
  SINCE MAR 1      1      0      1        0
  SINCE JAN 1      1      0      1        0
...............................................


WIND (MPH)
  HIGHEST WIND SPEED    23   HIGHEST WIND DIRECTION    NE (30)
  HIGHEST GUST SPEED    28   HIGHEST GUST DIRECTION    NE (40)
  AVERAGE WIND SPEED     9.4


SKY COVER
  AVERAGE SKY COVER 0.3


WEATHER CONDITIONS
 THE FOLLOWING WEATHER WAS RECORDED YESTERDAY.
  RAIN
  LIGHT RAIN
  FOG


RELATIVE HUMIDITY (PERCENT)
 HIGHEST    92
 LOWEST     32
 AVERAGE    62

..........................................................


THE EMPORIA KS CLIMATE NORMALS FOR TODAY
                         NORMAL
 MAXIMUM TEMPERATURE (F)   62
 MINIMUM TEMPERATURE (F)   37


SUNRISE AND SUNSET
MARCH 27 2015.........SUNRISE   718 AM CDT   SUNSET   743 PM CDT
MARCH 28 2015.........SUNRISE   716 AM CDT   SUNSET   744 PM CDT


-  INDICATES NEGATIVE NUMBERS.
R  INDICATES RECORD WAS SET OR TIED.
MM INDICATES DATA IS MISSING.
T  INDICATES TRACE AMOUNT.




$$
