000
CDUS43 KTOP 270640
CLIEMP


CLIMATE REPORT
NATIONAL WEATHER SERVICE TOPEKA KS
1239 AM CST SAT DEC 27 2014


...................................

...THE EMPORIA KS CLIMATE SUMMARY FOR DECEMBER 26 2014...

CLIMATE NORMAL PERIOD 1981 TO 2010
CLIMATE RECORD PERIOD 9999 TO 9999


WEATHER ITEM   OBSERVED NORMAL DEPARTURE LAST
                VALUE   VALUE  FROM      YEAR
                               NORMAL
...............................................
TEMPERATURE (F)
 YESTERDAY
  MAXIMUM         47     41      6       50
  MINIMUM         33     21     12       20
  AVERAGE         40     31      9       35

PRECIPITATION (IN)
  YESTERDAY        0.01   0.04  -0.03     0.00
  MONTH TO DATE    1.59   1.21   0.38     0.50
  SINCE DEC 1      1.59   1.21   0.38     0.50
  SINCE JAN 1     27.81  36.25  -8.44    33.43

DEGREE DAYS
 HEATING
  YESTERDAY       25     34     -9       30
  MONTH TO DATE  717    823   -106      946
  SINCE DEC 1    717    823   -106      946
  SINCE JUL 1   1767   1763      4     1977

 COOLING
  YESTERDAY        0      0      0        0
  MONTH TO DATE    0      0      0        0
  SINCE DEC 1      0      0      0        0
  SINCE JAN 1   1380   1403    -23     1375
...............................................


WIND (MPH)
  HIGHEST WIND SPEED    20   HIGHEST WIND DIRECTION     S (180)
  HIGHEST GUST SPEED    24   HIGHEST GUST DIRECTION     S (180)
  AVERAGE WIND SPEED     9.9


SKY COVER
  AVERAGE SKY COVER 0.5


WEATHER CONDITIONS
 THE FOLLOWING WEATHER WAS RECORDED YESTERDAY.
  LIGHT RAIN
  FOG
  HAZE


RELATIVE HUMIDITY (PERCENT)
 HIGHEST    92
 LOWEST     49
 AVERAGE    71

..........................................................


THE EMPORIA KS CLIMATE NORMALS FOR TODAY
                         NORMAL
 MAXIMUM TEMPERATURE (F)   41
 MINIMUM TEMPERATURE (F)   21


SUNRISE AND SUNSET
DECEMBER 27 2014......SUNRISE   741 AM CST   SUNSET   511 PM CST
DECEMBER 28 2014......SUNRISE   741 AM CST   SUNSET   512 PM CST


-  INDICATES NEGATIVE NUMBERS.
R  INDICATES RECORD WAS SET OR TIED.
MM INDICATES DATA IS MISSING.
T  INDICATES TRACE AMOUNT.




$$
