000
CDUS43 KTOP 220634
CLIEMP


CLIMATE REPORT
NATIONAL WEATHER SERVICE TOPEKA KS
132 AM CDT FRI SEP 22 2017


...................................

...THE EMPORIA KS CLIMATE SUMMARY FOR SEPTEMBER 21 2017...

CLIMATE NORMAL PERIOD 1981 TO 2010
CLIMATE RECORD PERIOD 9999 TO 9999


WEATHER ITEM   OBSERVED NORMAL DEPARTURE LAST
                VALUE   VALUE  FROM      YEAR
                               NORMAL
...............................................
TEMPERATURE (F)
 YESTERDAY
  MAXIMUM         92     79     13       90
  MINIMUM         73     55     18       72
  AVERAGE         83     67     16       81

PRECIPITATION (IN)
  YESTERDAY        0.00   0.08  -0.08     0.00
  MONTH TO DATE    1.94   2.47  -0.53     5.37
  SINCE SEP 1      1.94   2.47  -0.53     5.37
  SINCE JAN 1     28.39  29.08  -0.69    33.96

DEGREE DAYS
 HEATING
  YESTERDAY        0      2     -2        0
  MONTH TO DATE    5     16    -11        0
  SINCE SEP 1      5     16    -11        0
  SINCE JUL 1      5     17    -12        0

 COOLING
  YESTERDAY       18      4     14       16
  MONTH TO DATE  144    137      7      186
  SINCE SEP 1    144    137      7      186
  SINCE JAN 1   1234   1345   -111     1522
...............................................


WIND (MPH)
  HIGHEST WIND SPEED    26   HIGHEST WIND DIRECTION     S (160)
  HIGHEST GUST SPEED    34   HIGHEST GUST DIRECTION     S (160)
  AVERAGE WIND SPEED    16.9


SKY COVER
  AVERAGE SKY COVER 0.0


WEATHER CONDITIONS
 THE FOLLOWING WEATHER WAS RECORDED YESTERDAY.
  NO SIGNIFICANT WEATHER WAS OBSERVED.


RELATIVE HUMIDITY (PERCENT)
 HIGHEST    87
 LOWEST     56
 AVERAGE    72

..........................................................


THE EMPORIA KS CLIMATE NORMALS FOR TODAY
                         NORMAL
 MAXIMUM TEMPERATURE (F)   78
 MINIMUM TEMPERATURE (F)   54


SUNRISE AND SUNSET
SEPTEMBER 22 2017.....SUNRISE   713 AM CDT   SUNSET   721 PM CDT
SEPTEMBER 23 2017.....SUNRISE   714 AM CDT   SUNSET   720 PM CDT


-  INDICATES NEGATIVE NUMBERS.
R  INDICATES RECORD WAS SET OR TIED.
MM INDICATES DATA IS MISSING.
T  INDICATES TRACE AMOUNT.




$$
