000
CDUS46 KOTX 300825
CLIEPH


CLIMATE REPORT
NATIONAL WEATHER SERVICE SPOKANE, WA
125 AM PDT TUE JUN 30 2015


...................................

...THE EPHRATA WA AIRPORT CLIMATE SUMMARY FOR JUNE 29 2015...

CLIMATE NORMAL PERIOD 1981 TO 2010
CLIMATE RECORD PERIOD 9999 TO 9999


WEATHER ITEM   OBSERVED TIME   RECORD YEAR NORMAL DEPARTURE LAST
                VALUE   (LST)  VALUE       VALUE  FROM      YEAR
                                                  NORMAL
..................................................................
TEMPERATURE (F)
 YESTERDAY
  MAXIMUM        101    303 PM 103    2008  84     17       82
  MINIMUM         78    525 AM  46    1971  57     21       55
  AVERAGE         90                        70     20       69

PRECIPITATION (IN)
  YESTERDAY        T             0.44 1984   0.02  -0.02     0.00
  MONTH TO DATE    T                         0.60  -0.60     0.26
  SINCE OCT 1      6.85                      6.89  -0.04     3.81
  SINCE JAN 1      4.06                      4.06   0.00     3.06

SNOWFALL (IN)
  YESTERDAY       MM

DEGREE DAYS
 HEATING
  YESTERDAY        0                         1     -1        0
  MONTH TO DATE    4                        58    -54       23
  SINCE JUN 1      4                        58    -54       23
  SINCE JUL 1   4682                      5967  -1285     5758

 COOLING
  YESTERDAY       25                         6     19        4
  MONTH TO DATE  351                       104    247      140
  SINCE JUN 1    351                       104    247      140
  SINCE JAN 1    436                       141    295      184
..................................................................


WIND (MPH)
  HIGHEST WIND SPEED    32   HIGHEST WIND DIRECTION    NW (300)
  HIGHEST GUST SPEED    44   HIGHEST GUST DIRECTION    NW (310)
  AVERAGE WIND SPEED    12.7


SKY COVER
  POSSIBLE SUNSHINE  MM
  AVERAGE SKY COVER 0.0


WEATHER CONDITIONS
 THE FOLLOWING WEATHER WAS RECORDED YESTERDAY.
  HAZE


RELATIVE HUMIDITY (PERCENT)
 HIGHEST    51           600 AM
 LOWEST     22           300 PM
 AVERAGE    37

..........................................................


THE EPHRATA WA AIRPORT CLIMATE NORMALS FOR TODAY
                         NORMAL    RECORD    YEAR
 MAXIMUM TEMPERATURE (F)   84       102      2008
                                             1987
 MINIMUM TEMPERATURE (F)   57        42      1984


SUNRISE AND SUNSET
JUNE 30 2015..........SUNRISE   505 AM PDT   SUNSET   858 PM PDT
JULY  1 2015..........SUNRISE   506 AM PDT   SUNSET   858 PM PDT


-  INDICATES NEGATIVE NUMBERS.
R  INDICATES RECORD WAS SET OR TIED.
MM INDICATES DATA IS MISSING.
T  INDICATES TRACE AMOUNT.




$$
