000
CDUS46 KOTX 020827
CLIEPH


CLIMATE REPORT
NATIONAL WEATHER SERVICE SPOKANE, WA
125 AM PDT SUN AUG 2 2015


...................................

...THE EPHRATA WA AIRPORT CLIMATE SUMMARY FOR AUGUST 1 2015...

CLIMATE NORMAL PERIOD 1981 TO 2010
CLIMATE RECORD PERIOD 9999 TO 9999


WEATHER ITEM   OBSERVED TIME   RECORD YEAR NORMAL DEPARTURE LAST
                VALUE   (LST)  VALUE       VALUE  FROM      YEAR
                                                  NORMAL
..................................................................
TEMPERATURE (F)
 YESTERDAY
  MAXIMUM        104    341 PM 106    2009  90     14      102
  MINIMUM         67    548 AM  51    1987  62      5       67
  AVERAGE         86                        76     10       85

PRECIPITATION (IN)
  YESTERDAY        0.00          0.16 1964   0.01  -0.01     0.00
  MONTH TO DATE    0.00                      0.01  -0.01     0.00
  SINCE OCT 1      6.90                      7.31  -0.41     3.81
  SINCE JAN 1      4.11                      4.48  -0.37     3.06

SNOWFALL (IN)
  YESTERDAY       MM

DEGREE DAYS
 HEATING
  YESTERDAY        0                         0      0        0
  MONTH TO DATE    0                         0      0        0
  SINCE JUN 1      4                        68    -64       24
  SINCE JUL 1      0                         8     -8        1

 COOLING
  YESTERDAY       21                        11     10       20
  MONTH TO DATE   21                        11     10       20
  SINCE JUN 1    846                       414    432      639
  SINCE JAN 1    931                       451    480      683
..................................................................


WIND (MPH)
  HIGHEST WIND SPEED    17   HIGHEST WIND DIRECTION     W (290)
  HIGHEST GUST SPEED    23   HIGHEST GUST DIRECTION    NW (310)
  AVERAGE WIND SPEED     7.8


SKY COVER
  POSSIBLE SUNSHINE  MM
  AVERAGE SKY COVER 0.4


WEATHER CONDITIONS
 THE FOLLOWING WEATHER WAS RECORDED YESTERDAY.
  HAZE


RELATIVE HUMIDITY (PERCENT)
 HIGHEST    26           600 AM
 LOWEST      7           400 PM
 AVERAGE    17

..........................................................


THE EPHRATA WA AIRPORT CLIMATE NORMALS FOR TODAY
                         NORMAL    RECORD    YEAR
 MAXIMUM TEMPERATURE (F)   90       102      1994
 MINIMUM TEMPERATURE (F)   62        37      2001


SUNRISE AND SUNSET
AUGUST  2 2015........SUNRISE   538 AM PDT   SUNSET   830 PM PDT
AUGUST  3 2015........SUNRISE   539 AM PDT   SUNSET   829 PM PDT


-  INDICATES NEGATIVE NUMBERS.
R  INDICATES RECORD WAS SET OR TIED.
MM INDICATES DATA IS MISSING.
T  INDICATES TRACE AMOUNT.




$$
