000
CDUS46 KOTX 290829
CLIEPH


CLIMATE REPORT
NATIONAL WEATHER SERVICE SPOKANE, WA
129 AM PDT MON MAY 29 2017


...................................

...THE EPHRATA WA AIRPORT CLIMATE SUMMARY FOR MAY 28 2017...

CLIMATE NORMAL PERIOD 1981 TO 2010
CLIMATE RECORD PERIOD 9999 TO 9999


WEATHER ITEM   OBSERVED TIME   RECORD YEAR NORMAL DEPARTURE LAST
                VALUE   (LST)  VALUE       VALUE  FROM      YEAR
                                                  NORMAL
..................................................................
TEMPERATURE (F)
 YESTERDAY
  MAXIMUM         91    226 PM  95    2005  76     15       73
  MINIMUM         54    417 AM  35    2011  50      4       45
  AVERAGE         73                        63     10       59

PRECIPITATION (IN)
  YESTERDAY        0.00          0.27 1989   0.03  -0.03     0.00
  MONTH TO DATE    0.74                      0.57   0.17     0.53
  SINCE OCT 1      9.09                      6.21   2.88     7.42
  SINCE JAN 1      5.49                      3.38   2.11     4.70

SNOWFALL (IN)
  YESTERDAY       MM

DEGREE DAYS
 HEATING
  YESTERDAY        0                         4     -4        6
  MONTH TO DATE  178                       200    -22       80
  SINCE MAR 1   1319                      1324     -5      901
  SINCE JUL 1   6097                      5897    200     4854

 COOLING
  YESTERDAY        8                         2      6        0
  MONTH TO DATE   34                        30      4       27
  SINCE MAR 1     34                        32      2       32
  SINCE JAN 1     34                        32      2       32
..................................................................


WIND (MPH)
  HIGHEST WIND SPEED    14   HIGHEST WIND DIRECTION    SW (220)
  HIGHEST GUST SPEED    21   HIGHEST GUST DIRECTION     W (270)
  AVERAGE WIND SPEED     5.6


SKY COVER
  POSSIBLE SUNSHINE  MM
  AVERAGE SKY COVER 0.0


WEATHER CONDITIONS
 THE FOLLOWING WEATHER WAS RECORDED YESTERDAY.
  NO SIGNIFICANT WEATHER WAS OBSERVED.


RELATIVE HUMIDITY (PERCENT)
 HIGHEST    62           500 AM
 LOWEST     16           200 PM
 AVERAGE    39

..........................................................


THE EPHRATA WA AIRPORT CLIMATE NORMALS FOR TODAY
                         NORMAL    RECORD    YEAR
 MAXIMUM TEMPERATURE (F)   76        97      1983
 MINIMUM TEMPERATURE (F)   50        36      2001
                                             1976


SUNRISE AND SUNSET
MAY 29 2017...........SUNRISE   507 AM PDT   SUNSET   844 PM PDT
MAY 30 2017...........SUNRISE   507 AM PDT   SUNSET   845 PM PDT


-  INDICATES NEGATIVE NUMBERS.
R  INDICATES RECORD WAS SET OR TIED.
MM INDICATES DATA IS MISSING.
T  INDICATES TRACE AMOUNT.




$$
