232
CDUS46 KOTX 210836
CLIEPH


CLIMATE REPORT
NATIONAL WEATHER SERVICE SPOKANE, WA
136 AM PDT THU SEP 21 2017


...................................

...THE EPHRATA WA AIRPORT CLIMATE SUMMARY FOR SEPTEMBER 20 2017...

CLIMATE NORMAL PERIOD 1981 TO 2010
CLIMATE RECORD PERIOD 9999 TO 9999


WEATHER ITEM   OBSERVED TIME   RECORD YEAR NORMAL DEPARTURE LAST
                VALUE   (LST)  VALUE       VALUE  FROM      YEAR
                                                  NORMAL
..................................................................
TEMPERATURE (F)
 YESTERDAY
  MAXIMUM         56    407 PM  93    1967  76    -20       71
  MINIMUM         36    256 AM  34    1983  48    -12       36
  AVERAGE         46                        62    -16       54

PRECIPITATION (IN)
  YESTERDAY        0.09          0.22 1959   0.02   0.07     0.00
  MONTH TO DATE    0.09                      0.22  -0.13     0.06
  SINCE OCT 1      9.50                      7.71   1.79     9.07
  SINCE JAN 1      5.90                      4.88   1.02     6.35

SNOWFALL (IN)
  YESTERDAY       MM

DEGREE DAYS
 HEATING
  YESTERDAY       19                         4     15       11
  MONTH TO DATE   54                        48      6       58
  SINCE SEP 1     54                        48      6       58
  SINCE JUL 1     54                        65    -11       60

 COOLING
  YESTERDAY        0                         2     -2        0
  MONTH TO DATE   99                        63     36        7
  SINCE SEP 1     99                        63     36        7
  SINCE JAN 1   1070                       757    313      739
..................................................................


WIND (MPH)
  HIGHEST WIND SPEED    13   HIGHEST WIND DIRECTION    SW (210)
  HIGHEST GUST SPEED    16   HIGHEST GUST DIRECTION    SW (220)
  AVERAGE WIND SPEED     6.1


SKY COVER
  POSSIBLE SUNSHINE  MM
  AVERAGE SKY COVER 0.2


WEATHER CONDITIONS
 THE FOLLOWING WEATHER WAS RECORDED YESTERDAY.
  LIGHT RAIN


RELATIVE HUMIDITY (PERCENT)
 HIGHEST    86          1200 PM
 LOWEST     51           500 PM
 AVERAGE    69

..........................................................


THE EPHRATA WA AIRPORT CLIMATE NORMALS FOR TODAY
                         NORMAL    RECORD    YEAR
 MAXIMUM TEMPERATURE (F)   76        94      1967
 MINIMUM TEMPERATURE (F)   48        36      1996


SUNRISE AND SUNSET
SEPTEMBER 21 2017.....SUNRISE   644 AM PDT   SUNSET   657 PM PDT
SEPTEMBER 22 2017.....SUNRISE   645 AM PDT   SUNSET   655 PM PDT


-  INDICATES NEGATIVE NUMBERS.
R  INDICATES RECORD WAS SET OR TIED.
MM INDICATES DATA IS MISSING.
T  INDICATES TRACE AMOUNT.




$$
