000
CDUS46 KOTX 230821
CLIEPH


CLIMATE REPORT
NATIONAL WEATHER SERVICE SPOKANE, WA
120 AM PDT WED APR 23 2014


...................................

...THE EPHRATA WA AIRPORT CLIMATE SUMMARY FOR APRIL 22 2014...

CLIMATE NORMAL PERIOD 1981 TO 2010
CLIMATE RECORD PERIOD 9999 TO 9999


WEATHER ITEM   OBSERVED TIME   RECORD YEAR NORMAL DEPARTURE LAST
                VALUE   (LST)  VALUE       VALUE  FROM      YEAR
                                                  NORMAL
..................................................................
TEMPERATURE (F)
 YESTERDAY
  MAXIMUM         61    231 PM  83    2012  65     -4       60
  MINIMUM         39   1159 PM  28    2008  39      0       30
                                      1985
  AVERAGE         50                        52     -2       45

PRECIPITATION (IN)
  YESTERDAY        0.32R         0.11 1996   0.01   0.31     0.00
  MONTH TO DATE    0.55                      0.37   0.18     0.63
  SINCE OCT 1      3.06                      5.53  -2.47     5.32
  SINCE JAN 1      2.31                      2.70  -0.39     1.52

SNOWFALL (IN)
  YESTERDAY       MM            MM      MM   0.0   MM       MM
  MONTH TO DATE   MM                         0.0   MM       MM
  SINCE MAR 1     MM                         0.8   MM       MM
  SINCE JUL 1     MM                        18.9   MM       MM
  SNOW DEPTH      MM

DEGREE DAYS
 HEATING
  YESTERDAY       15                        13      2       20
  MONTH TO DATE  282                       343    -61      351
  SINCE MAR 1    944                      1027    -83     1012
  SINCE JUL 1   5526                      5600    -74     5245

 COOLING
  YESTERDAY        0                         0      0        0
  MONTH TO DATE    0                         0      0        0
  SINCE MAR 1      0                         0      0        0
  SINCE JAN 1      0                         0      0        0
..................................................................


WIND (MPH)
  HIGHEST WIND SPEED    22   HIGHEST WIND DIRECTION     W (290)
  HIGHEST GUST SPEED    29   HIGHEST GUST DIRECTION     W (290)
  AVERAGE WIND SPEED    10.7


SKY COVER
  POSSIBLE SUNSHINE  MM
  AVERAGE SKY COVER 0.6


WEATHER CONDITIONS
 THE FOLLOWING WEATHER WAS RECORDED YESTERDAY.
  RAIN
  LIGHT RAIN
  FOG


RELATIVE HUMIDITY (PERCENT)
 HIGHEST    93           200 AM
 LOWEST     21           400 PM
 AVERAGE    57

..........................................................


THE EPHRATA WA AIRPORT CLIMATE NORMALS FOR TODAY
                         NORMAL    RECORD    YEAR
 MAXIMUM TEMPERATURE (F)   65        87      2012
                                             1977
 MINIMUM TEMPERATURE (F)   39        30      2013
                                             2011
                                             2000


SUNRISE AND SUNSET
APRIL 23 2014.........SUNRISE   555 AM PDT   SUNSET   758 PM PDT
APRIL 24 2014.........SUNRISE   553 AM PDT   SUNSET   800 PM PDT


-  INDICATES NEGATIVE NUMBERS.
R  INDICATES RECORD WAS SET OR TIED.
MM INDICATES DATA IS MISSING.
T  INDICATES TRACE AMOUNT.




$$
