000
CDUS46 KOTX 150837
CLIEPH


CLIMATE REPORT
NATIONAL WEATHER SERVICE SPOKANE, WA
136 AM PDT MON SEP 15 2014


...................................

...THE EPHRATA WA AIRPORT CLIMATE SUMMARY FOR SEPTEMBER 14 2014...

CLIMATE NORMAL PERIOD 1981 TO 2010
CLIMATE RECORD PERIOD 9999 TO 9999


WEATHER ITEM   OBSERVED TIME   RECORD YEAR NORMAL DEPARTURE LAST
                VALUE   (LST)  VALUE       VALUE  FROM      YEAR
                                                  NORMAL
..................................................................
TEMPERATURE (F)
 YESTERDAY
  MAXIMUM         83    447 PM  95    2013  79      4       95
                                      2001
  MINIMUM         46    553 AM  38    1970  51     -5       64
  AVERAGE         65                        65      0       80

PRECIPITATION (IN)
  YESTERDAY        0.00          0.18 1959   0.01  -0.01     0.00
  MONTH TO DATE    T                         0.14  -0.14     0.21
  SINCE OCT 1      4.64                      7.63  -2.99     8.25
  SINCE JAN 1      3.89                      4.80  -0.91     4.45

SNOWFALL (IN)
  YESTERDAY       MM            MM      MM   0.0   MM       MM
  MONTH TO DATE   MM                         0.0   MM       MM
  SINCE SEP 1     MM                         0.0   MM       MM
  SINCE JUL 1     MM                         0.0   MM       MM
  SNOW DEPTH      MM

DEGREE DAYS
 HEATING
  YESTERDAY        0                         3     -3        0
  MONTH TO DATE   17                        26     -9        6
  SINCE SEP 1     17                        26     -9        6
  SINCE JUL 1     18                        43    -25        6

 COOLING
  YESTERDAY        0                         3     -3       15
  MONTH TO DATE   30                        51    -21      142
  SINCE SEP 1     30                        51    -21      142
  SINCE JAN 1   1063                       745    318     1066
..................................................................


WIND (MPH)
  HIGHEST WIND SPEED    10   HIGHEST WIND DIRECTION    NW (310)
  HIGHEST GUST SPEED    13   HIGHEST GUST DIRECTION    NW (310)
  AVERAGE WIND SPEED     5.5


SKY COVER
  POSSIBLE SUNSHINE  MM
  AVERAGE SKY COVER 0.0


WEATHER CONDITIONS
 THE FOLLOWING WEATHER WAS RECORDED YESTERDAY.
  NO SIGNIFICANT WEATHER WAS OBSERVED.


RELATIVE HUMIDITY (PERCENT)
 HIGHEST    53           600 AM
 LOWEST     13           400 PM
 AVERAGE    33

..........................................................


THE EPHRATA WA AIRPORT CLIMATE NORMALS FOR TODAY
                         NORMAL    RECORD    YEAR
 MAXIMUM TEMPERATURE (F)   78        94      2013
                                             2001
                                             1967
 MINIMUM TEMPERATURE (F)   50        37      1970


SUNRISE AND SUNSET
SEPTEMBER 15 2014.....SUNRISE   636 AM PDT   SUNSET   710 PM PDT
SEPTEMBER 16 2014.....SUNRISE   637 AM PDT   SUNSET   708 PM PDT


-  INDICATES NEGATIVE NUMBERS.
R  INDICATES RECORD WAS SET OR TIED.
MM INDICATES DATA IS MISSING.
T  INDICATES TRACE AMOUNT.




$$
