000
CDUS46 KOTX 210833
CLIEPH


CLIMATE REPORT
NATIONAL WEATHER SERVICE SPOKANE, WA
133 AM PDT FRI JUL 21 2017


...................................

...THE EPHRATA WA AIRPORT CLIMATE SUMMARY FOR JULY 20 2017...

CLIMATE NORMAL PERIOD 1981 TO 2010
CLIMATE RECORD PERIOD 9999 TO 9999


WEATHER ITEM   OBSERVED TIME   RECORD YEAR NORMAL DEPARTURE LAST
                VALUE   (LST)  VALUE       VALUE  FROM      YEAR
                                                  NORMAL
..................................................................
TEMPERATURE (F)
 YESTERDAY
  MAXIMUM         83    421 PM 104    1979  90     -7       85
  MINIMUM         63   1159 PM  47    1972  61      2       58
  AVERAGE         73                        75     -2       72

PRECIPITATION (IN)
  YESTERDAY        0.00          0.32 2012   0.01  -0.01     0.00
  MONTH TO DATE    0.00                      0.26  -0.26     0.21
  SINCE OCT 1      9.35                      7.16   2.19     8.90
  SINCE JAN 1      5.75                      4.33   1.42     6.18

SNOWFALL (IN)
  YESTERDAY       MM

DEGREE DAYS
 HEATING
  YESTERDAY        0                         0      0        0
  MONTH TO DATE    0                         4     -4        0
  SINCE JUN 1     43                        64    -21       70
  SINCE JUL 1      0                         4     -4        0

 COOLING
  YESTERDAY        8                        11     -3        7
  MONTH TO DATE  231                       173     58      101
  SINCE JUN 1    386                       283    103      276
  SINCE JAN 1    444                       320    124      308
..................................................................


WIND (MPH)
  HIGHEST WIND SPEED    22   HIGHEST WIND DIRECTION    SW (210)
  HIGHEST GUST SPEED    28   HIGHEST GUST DIRECTION    SW (220)
  AVERAGE WIND SPEED    10.6


SKY COVER
  POSSIBLE SUNSHINE  MM
  AVERAGE SKY COVER 0.0


WEATHER CONDITIONS
 THE FOLLOWING WEATHER WAS RECORDED YESTERDAY.
  NO SIGNIFICANT WEATHER WAS OBSERVED.


RELATIVE HUMIDITY (PERCENT)
 HIGHEST    40           100 AM
 LOWEST     21           400 PM
 AVERAGE    31

..........................................................


THE EPHRATA WA AIRPORT CLIMATE NORMALS FOR TODAY
                         NORMAL    RECORD    YEAR
 MAXIMUM TEMPERATURE (F)   90       105      2006
                                             1994
 MINIMUM TEMPERATURE (F)   61        50      1993


SUNRISE AND SUNSET
JULY 21 2017..........SUNRISE   524 AM PDT   SUNSET   845 PM PDT
JULY 22 2017..........SUNRISE   525 AM PDT   SUNSET   843 PM PDT


-  INDICATES NEGATIVE NUMBERS.
R  INDICATES RECORD WAS SET OR TIED.
MM INDICATES DATA IS MISSING.
T  INDICATES TRACE AMOUNT.




$$
