000
CDUS46 KOTX 240824
CLIEPH


CLIMATE REPORT
NATIONAL WEATHER SERVICE SPOKANE, WA
1221 AM PST WED DEC 24 2014


...................................

...THE EPHRATA WA AIRPORT CLIMATE SUMMARY FOR DECEMBER 23 2014...

CLIMATE NORMAL PERIOD 1981 TO 2010
CLIMATE RECORD PERIOD 9999 TO 9999


WEATHER ITEM   OBSERVED TIME   RECORD YEAR NORMAL DEPARTURE LAST
                VALUE   (LST)  VALUE       VALUE  FROM      YEAR
                                                  NORMAL
..................................................................
TEMPERATURE (F)
 YESTERDAY
  MAXIMUM         44    421 PM  48    1969  32     12       46
  MINIMUM         31    521 AM -21    1983  20     11       22
  AVERAGE         38                        26     12       34

PRECIPITATION (IN)
  YESTERDAY        T           0.38   1979  0.04  -0.04     0.01
  MONTH TO DATE    0.75                     0.94  -0.19     0.02
  SINCE OCT 1      2.79                     2.53   0.26     0.75
  SINCE JAN 1      6.97                     7.55  -0.58     5.72

SNOWFALL (IN)
  YESTERDAY       MM

DEGREE DAYS
 HEATING
  YESTERDAY       27                        39    -12       31
  MONTH TO DATE  656                       857   -201      932
  SINCE DEC 1    656                       857   -201      932
  SINCE JUL 1   1803                      2276   -473     2301

 COOLING
  YESTERDAY        0                         0      0        0
  MONTH TO DATE    0                         0      0        0
  SINCE DEC 1      0                         0      0        0
  SINCE JAN 1   1137                       772    365     1084
..................................................................


WIND (MPH)
  HIGHEST WIND SPEED    13   HIGHEST WIND DIRECTION    NW (300)
  HIGHEST GUST SPEED    15   HIGHEST GUST DIRECTION     S (160)
  AVERAGE WIND SPEED     5.1


SKY COVER
  POSSIBLE SUNSHINE  MM
  AVERAGE SKY COVER 0.8


WEATHER CONDITIONS
 THE FOLLOWING WEATHER WAS RECORDED YESTERDAY.
  LIGHT RAIN


RELATIVE HUMIDITY (PERCENT)
 HIGHEST    92           700 PM
 LOWEST     70           300 PM
 AVERAGE    81

..........................................................


THE EPHRATA WA AIRPORT CLIMATE NORMALS FOR TODAY
                         NORMAL    RECORD    YEAR
 MAXIMUM TEMPERATURE (F)   32        53      1957
 MINIMUM TEMPERATURE (F)   20        -3      1983


SUNRISE AND SUNSET
DECEMBER 24 2014......SUNRISE   744 AM PST   SUNSET   412 PM PST
DECEMBER 25 2014......SUNRISE   744 AM PST   SUNSET   413 PM PST


-  INDICATES NEGATIVE NUMBERS.
R  INDICATES RECORD WAS SET OR TIED.
MM INDICATES DATA IS MISSING.
T  INDICATES TRACE AMOUNT.

$$
