000
CDUS46 KOTX 270827
CLIEPH


CLIMATE REPORT
NATIONAL WEATHER SERVICE SPOKANE, WA
126 AM PDT WED MAY 27 2015


...................................

...THE EPHRATA WA AIRPORT CLIMATE SUMMARY FOR MAY 26 2015...

CLIMATE NORMAL PERIOD 1981 TO 2010
CLIMATE RECORD PERIOD 9999 TO 9999


WEATHER ITEM   OBSERVED TIME   RECORD YEAR NORMAL DEPARTURE LAST
                VALUE   (LST)  VALUE       VALUE  FROM      YEAR
                                                  NORMAL
..................................................................
TEMPERATURE (F)
 YESTERDAY
  MAXIMUM         74   1223 PM  98    1958  75     -1       77
  MINIMUM         54    425 AM  38    1978  49      5       46
  AVERAGE         64                        62      2       62

PRECIPITATION (IN)
  YESTERDAY        0.26          0.53 1997   0.02   0.24     0.00
  MONTH TO DATE    1.18                      0.51   0.67     0.09
  SINCE OCT 1      6.85                      6.15   0.70     3.55
  SINCE JAN 1      4.06                      3.32   0.74     2.80

SNOWFALL (IN)
  YESTERDAY       MM

DEGREE DAYS
 HEATING
  YESTERDAY        1                         4     -3        3
  MONTH TO DATE   75                       192   -117       97
  SINCE MAR 1    984                      1316   -332     1138
  SINCE JUL 1   4678                      5889  -1211     5720

 COOLING
  YESTERDAY        0                         2     -2        0
  MONTH TO DATE   45                        26     19       37
  SINCE MAR 1     45                        28     17       37
  SINCE JAN 1     45                        28     17       37
..................................................................


WIND (MPH)
  HIGHEST WIND SPEED    32   HIGHEST WIND DIRECTION     N (340)
  HIGHEST GUST SPEED    42   HIGHEST GUST DIRECTION     N (340)
  AVERAGE WIND SPEED     6.6


SKY COVER
  POSSIBLE SUNSHINE  MM
  AVERAGE SKY COVER 0.6


WEATHER CONDITIONS
 THE FOLLOWING WEATHER WAS RECORDED YESTERDAY.
  THUNDERSTORM
  HEAVY RAIN
  RAIN
  LIGHT RAIN


RELATIVE HUMIDITY (PERCENT)
 HIGHEST    77           300 AM
 LOWEST     38          1200 PM
 AVERAGE    58

..........................................................


THE EPHRATA WA AIRPORT CLIMATE NORMALS FOR TODAY
                         NORMAL    RECORD    YEAR
 MAXIMUM TEMPERATURE (F)   75        95      1958
 MINIMUM TEMPERATURE (F)   50        35      2011


SUNRISE AND SUNSET
MAY 27 2015...........SUNRISE   509 AM PDT   SUNSET   842 PM PDT
MAY 28 2015...........SUNRISE   509 AM PDT   SUNSET   843 PM PDT


-  INDICATES NEGATIVE NUMBERS.
R  INDICATES RECORD WAS SET OR TIED.
MM INDICATES DATA IS MISSING.
T  INDICATES TRACE AMOUNT.




$$
