000
CDUS41 KCLE 170545
CLIERI


CLIMATE REPORT
NATIONAL WEATHER SERVICE CLEVELAND OH
145 AM EDT THU AUG 17 2017


...................................

...THE ERIE PA CLIMATE SUMMARY FOR AUGUST 16 2017...

CLIMATE NORMAL PERIOD 1981 TO 2010
CLIMATE RECORD PERIOD 1873 TO 2017


WEATHER ITEM   OBSERVED TIME   RECORD YEAR NORMAL DEPARTURE LAST
                VALUE   (LST)  VALUE       VALUE  FROM      YEAR
                                                  NORMAL
..................................................................
TEMPERATURE (F)
 YESTERDAY
  MAXIMUM         80    436 PM  94    1938  79      1       87
  MINIMUM         59    554 AM  47    1979  63     -4       73
                                      1971
  AVERAGE         70                        71     -1       80

PRECIPITATION (IN)
  YESTERDAY        0.00                      0.11  -0.11     0.30
  MONTH TO DATE    0.58                      1.83  -1.25     5.41
  SINCE JUN 1      9.78                      9.13   0.65    11.58
  SINCE JAN 1     29.77                     24.19   5.58    24.35

SNOWFALL (IN)
  YESTERDAY        0.0                       0.0    0.0      0.0
  MONTH TO DATE    0.0                       0.0    0.0      0.0
  SINCE JUN 1      0.0                       0.0    0.0      0.0
  SINCE JUL 1      0.0                       0.0    0.0      0.0
  SNOW DEPTH       0

DEGREE DAYS
 HEATING
  YESTERDAY        0                         0      0        0
  MONTH TO DATE    0                         0      0        0
  SINCE JUN 1     48                        68    -20       40
  SINCE JUL 1      0                         7     -7        0

 COOLING
  YESTERDAY        5                         6     -1       15
  MONTH TO DATE   94                       104    -10      198
  SINCE JUN 1    443                       440      3      636
  SINCE JAN 1    487                       479      8      711
..................................................................


WIND (MPH)
  HIGHEST WIND SPEED    13   HIGHEST WIND DIRECTION     N (360)
  HIGHEST GUST SPEED    17   HIGHEST GUST DIRECTION    NE (40)
  AVERAGE WIND SPEED     5.1


SKY COVER
  POSSIBLE SUNSHINE  MM
  AVERAGE SKY COVER 0.0


WEATHER CONDITIONS
 THE FOLLOWING WEATHER WAS RECORDED YESTERDAY.
  FOG


RELATIVE HUMIDITY (PERCENT)
 HIGHEST    93           500 AM
 LOWEST     35           400 PM
 AVERAGE    64

..........................................................


THE ERIE PA CLIMATE NORMALS FOR TODAY
                         NORMAL    RECORD    YEAR
 MAXIMUM TEMPERATURE (F)   79        92      1991
                                             1965
 MINIMUM TEMPERATURE (F)   63        48      1971


SUNRISE AND SUNSET
AUGUST 17 2017........SUNRISE   631 AM EDT   SUNSET   818 PM EDT
AUGUST 18 2017........SUNRISE   632 AM EDT   SUNSET   816 PM EDT


-  INDICATES NEGATIVE NUMBERS.
R  INDICATES RECORD WAS SET OR TIED.
MM INDICATES DATA IS MISSING.
T  INDICATES TRACE AMOUNT.




$$
