000
CDUS41 KCLE 230534
CLIERI


CLIMATE REPORT
NATIONAL WEATHER SERVICE CLEVELAND OH
133 AM EDT WED APR 23 2014


...................................

...THE ERIE PA CLIMATE SUMMARY FOR APRIL 22 2014...

CLIMATE NORMAL PERIOD 1981 TO 2010
CLIMATE RECORD PERIOD 1873 TO 2014


WEATHER ITEM   OBSERVED TIME   RECORD YEAR NORMAL DEPARTURE LAST
                VALUE   (LST)  VALUE       VALUE  FROM      YEAR
                                                  NORMAL
..................................................................
TEMPERATURE (F)
 YESTERDAY
  MAXIMUM         68   1227 AM  85    1902  59      9       61
  MINIMUM         37   1115 PM  26    1978  40     -3       34
                                      1975
                                      1959
  AVERAGE         53                        50      3       48

PRECIPITATION (IN)
  YESTERDAY        0.21                      0.10   0.11     0.00
  MONTH TO DATE    2.66                      2.50   0.16     1.88
  SINCE MAR 1      5.83                      5.45   0.38     4.48
  SINCE JAN 1     11.74                     10.79   0.95    10.99

SNOWFALL (IN)
  YESTERDAY        0.0                       0.0    0.0      0.0
  MONTH TO DATE    1.2                       3.1   -1.9      1.0
  SINCE MAR 1     18.8                      16.8    2.0     26.2
  SINCE JUL 1    138.4                     100.8   37.6    105.5
  SNOW DEPTH       0

DEGREE DAYS
 HEATING
  YESTERDAY       12                        16     -4       17
  MONTH TO DATE  396                       429    -33      450
  SINCE MAR 1   1535                      1340    195     1445
  SINCE JUL 1   6356                      5705    651     5539

 COOLING
  YESTERDAY        0                         0      0        0
  MONTH TO DATE    0                         0      0        0
  SINCE MAR 1      0                         1     -1        0
  SINCE JAN 1      0                         1     -1        0
..................................................................


WIND (MPH)
  HIGHEST WIND SPEED    21   HIGHEST WIND DIRECTION     W (260)
  HIGHEST GUST SPEED    30   HIGHEST GUST DIRECTION    SW (240)
  AVERAGE WIND SPEED    10.2


SKY COVER
  POSSIBLE SUNSHINE  MM
  AVERAGE SKY COVER 1.0


WEATHER CONDITIONS
 THE FOLLOWING WEATHER WAS RECORDED YESTERDAY.
  RAIN
  LIGHT RAIN
  FOG
  FOG W/VISIBILITY <= 1/4 MILE


RELATIVE HUMIDITY (PERCENT)
 HIGHEST   100          1000 AM
 LOWEST     34          1200 AM
 AVERAGE    67

..........................................................


THE ERIE PA CLIMATE NORMALS FOR TODAY
                         NORMAL    RECORD    YEAR
 MAXIMUM TEMPERATURE (F)   59        84      1885
 MINIMUM TEMPERATURE (F)   41        27      1989
                                             1978
                                             1930


SUNRISE AND SUNSET
APRIL 23 2014.........SUNRISE   628 AM EDT   SUNSET   811 PM EDT
APRIL 24 2014.........SUNRISE   626 AM EDT   SUNSET   812 PM EDT


-  INDICATES NEGATIVE NUMBERS.
R  INDICATES RECORD WAS SET OR TIED.
MM INDICATES DATA IS MISSING.
T  INDICATES TRACE AMOUNT.




$$
