000
CDUS41 KCLE 172112
CLIERI


CLIMATE REPORT
NATIONAL WEATHER SERVICE CLEVELAND OH
511 PM EDT TUE OCT 17 2017


...................................

...THE ERIE PA CLIMATE SUMMARY FOR OCTOBER 17 2017...
VALID TODAY AS OF 0500 PM LOCAL TIME.

CLIMATE NORMAL PERIOD 1981 TO 2010
CLIMATE RECORD PERIOD 1873 TO 2017


WEATHER ITEM   OBSERVED TIME   RECORD YEAR NORMAL DEPARTURE LAST
                VALUE   (LST)  VALUE       VALUE  FROM      YEAR
                                                  NORMAL
..................................................................
TEMPERATURE (F)
 TODAY
  MAXIMUM         65    359 PM  82    1947  60      5       81
  MINIMUM         40    323 AM  26    1978  45     -5       64
  AVERAGE         53                        53      0       73

PRECIPITATION (IN)
  TODAY            0.00                      0.12  -0.12     0.02
  MONTH TO DATE    2.90                      2.36   0.54     1.26
  SINCE SEP 1      6.73                      6.97  -0.24     7.22
  SINCE JAN 1     38.10                     32.80   5.30    34.28

SNOWFALL (IN)
  TODAY            0.0                       0.0    0.0      0.0
  MONTH TO DATE    0.0                       0.0    0.0      0.0
  SINCE SEP 1      0.0                       0.0    0.0      0.0
  SINCE JUL 1      0.0                       0.0    0.0      0.0
  SNOW DEPTH       0

DEGREE DAYS
 HEATING
  TODAY           12                        13     -1        0
  MONTH TO DATE   62                       174   -112       81
  SINCE SEP 1    149                       280   -131      104
  SINCE JUL 1    159                       298   -139      104

 COOLING
  TODAY            0                         0      0        8
  MONTH TO DATE   26                         7     19       22
  SINCE SEP 1    132                        78     54      158
  SINCE JAN 1    694                       636     58     1007
..................................................................


WIND (MPH)
  HIGHEST WIND SPEED    18   HIGHEST WIND DIRECTION    SW (210)
  HIGHEST GUST SPEED    26   HIGHEST GUST DIRECTION    SW (240)


SKY COVER
  POSSIBLE SUNSHINE  MM
  AVERAGE SKY COVER 0.1


WEATHER CONDITIONS
 THE FOLLOWING WEATHER WAS RECORDED TODAY.
  NO SIGNIFICANT WEATHER WAS OBSERVED.


RELATIVE HUMIDITY (PERCENT)
 HIGHEST    79          1200 AM
 LOWEST     40           200 PM
 AVERAGE    60

..........................................................


THE ERIE PA CLIMATE NORMALS FOR TOMORROW
                         NORMAL    RECORD    YEAR
 MAXIMUM TEMPERATURE (F)   60        80      1910
 MINIMUM TEMPERATURE (F)   45        28      2009
                                             1974


SUNRISE AND SUNSET
OCTOBER 17 2017.......SUNRISE   736 AM EDT   SUNSET   635 PM EDT
OCTOBER 18 2017.......SUNRISE   737 AM EDT   SUNSET   634 PM EDT


-  INDICATES NEGATIVE NUMBERS.
R  INDICATES RECORD WAS SET OR TIED.
MM INDICATES DATA IS MISSING.
T  INDICATES TRACE AMOUNT.




$$
