000
CDUS41 KCLE 282222
CLIERI


CLIMATE REPORT
NATIONAL WEATHER SERVICE CLEVELAND OH
521 PM EST SUN DEC 28 2014


...................................

...THE ERIE PA CLIMATE SUMMARY FOR DECEMBER 28 2014...
VALID TODAY AS OF 0500 PM LOCAL TIME.

CLIMATE NORMAL PERIOD 1981 TO 2010
CLIMATE RECORD PERIOD 1873 TO 2014


WEATHER ITEM   OBSERVED TIME   RECORD YEAR NORMAL DEPARTURE LAST
                VALUE   (LST)  VALUE       VALUE  FROM      YEAR
                                                  NORMAL
..................................................................
TEMPERATURE (F)
 TODAY
  MAXIMUM         48   1245 AM  70    1982  35     13       48
  MINIMUM         37    359 PM   1    1924  23     14       38
  AVERAGE         43                        29     14       43

PRECIPITATION (IN)
  TODAY            0.29                      0.11   0.18     0.00
  MONTH TO DATE    2.32                      3.40  -1.08     5.63
  SINCE DEC 1      2.32                      3.40  -1.08     5.63
  SINCE JAN 1     40.55                     41.82  -1.27    54.13

SNOWFALL (IN)
  TODAY            0.0                       1.1   -1.1      0.0
  MONTH TO DATE    3.8                      24.3  -20.5     42.3
  SINCE DEC 1      3.8                      24.3  -20.5     42.3
  SINCE JUL 1     28.8                      33.0   -4.2     57.9
  SNOW DEPTH       0

DEGREE DAYS
 HEATING
  TODAY           22                        36    -14       22
  MONTH TO DATE  774                       904   -130      928
  SINCE DEC 1    774                       904   -130      928
  SINCE JUL 1   1988                      2060    -72     2127

 COOLING
  TODAY            0                         0      0        0
  MONTH TO DATE    0                         0      0        0
  SINCE DEC 1      0                         0      0        0
  SINCE JAN 1    603                       638    -35      706
..................................................................


WIND (MPH)
  HIGHEST WIND SPEED    21   HIGHEST WIND DIRECTION     W (260)
  HIGHEST GUST SPEED    27   HIGHEST GUST DIRECTION     W (280)


SKY COVER
  POSSIBLE SUNSHINE  MM
  AVERAGE SKY COVER 0.8


WEATHER CONDITIONS
 THE FOLLOWING WEATHER WAS RECORDED TODAY.
  RAIN
  LIGHT RAIN
  FOG
  HAZE


RELATIVE HUMIDITY (PERCENT)
 HIGHEST    92           300 AM
 LOWEST     64          1100 AM
 AVERAGE    78

..........................................................


THE ERIE PA CLIMATE NORMALS FOR TOMORROW
                         NORMAL    RECORD    YEAR
 MAXIMUM TEMPERATURE (F)   35        70      1889
 MINIMUM TEMPERATURE (F)   23        -8      1880


SUNRISE AND SUNSET
DECEMBER 28 2014......SUNRISE   748 AM EST   SUNSET   456 PM EST
DECEMBER 29 2014......SUNRISE   749 AM EST   SUNSET   457 PM EST


-  INDICATES NEGATIVE NUMBERS.
R  INDICATES RECORD WAS SET OR TIED.
MM INDICATES DATA IS MISSING.
T  INDICATES TRACE AMOUNT.




$$
