000
CDUS46 KPQR 221141
CLIEUG


CLIMATE REPORT
NATIONAL WEATHER SERVICE PORTLAND OREGON
340 AM PST MON DEC 22 2014


...................................

...THE EUGENE OR CLIMATE SUMMARY FOR DECEMBER 21 2014...

CLIMATE NORMAL PERIOD 1981 TO 2010
CLIMATE RECORD PERIOD 1892 TO 2014


WEATHER ITEM   OBSERVED TIME   RECORD YEAR NORMAL DEPARTURE LAST
                VALUE   (LST)  VALUE       VALUE  FROM      YEAR
                                                  NORMAL
..................................................................
TEMPERATURE (F)
 YESTERDAY
  MAXIMUM         58    216 AM  62    1955  45     13       55
  MINIMUM         51   1159 PM   6    1990  33     18       42
  AVERAGE         55                        39     16       49

PRECIPITATION (IN)
  YESTERDAY        0.52          3.25 1964   0.25   0.27      T
  MONTH TO DATE    5.91                      5.55   0.36     1.44
  SINCE OCT 1     15.89                     16.52  -0.63     4.15
  SINCE JAN 1     40.14                     43.82  -3.68    21.15

SNOWFALL (IN)
  YESTERDAY        0.0
  MONTH TO DATE    0.0
  SINCE DEC 1      0.0
  SINCE JUL 1      0.0

DEGREE DAYS
 HEATING
  YESTERDAY       10                        26    -16       16
  MONTH TO DATE  403                       527   -124      711
  SINCE DEC 1    403                       527   -124      711
  SINCE JUL 1   1215                      1700   -485     1887

 COOLING
  YESTERDAY        0                         0      0        0
  MONTH TO DATE    0                         0      0        0
  SINCE DEC 1      0                         0      0        0
  SINCE JAN 1    475                       239    236      411
..................................................................


WIND (MPH)
  HIGHEST WIND SPEED    16   HIGHEST WIND DIRECTION    SW (220)
  HIGHEST GUST SPEED    21   HIGHEST GUST DIRECTION    SW (230)
  AVERAGE WIND SPEED     6.4


SKY COVER
  POSSIBLE SUNSHINE  MM
  AVERAGE SKY COVER 1.0


WEATHER CONDITIONS
 THE FOLLOWING WEATHER WAS RECORDED YESTERDAY.
  LIGHT RAIN
  FOG


RELATIVE HUMIDITY (PERCENT)
 HIGHEST    96          1100 PM
 LOWEST     86           100 AM
 AVERAGE    91

..........................................................


THE EUGENE OR CLIMATE NORMALS FOR TODAY
                         NORMAL    RECORD    YEAR
 MAXIMUM TEMPERATURE (F)   45        62      1964
 MINIMUM TEMPERATURE (F)   33         4      1990


SUNRISE AND SUNSET
DECEMBER 22 2014......SUNRISE   745 AM PST   SUNSET   438 PM PST
DECEMBER 23 2014......SUNRISE   746 AM PST   SUNSET   438 PM PST


-  INDICATES NEGATIVE NUMBERS.
R  INDICATES RECORD WAS SET OR TIED.
MM INDICATES DATA IS MISSING.
T  INDICATES TRACE AMOUNT.




$$
