284
CDUS46 KPQR 241141
CLIEUG


CLIMATE REPORT
NATIONAL WEATHER SERVICE PORTLAND OREGON
441 AM PDT FRI MAR 24 2017


...................................

...THE EUGENE OR CLIMATE SUMMARY FOR MARCH 23 2017...

CLIMATE NORMAL PERIOD 1981 TO 2010
CLIMATE RECORD PERIOD 1892 TO 2017


WEATHER ITEM   OBSERVED TIME   RECORD YEAR NORMAL DEPARTURE LAST
                VALUE   (LST)  VALUE       VALUE  FROM      YEAR
                                                  NORMAL
..................................................................
TEMPERATURE (F)
 YESTERDAY
  MAXIMUM         60    151 PM  75    1915  57      3       55
  MINIMUM         37    638 AM  27    1913  38     -1       39
  AVERAGE         49                        48      1       47

PRECIPITATION (IN)
  YESTERDAY        0.18          1.39 1985   0.15   0.03     0.01
  MONTH TO DATE    3.93                      3.79   0.14     5.31
  SINCE OCT 1     36.90                     34.89   2.01    33.99
  SINCE JAN 1     17.31                     16.09   1.22    15.15

SNOWFALL (IN)
  YESTERDAY        0.0
  MONTH TO DATE    T
  SINCE MAR 1      T
  SINCE JUL 1      5.1

DEGREE DAYS
 HEATING
  YESTERDAY       16                        17     -1       18
  MONTH TO DATE  396                       432    -36      371
  SINCE MAR 1    396                       432    -36      371
  SINCE JUL 1   3597                      3759   -162     3176

 COOLING
  YESTERDAY        0                         0      0        0
  MONTH TO DATE    0                         0      0        0
  SINCE MAR 1      0                         0      0        0
  SINCE JAN 1      0                         0      0        0
..................................................................


WIND (MPH)
  HIGHEST WIND SPEED    26   HIGHEST WIND DIRECTION     S (200)
  HIGHEST GUST SPEED    32   HIGHEST GUST DIRECTION     S (200)
  AVERAGE WIND SPEED     7.9


SKY COVER
  POSSIBLE SUNSHINE  MM
  AVERAGE SKY COVER 0.8


WEATHER CONDITIONS
 THE FOLLOWING WEATHER WAS RECORDED YESTERDAY.
  LIGHT RAIN


RELATIVE HUMIDITY (PERCENT)
 HIGHEST   100           200 AM
 LOWEST     47           200 PM
 AVERAGE    74

..........................................................


THE EUGENE OR CLIMATE NORMALS FOR TODAY
                         NORMAL    RECORD    YEAR
 MAXIMUM TEMPERATURE (F)   58        74      2014
 MINIMUM TEMPERATURE (F)   38        25      1942


SUNRISE AND SUNSET
MARCH 24 2017.........SUNRISE   708 AM PDT   SUNSET   731 PM PDT
MARCH 25 2017.........SUNRISE   706 AM PDT   SUNSET   732 PM PDT


-  INDICATES NEGATIVE NUMBERS.
R  INDICATES RECORD WAS SET OR TIED.
MM INDICATES DATA IS MISSING.
T  INDICATES TRACE AMOUNT.




$$
