000
CDUS46 KPQR 250221
CLIEUG


CLIMATE REPORT
NATIONAL WEATHER SERVICE PORTLAND OREGON
721 PM PDT THU APR 24 2014


...................................

...THE EUGENE OR CLIMATE SUMMARY FOR APRIL 24 2014...
VALID TODAY AS OF 0700 PM LOCAL TIME.

CLIMATE NORMAL PERIOD 1981 TO 2010
CLIMATE RECORD PERIOD 1892 TO 2014


WEATHER ITEM   OBSERVED TIME   RECORD YEAR NORMAL DEPARTURE LAST
                VALUE   (LST)  VALUE       VALUE  FROM      YEAR
                                                  NORMAL
..................................................................
TEMPERATURE (F)
 TODAY
  MAXIMUM         59    305 PM  79    1927  62     -3       73
                                      1926
  MINIMUM         50    727 AM  29    1924  40     10       34
  AVERAGE         55                        51      4       54

PRECIPITATION (IN)
  TODAY            0.38          0.63 1975   0.10   0.28     0.00
  MONTH TO DATE    1.60                      2.81  -1.21     1.45
  SINCE OCT 1     22.87                     38.90 -16.03    25.88
  SINCE JAN 1     18.68                     20.10  -1.42     6.54

SNOWFALL (IN)
  TODAY            0.0
  MONTH TO DATE    0.0
  SINCE MAR 1      0.0
  SINCE JUL 1     15.7

DEGREE DAYS
 HEATING
  TODAY           10                        14     -4       11
  MONTH TO DATE  299                       367    -68      336
  SINCE MAR 1    784                       936   -152      867
  SINCE JUL 1   4351                      4263     88     3959

 COOLING
  TODAY            0                         0      0        0
  MONTH TO DATE    0                         0      0        0
  SINCE MAR 1      0                         0      0        0
  SINCE JAN 1      0                         0      0        0
..................................................................


WIND (MPH)
  HIGHEST WIND SPEED    18   HIGHEST WIND DIRECTION    SW (240)
  HIGHEST GUST SPEED    25   HIGHEST GUST DIRECTION    SW (220)
  AVERAGE WIND SPEED    12.1


SKY COVER
  POSSIBLE SUNSHINE  MM
  AVERAGE SKY COVER 0.8


WEATHER CONDITIONS
 THE FOLLOWING WEATHER WAS RECORDED TODAY.
  LIGHT RAIN
  FOG
  HAZE


RELATIVE HUMIDITY (PERCENT)
 HIGHEST    89           300 AM
 LOWEST     51           300 PM
 AVERAGE    70

..........................................................


THE EUGENE OR CLIMATE NORMALS FOR TOMORROW
                         NORMAL    RECORD    YEAR
 MAXIMUM TEMPERATURE (F)   63        82      1927
                                             1926
 MINIMUM TEMPERATURE (F)   40        31      1985
                                             1982
                                             1954


SUNRISE AND SUNSET
APRIL 24 2014.........SUNRISE   615 AM PDT   SUNSET   808 PM PDT
APRIL 25 2014.........SUNRISE   613 AM PDT   SUNSET   809 PM PDT


-  INDICATES NEGATIVE NUMBERS.
R  INDICATES RECORD WAS SET OR TIED.
MM INDICATES DATA IS MISSING.
T  INDICATES TRACE AMOUNT.




$$
