000
CDUS46 KPQR 211141
CLIEUG


CLIMATE REPORT
NATIONAL WEATHER SERVICE PORTLAND OREGON
440 AM PDT FRI JUL 21 2017


...................................

...THE EUGENE OR CLIMATE SUMMARY FOR JULY 20 2017...

CLIMATE NORMAL PERIOD 1981 TO 2010
CLIMATE RECORD PERIOD 1892 TO 2017


WEATHER ITEM   OBSERVED TIME   RECORD YEAR NORMAL DEPARTURE LAST
                VALUE   (LST)  VALUE       VALUE  FROM      YEAR
                                                  NORMAL
..................................................................
TEMPERATURE (F)
 YESTERDAY
  MAXIMUM         78    337 PM 105    1946  84     -6       86
  MINIMUM         52    145 AM  44    2008  52      0       47
                                      1924
  AVERAGE         65                        68     -3       67

PRECIPITATION (IN)
  YESTERDAY        0.01          0.22 1965   0.02  -0.01     0.00
  MONTH TO DATE    0.02                      0.41  -0.39     0.25
  SINCE OCT 1     45.06                     44.07   0.99    39.80
  SINCE JAN 1     25.47                     25.27   0.20    20.96

SNOWFALL (IN)
  YESTERDAY        0.0
  MONTH TO DATE    0.0
  SINCE JUN 1      0.0
  SINCE JUL 1      0.0

DEGREE DAYS
 HEATING
  YESTERDAY        0                         1     -1        0
  MONTH TO DATE    5                        29    -24       10
  SINCE JUN 1    130                       186    -56      110
  SINCE JUL 1      5                        29    -24       10

 COOLING
  YESTERDAY        0                         4     -4        2
  MONTH TO DATE   28                        53    -25       25
  SINCE JUN 1     59                        72    -13       90
  SINCE JAN 1     72                        77     -5       93
..................................................................


WIND (MPH)
  HIGHEST WIND SPEED    13   HIGHEST WIND DIRECTION     N (350)
  HIGHEST GUST SPEED    17   HIGHEST GUST DIRECTION    NE (30)
  AVERAGE WIND SPEED     4.9


SKY COVER
  POSSIBLE SUNSHINE  MM
  AVERAGE SKY COVER 0.5


WEATHER CONDITIONS
 THE FOLLOWING WEATHER WAS RECORDED YESTERDAY.
  FOG


RELATIVE HUMIDITY (PERCENT)
 HIGHEST   100           100 AM
 LOWEST     40           400 PM
 AVERAGE    70

..........................................................


THE EUGENE OR CLIMATE NORMALS FOR TODAY
                         NORMAL    RECORD    YEAR
 MAXIMUM TEMPERATURE (F)   84       104      1938
 MINIMUM TEMPERATURE (F)   52        43      1929
                                             1922
                                             1914


SUNRISE AND SUNSET
JULY 21 2017..........SUNRISE   550 AM PDT   SUNSET   848 PM PDT
JULY 22 2017..........SUNRISE   551 AM PDT   SUNSET   847 PM PDT


-  INDICATES NEGATIVE NUMBERS.
R  INDICATES RECORD WAS SET OR TIED.
MM INDICATES DATA IS MISSING.
T  INDICATES TRACE AMOUNT.




$$
