000
CDUS46 KPQR 281142
CLIEUG


CLIMATE REPORT
NATIONAL WEATHER SERVICE PORTLAND OREGON
441 AM PDT FRI AUG 28 2015


...................................

...THE EUGENE OR CLIMATE SUMMARY FOR AUGUST 27 2015...

CLIMATE NORMAL PERIOD 1981 TO 2010
CLIMATE RECORD PERIOD 1892 TO 2015


WEATHER ITEM   OBSERVED TIME   RECORD YEAR NORMAL DEPARTURE LAST
                VALUE   (LST)  VALUE       VALUE  FROM      YEAR
                                                  NORMAL
..................................................................
TEMPERATURE (F)
 YESTERDAY
  MAXIMUM         92    219 PM  98    1972  81     11       95
  MINIMUM         50    428 AM  40    1960  50      0       55
                                      1955
  AVERAGE         71                        66      5       75

PRECIPITATION (IN)
  YESTERDAY        0.00          0.73 1975   0.03  -0.03     0.00
  MONTH TO DATE    T                         0.49  -0.49     0.19
  SINCE OCT 1     29.46                     44.69 -15.23    27.19
  SINCE JAN 1     12.41                     25.89 -13.48    23.00

SNOWFALL (IN)
  YESTERDAY        0.0
  MONTH TO DATE    0.0
  SINCE JUN 1      0.0
  SINCE JUL 1      0.0

DEGREE DAYS
 HEATING
  YESTERDAY        0                         1     -1        0
  MONTH TO DATE    0                        27    -27        0
  SINCE JUN 1     46                       220   -174      113
  SINCE JUL 1      5                        63    -58        6

 COOLING
  YESTERDAY        6                         2      4       10
  MONTH TO DATE  148                        84     64      196
  SINCE JUN 1    474                       196    278      395
  SINCE JAN 1    479                       201    278      398
..................................................................


WIND (MPH)
  HIGHEST WIND SPEED    16   HIGHEST WIND DIRECTION     W (280)
  HIGHEST GUST SPEED    20   HIGHEST GUST DIRECTION     W (280)
  AVERAGE WIND SPEED     5.8


SKY COVER
  POSSIBLE SUNSHINE  MM
  AVERAGE SKY COVER 0.5


WEATHER CONDITIONS
 THE FOLLOWING WEATHER WAS RECORDED YESTERDAY.
  NO SIGNIFICANT WEATHER WAS OBSERVED.


RELATIVE HUMIDITY (PERCENT)
 HIGHEST    89           400 AM
 LOWEST     17           500 PM
 AVERAGE    53

..........................................................


THE EUGENE OR CLIMATE NORMALS FOR TODAY
                         NORMAL    RECORD    YEAR
 MAXIMUM TEMPERATURE (F)   81        97      1931
                                             1915
 MINIMUM TEMPERATURE (F)   50        41      1985
                                             1960


SUNRISE AND SUNSET
AUGUST 28 2015........SUNRISE   631 AM PDT   SUNSET   756 PM PDT
AUGUST 29 2015........SUNRISE   632 AM PDT   SUNSET   754 PM PDT


-  INDICATES NEGATIVE NUMBERS.
R  INDICATES RECORD WAS SET OR TIED.
MM INDICATES DATA IS MISSING.
T  INDICATES TRACE AMOUNT.




$$
