000
CDUS46 KPQR 131141
CLIEUG


CLIMATE REPORT
NATIONAL WEATHER SERVICE PORTLAND OREGON
341 AM PST SAT FEB 13 2016


...................................

...THE EUGENE OR CLIMATE SUMMARY FOR FEBRUARY 12 2016...

CLIMATE NORMAL PERIOD 1981 TO 2010
CLIMATE RECORD PERIOD 1892 TO 2016


WEATHER ITEM   OBSERVED TIME   RECORD YEAR NORMAL DEPARTURE LAST
                VALUE   (LST)  VALUE       VALUE  FROM      YEAR
                                                  NORMAL
..................................................................
TEMPERATURE (F)
 YESTERDAY
  MAXIMUM         56    318 PM  66    1981  51      5       59
                                      1971
  MINIMUM         42   1141 PM  18    1929  35      7       39
  AVERAGE         49                        43      6       49

PRECIPITATION (IN)
  YESTERDAY        0.46          3.43 1984   0.20   0.26     0.00
  MONTH TO DATE    1.00                      2.36  -1.36     3.83
  SINCE OCT 1     27.16                     28.03  -0.87    23.26
  SINCE JAN 1      8.32                      9.23  -0.91     6.21

SNOWFALL (IN)
  YESTERDAY       MM
  MONTH TO DATE    0.0
  SINCE DEC 1      0.0
  SINCE JUL 1      0.0

DEGREE DAYS
 HEATING
  YESTERDAY       16                        22     -6       16
  MONTH TO DATE  217                       274    -57      172
  SINCE DEC 1   1538                      1811   -273     1460
  SINCE JUL 1   2519                      2984   -465     2272

 COOLING
  YESTERDAY        0                         0      0        0
  MONTH TO DATE    0                         0      0        0
  SINCE DEC 1      0                         0      0        0
  SINCE JAN 1      0                         0      0        0
..................................................................


WIND (MPH)
  HIGHEST WIND SPEED    13   HIGHEST WIND DIRECTION     S (190)
  HIGHEST GUST SPEED    15   HIGHEST GUST DIRECTION     S (190)
  AVERAGE WIND SPEED     6.1


SKY COVER
  POSSIBLE SUNSHINE  MM
  AVERAGE SKY COVER 0.8


WEATHER CONDITIONS
 THE FOLLOWING WEATHER WAS RECORDED YESTERDAY.
  HEAVY RAIN
  RAIN
  LIGHT RAIN
  FOG
  FOG W/VISIBILITY <= 1/4 MILE


RELATIVE HUMIDITY (PERCENT)
 HIGHEST   100           200 AM
 LOWEST     83           400 PM
 AVERAGE    92

..........................................................


THE EUGENE OR CLIMATE NORMALS FOR TODAY
                         NORMAL    RECORD    YEAR
 MAXIMUM TEMPERATURE (F)   51        65      1971
 MINIMUM TEMPERATURE (F)   35        21      1929


SUNRISE AND SUNSET
FEBRUARY 13 2016......SUNRISE   716 AM PST   SUNSET   539 PM PST
FEBRUARY 14 2016......SUNRISE   714 AM PST   SUNSET   540 PM PST


-  INDICATES NEGATIVE NUMBERS.
R  INDICATES RECORD WAS SET OR TIED.
MM INDICATES DATA IS MISSING.
T  INDICATES TRACE AMOUNT.




$$
