000
CDUS45 KSLC 221256
CLIEVW


CLIMATE REPORT
NATIONAL WEATHER SERVICE SALT LAKE CITY UT
546 AM MST WED FEB 22 2017


...................................

...THE EVANSTON WY CLIMATE SUMMARY FOR FEBRUARY 21 2017...

CLIMATE NORMAL PERIOD 1981 TO 2010
CLIMATE RECORD PERIOD 9999 TO 9999


WEATHER ITEM   OBSERVED TIME   RECORD YEAR NORMAL DEPARTURE LAST
                VALUE   (LST)  VALUE       VALUE  FROM      YEAR
                                                  NORMAL
..................................................................
TEMPERATURE (F)
 YESTERDAY
  MAXIMUM         43    435 PM  MM      MM  32     11       36
  MINIMUM         27   1159 PM  MM      MM  15     12       18
  AVERAGE         35                        24     11       27

PRECIPITATION (IN)
  YESTERDAY        0.18         MM      MM   0.03   0.15     0.00
  MONTH TO DATE    0.90                      0.45   0.45     0.02
  SINCE OCT 1      3.56                      3.78  -0.22     1.31
  SINCE JAN 1      1.98                      0.99   0.99     0.32

DEGREE DAYS
 HEATING
  YESTERDAY       30                        41    -11       38
  MONTH TO DATE  730                       896   -166      804
  SINCE DEC 1   3582                      3616    -34     3563
  SINCE JUL 1   5233                      5725   -492     5252

 COOLING
  YESTERDAY        0                         0      0        0
  MONTH TO DATE    0                         0      0        0
  SINCE DEC 1      0                         0      0        0
  SINCE JAN 1      0                         0      0        0
..................................................................


WIND (MPH)
  RESULTANT WIND SPEED  19   RESULTANT WIND DIRECTION  SW (220)
  HIGHEST WIND SPEED    37   HIGHEST WIND DIRECTION    SW (220)
  HIGHEST GUST SPEED    45   HIGHEST GUST DIRECTION    SW (230)
  AVERAGE WIND SPEED    21.5


SKY COVER
  POSSIBLE SUNSHINE  MM
  AVERAGE SKY COVER 0.5


WEATHER CONDITIONS
 THE FOLLOWING WEATHER WAS RECORDED YESTERDAY.
  LIGHT RAIN
  LIGHT SNOW
  FOG


RELATIVE HUMIDITY (PERCENT)
 HIGHEST    92           800 PM
 LOWEST     55           400 PM
 AVERAGE    74

..........................................................


THE EVANSTON WY CLIMATE NORMALS FOR TODAY
                         NORMAL    RECORD    YEAR
 MAXIMUM TEMPERATURE (F)   33        MM        MM
 MINIMUM TEMPERATURE (F)   16        MM        MM


SUNRISE AND SUNSET
FEBRUARY 22 2017......SUNRISE   709 AM MST   SUNSET   607 PM MST
FEBRUARY 23 2017......SUNRISE   707 AM MST   SUNSET   608 PM MST


-  INDICATES NEGATIVE NUMBERS.
R  INDICATES RECORD WAS SET OR TIED.
MM INDICATES DATA IS MISSING.
T  INDICATES TRACE AMOUNT.




$$
