000
CDUS45 KSLC 070016
CLIEVW


CLIMATE REPORT
NATIONAL WEATHER SERVICE SALT LAKE CITY UT
515 PM MST FRI MAR 6 2015


...................................

...THE EVANSTON WY CLIMATE SUMMARY FOR MARCH 6 2015...
VALID TODAY AS OF 0500 PM LOCAL TIME.

CLIMATE NORMAL PERIOD 1981 TO 2010
CLIMATE RECORD PERIOD 9999 TO 9999


WEATHER ITEM   OBSERVED TIME   RECORD YEAR NORMAL DEPARTURE LAST
                VALUE   (LST)  VALUE       VALUE  FROM      YEAR
                                                  NORMAL
..................................................................
TEMPERATURE (F)
 TODAY
  MAXIMUM         45    500 PM  MM      MM  36      9       45
  MINIMUM         19    600 AM  MM      MM  19      0       33
  AVERAGE         32                        28      4       39

PRECIPITATION (IN)
  TODAY            0.00         MM      MM   0.02  -0.02     0.01
  MONTH TO DATE    0.20                      0.13   0.07     0.07
  SINCE OCT 1      2.09                      4.07  -1.98     1.30
  SINCE JAN 1      1.21                      1.28  -0.07     0.10

DEGREE DAYS
 HEATING
  TODAY           33                        37     -4       26
  MONTH TO DATE  246                       229     17      179
  SINCE MAR 1    246                       229     17      179
  SINCE JUL 1   5218                      6237  -1019     5829

 COOLING
  TODAY            0                         0      0        0
  MONTH TO DATE    0                         0      0        0
  SINCE MAR 1      0                         0      0        0
  SINCE JAN 1      0                         0      0        0
..................................................................


WIND (MPH)
  RESULTANT WIND SPEED  11   RESULTANT WIND DIRECTION  SW (230)
  HIGHEST WIND SPEED    13   HIGHEST WIND DIRECTION    SW (240)
  HIGHEST GUST SPEED    MM   HIGHEST GUST DIRECTION    MM
  AVERAGE WIND SPEED    10.9


SKY COVER
  POSSIBLE SUNSHINE  MM
  AVERAGE SKY COVER 0.0


WEATHER CONDITIONS
 THE FOLLOWING WEATHER WAS RECORDED TODAY.
  NO SIGNIFICANT WEATHER WAS OBSERVED.


RELATIVE HUMIDITY (PERCENT)
 HIGHEST    73           200 AM
 LOWEST     36           200 PM
 AVERAGE    55

..........................................................


THE EVANSTON WY CLIMATE NORMALS FOR TOMORROW
                         NORMAL    RECORD    YEAR
 MAXIMUM TEMPERATURE (F)   37        MM        MM
 MINIMUM TEMPERATURE (F)   19        MM        MM


SUNRISE AND SUNSET
MARCH  6 2015.........SUNRISE   651 AM MST   SUNSET   620 PM MST
MARCH  7 2015.........SUNRISE   649 AM MST   SUNSET   622 PM MST


-  INDICATES NEGATIVE NUMBERS.
R  INDICATES RECORD WAS SET OR TIED.
MM INDICATES DATA IS MISSING.
T  INDICATES TRACE AMOUNT.




$$
