000
CDUS45 KSLC 261228
CLIEVW


CLIMATE REPORT
NATIONAL WEATHER SERVICE SALT LAKE CITY UT
627 AM MDT MON SEP 26 2016


...................................

...THE EVANSTON WY CLIMATE SUMMARY FOR SEPTEMBER 25 2016...

CLIMATE NORMAL PERIOD 1981 TO 2010
CLIMATE RECORD PERIOD 9999 TO 9999


WEATHER ITEM   OBSERVED TIME   RECORD YEAR NORMAL DEPARTURE LAST
                VALUE   (LST)  VALUE       VALUE  FROM      YEAR
                                                  NORMAL
..................................................................
TEMPERATURE (F)
 YESTERDAY
  MAXIMUM         62    405 PM  MM      MM  65     -3       83
  MINIMUM         33    546 AM  MM      MM  39     -6       52
  AVERAGE         48                        52     -4       68

PRECIPITATION (IN)
  YESTERDAY        0.00         MM      MM   0.05  -0.05     0.00
  MONTH TO DATE    1.85                      1.08   0.77     0.88
  SINCE OCT 1      6.71                     11.90  -5.19    10.67
  SINCE JAN 1      5.72                      9.11  -3.39     9.79

DEGREE DAYS
 HEATING
  YESTERDAY       17                        13      4        0
  MONTH TO DATE  219                       224     -5      126
  SINCE SEP 1    219                       224     -5      126
  SINCE JUL 1    278                       327    -49      218

 COOLING
  YESTERDAY        0                         0      0        3
  MONTH TO DATE    7                         0      7       18
  SINCE SEP 1      7                         0      7       18
  SINCE JAN 1    293                       157    136      227
..................................................................


WIND (MPH)
  RESULTANT WIND SPEED   2   RESULTANT WIND DIRECTION  NE (60)
  HIGHEST WIND SPEED    13   HIGHEST WIND DIRECTION     N (20)
  HIGHEST GUST SPEED    16   HIGHEST GUST DIRECTION     N (360)
  AVERAGE WIND SPEED     5.3


SKY COVER
  POSSIBLE SUNSHINE  MM
  AVERAGE SKY COVER 0.0


WEATHER CONDITIONS
 THE FOLLOWING WEATHER WAS RECORDED YESTERDAY.
  HAZE


RELATIVE HUMIDITY (PERCENT)
 HIGHEST    79           800 AM
 LOWEST     21           200 PM
 AVERAGE    50

..........................................................


THE EVANSTON WY CLIMATE NORMALS FOR TODAY
                         NORMAL    RECORD    YEAR
 MAXIMUM TEMPERATURE (F)   65        MM        MM
 MINIMUM TEMPERATURE (F)   39        MM        MM


SUNRISE AND SUNSET
SEPTEMBER 26 2016.....SUNRISE   716 AM MDT   SUNSET   713 PM MDT
SEPTEMBER 27 2016.....SUNRISE   717 AM MDT   SUNSET   712 PM MDT


-  INDICATES NEGATIVE NUMBERS.
R  INDICATES RECORD WAS SET OR TIED.
MM INDICATES DATA IS MISSING.
T  INDICATES TRACE AMOUNT.




$$
