000
CDUS42 KMHX 160528
CLIEWN


CLIMATE REPORT
NATIONAL WEATHER SERVICE NEWPORT/MOREHEAD CITY NC
128 AM EDT WED AUG 16 2017


...................................

...THE NEW BERN NC CLIMATE SUMMARY FOR AUGUST 15 2017...

CLIMATE NORMAL PERIOD 1981 TO 2010
CLIMATE RECORD PERIOD 1948 TO 2017


WEATHER ITEM   OBSERVED TIME   RECORD YEAR NORMAL DEPARTURE LAST
                VALUE   (LST)  VALUE       VALUE  FROM      YEAR
                                                  NORMAL
..................................................................
TEMPERATURE (F)
 YESTERDAY
  MAXIMUM         93    158 PM  95    2016  88      5       95
                                      2005
  MINIMUM         74    551 AM  55    1950  71      3       77
  AVERAGE         84                        79      5       86

PRECIPITATION (IN)
  YESTERDAY        0.38          1.65 1994   0.21   0.17     0.00
  MONTH TO DATE    4.44                      3.33   1.11     2.29
  SINCE JUN 1     15.34                     14.09   1.25    17.81
  SINCE JAN 1     34.85                     33.48   1.37    40.52

SNOWFALL (IN)
  YESTERDAY        0.0
  MONTH TO DATE    0.0
  SINCE NOV 1      T
  SINCE JUL 1      0.0
  SNOW DEPTH       0

DEGREE DAYS
 HEATING
  YESTERDAY        0                         0      0        0
  MONTH TO DATE    0                         0      0        0
  SINCE JUN 1      2                         1      1        0
  SINCE JUL 1      0                         0      0        0

 COOLING
  YESTERDAY       19                        14      5       21
  MONTH TO DATE  205                       223    -18      274
  SINCE JUN 1   1084                      1070     14     1232
  SINCE JAN 1   1456                      1313    143     1502
..................................................................


WIND (MPH)
  HIGHEST WIND SPEED    13   HIGHEST WIND DIRECTION     S (180)
  HIGHEST GUST SPEED    17   HIGHEST GUST DIRECTION     S (170)
  AVERAGE WIND SPEED     3.0


SKY COVER
  POSSIBLE SUNSHINE  MM
  AVERAGE SKY COVER 0.4


WEATHER CONDITIONS
 THE FOLLOWING WEATHER WAS RECORDED YESTERDAY.
  THUNDERSTORM
  HEAVY RAIN
  RAIN
  LIGHT RAIN
  FOG
  FOG W/VISIBILITY <= 1/4 MILE


RELATIVE HUMIDITY (PERCENT)
 HIGHEST   100          1200 AM
 LOWEST     60           100 PM
 AVERAGE    80

..........................................................


THE NEW BERN NC CLIMATE NORMALS FOR TODAY
                         NORMAL    RECORD    YEAR
 MAXIMUM TEMPERATURE (F)   88        99      1954
 MINIMUM TEMPERATURE (F)   71        60      1967


SUNRISE AND SUNSET
AUGUST 16 2017........SUNRISE   629 AM EDT   SUNSET   755 PM EDT
AUGUST 17 2017........SUNRISE   630 AM EDT   SUNSET   754 PM EDT


-  INDICATES NEGATIVE NUMBERS.
R  INDICATES RECORD WAS SET OR TIED.
MM INDICATES DATA IS MISSING.
T  INDICATES TRACE AMOUNT.




$$
