000
CDUS42 KMHX 302131
CLIEWN


CLIMATE REPORT
NATIONAL WEATHER SERVICE NEWPORT/MOREHEAD CITY NC
530 PM EDT TUE AUG 30 2016


...................................

...THE NEW BERN NC CLIMATE SUMMARY FOR AUGUST 30 2016...
VALID TODAY AS OF 0500 PM LOCAL TIME.

CLIMATE NORMAL PERIOD 1981 TO 2010
CLIMATE RECORD PERIOD 1948 TO 2016


WEATHER ITEM   OBSERVED TIME   RECORD YEAR NORMAL DEPARTURE LAST
                VALUE   (LST)  VALUE       VALUE  FROM      YEAR
                                                  NORMAL
..................................................................
TEMPERATURE (F)
 TODAY
  MAXIMUM         87   1254 PM  95    1993  86      1       86
  MINIMUM         72    650 AM  50    1965  69      3       66
  AVERAGE         80                        78      2       76

PRECIPITATION (IN)
  TODAY            0.02          4.02 1954   0.19  -0.17      T
  MONTH TO DATE    5.14                      6.46  -1.32     7.64
  SINCE JUN 1     20.66                     17.22   3.44    23.27
  SINCE JAN 1     43.37                     36.61   6.76    40.09

SNOWFALL (IN)
  TODAY            0.0
  MONTH TO DATE    0.0
  SINCE NOV 1      T
  SINCE JUL 1      0.0
  SNOW DEPTH       0

DEGREE DAYS
 HEATING
  TODAY            0                         0      0        0
  MONTH TO DATE    0                         0      0        0
  SINCE JUN 1      0                         1     -1        0
  SINCE JUL 1      0                         0      0        0

 COOLING
  TODAY           15                        13      2       11
  MONTH TO DATE  512                       426     86      420
  SINCE JUN 1   1470                      1273    197     1411
  SINCE JAN 1   1740                      1516    224     1709
..................................................................


WIND (MPH)
  HIGHEST WIND SPEED    15   HIGHEST WIND DIRECTION     N (350)
  HIGHEST GUST SPEED    20   HIGHEST GUST DIRECTION     N (360)
  AVERAGE WIND SPEED     6.9


SKY COVER
  POSSIBLE SUNSHINE  MM
  AVERAGE SKY COVER 0.2


WEATHER CONDITIONS
 THE FOLLOWING WEATHER WAS RECORDED TODAY.
  THUNDERSTORM
  LIGHT RAIN


RELATIVE HUMIDITY (PERCENT)
 HIGHEST    93           200 AM
 LOWEST     68           100 PM
 AVERAGE    81

..........................................................


THE NEW BERN NC CLIMATE NORMALS FOR TOMORROW
                         NORMAL    RECORD    YEAR
 MAXIMUM TEMPERATURE (F)   86        96      1957
 MINIMUM TEMPERATURE (F)   69        53      1965


SUNRISE AND SUNSET
AUGUST 30 2016........SUNRISE   640 AM EDT   SUNSET   737 PM EDT
AUGUST 31 2016........SUNRISE   640 AM EDT   SUNSET   736 PM EDT


-  INDICATES NEGATIVE NUMBERS.
R  INDICATES RECORD WAS SET OR TIED.
MM INDICATES DATA IS MISSING.
T  INDICATES TRACE AMOUNT.




$$
