000
CDUS42 KMHX 292145
CLIEWN


CLIMATE REPORT
NATIONAL WEATHER SERVICE NEWPORT/MOREHEAD CITY NC
545 PM EDT FRI AUG 29 2014


...................................

...THE NEW BERN NC CLIMATE SUMMARY FOR AUGUST 29 2014...
VALID TODAY AS OF 0500 PM LOCAL TIME.

CLIMATE NORMAL PERIOD 1981 TO 2010
CLIMATE RECORD PERIOD 1948 TO 2014


WEATHER ITEM   OBSERVED TIME   RECORD YEAR NORMAL DEPARTURE LAST
                VALUE   (LST)  VALUE       VALUE  FROM      YEAR
                                                  NORMAL
..................................................................
TEMPERATURE (F)
 TODAY
  MAXIMUM         89    122 PM  98    1993  87      2       89
  MINIMUM         73    611 AM  54    1965  69      4       74
  AVERAGE         81                        78      3       82

PRECIPITATION (IN)
  TODAY            0.00          1.10 1964   0.20  -0.20      T
  MONTH TO DATE    9.13                      6.27   2.86     6.08
  SINCE JUN 1     19.13                     17.03   2.10    18.02
  SINCE JAN 1     37.01                     36.42   0.59    29.37

SNOWFALL (IN)
  TODAY            0.0
  MONTH TO DATE    0.0
  SINCE NOV 1     14.0
  SINCE JUL 1      0.0
  SNOW DEPTH       0

DEGREE DAYS
 HEATING
  TODAY            0                         0      0        0
  MONTH TO DATE    0                         0      0        0
  SINCE JUN 1      0                         1     -1        0
  SINCE JUL 1      0                         0      0        0

 COOLING
  TODAY           16                        13      3       17
  MONTH TO DATE  412                       413     -1      407
  SINCE JUN 1   1316                      1260     56     1333
  SINCE JAN 1   1677                      1503    174     1589
..................................................................


WIND (MPH)
  HIGHEST WIND SPEED     9   HIGHEST WIND DIRECTION     E (90)
  HIGHEST GUST SPEED    14   HIGHEST GUST DIRECTION     E (70)
  AVERAGE WIND SPEED     4.4


SKY COVER
  POSSIBLE SUNSHINE  MM
  AVERAGE SKY COVER 0.5


WEATHER CONDITIONS
 THE FOLLOWING WEATHER WAS RECORDED TODAY.
  NO SIGNIFICANT WEATHER WAS OBSERVED.


RELATIVE HUMIDITY (PERCENT)
 HIGHEST    87           200 AM
 LOWEST     59           100 PM
 AVERAGE    73

..........................................................


THE NEW BERN NC CLIMATE NORMALS FOR TOMORROW
                         NORMAL    RECORD    YEAR
 MAXIMUM TEMPERATURE (F)   86        95      1993
 MINIMUM TEMPERATURE (F)   69        50      1965


SUNRISE AND SUNSET
AUGUST 29 2014........SUNRISE   639 AM EDT   SUNSET   739 PM EDT
AUGUST 30 2014........SUNRISE   639 AM EDT   SUNSET   738 PM EDT


-  INDICATES NEGATIVE NUMBERS.
R  INDICATES RECORD WAS SET OR TIED.
MM INDICATES DATA IS MISSING.
T  INDICATES TRACE AMOUNT.




$$
