000
CDUS42 KMHX 030625
CLIEWN


CLIMATE REPORT
NATIONAL WEATHER SERVICE NEWPORT/MOREHEAD CITY NC
125 AM EST SAT DEC 3 2016


...................................

...THE NEW BERN NC CLIMATE SUMMARY FOR DECEMBER 2 2016...

CLIMATE NORMAL PERIOD 1981 TO 2010
CLIMATE RECORD PERIOD 1948 TO 2016


WEATHER ITEM   OBSERVED TIME   RECORD YEAR NORMAL DEPARTURE LAST
                VALUE   (LST)  VALUE       VALUE  FROM      YEAR
                                                  NORMAL
..................................................................
TEMPERATURE (F)
 YESTERDAY
  MAXIMUM         58    234 PM  81    1991  61     -3       76
  MINIMUM         41   1112 PM  20    1965  39      2       56
  AVERAGE         50                        50      0       66

PRECIPITATION (IN)
  YESTERDAY        0.00          1.26 2009   0.12  -0.12     0.54
  MONTH TO DATE    0.12                      0.23  -0.11     0.56
  SINCE DEC 1      0.12                      0.23  -0.11     0.56
  SINCE JAN 1     61.93                     49.58  12.35    60.45

SNOWFALL (IN)
  YESTERDAY        0.0
  MONTH TO DATE    0.0
  SINCE NOV 1      0.0
  SINCE JUL 1      0.0
  SNOW DEPTH       0

DEGREE DAYS
 HEATING
  YESTERDAY       15                        15      0        0
  MONTH TO DATE   22                        30     -8        9
  SINCE DEC 1     22                        30     -8        9
  SINCE JUL 1    417                       457    -40      292

 COOLING
  YESTERDAY        0                         0      0        1
  MONTH TO DATE    0                         0      0        1
  SINCE DEC 1      0                         0      0        1
  SINCE JAN 1   2260                      1900    360     2167
..................................................................


WIND (MPH)
  HIGHEST WIND SPEED    12   HIGHEST WIND DIRECTION    NW (300)
  HIGHEST GUST SPEED    16   HIGHEST GUST DIRECTION     W (270)
  AVERAGE WIND SPEED     6.0


SKY COVER
  POSSIBLE SUNSHINE  MM
  AVERAGE SKY COVER 0.0


WEATHER CONDITIONS
 THE FOLLOWING WEATHER WAS RECORDED YESTERDAY.
  NO SIGNIFICANT WEATHER WAS OBSERVED.


RELATIVE HUMIDITY (PERCENT)
 HIGHEST    89          1200 AM
 LOWEST     39           300 PM
 AVERAGE    64

..........................................................


THE NEW BERN NC CLIMATE NORMALS FOR TODAY
                         NORMAL    RECORD    YEAR
 MAXIMUM TEMPERATURE (F)   61        80      1991
 MINIMUM TEMPERATURE (F)   39        22      1960


SUNRISE AND SUNSET
DECEMBER  3 2016......SUNRISE   700 AM EST   SUNSET   456 PM EST
DECEMBER  4 2016......SUNRISE   701 AM EST   SUNSET   456 PM EST


-  INDICATES NEGATIVE NUMBERS.
R  INDICATES RECORD WAS SET OR TIED.
MM INDICATES DATA IS MISSING.
T  INDICATES TRACE AMOUNT.




$$
