392
CDUS42 KMHX 170625
CLIEWN


CLIMATE REPORT
NATIONAL WEATHER SERVICE NEWPORT/MOREHEAD CITY NC
125 AM EST TUE JAN 17 2017


...................................

...THE NEW BERN NC CLIMATE SUMMARY FOR JANUARY 16 2017...

CLIMATE NORMAL PERIOD 1981 TO 2010
CLIMATE RECORD PERIOD 1948 TO 2017


WEATHER ITEM   OBSERVED TIME   RECORD YEAR NORMAL DEPARTURE LAST
                VALUE   (LST)  VALUE       VALUE  FROM      YEAR
                                                  NORMAL
..................................................................
TEMPERATURE (F)
 YESTERDAY
  MAXIMUM         54    401 PM  79    2013  54      0       65
                                      1950
  MINIMUM         42    556 AM  10    1994  34      8       40
  AVERAGE         48                        44      4       53

PRECIPITATION (IN)
  YESTERDAY        0.02          1.08 1991   0.13  -0.11     0.00
  MONTH TO DATE    2.86                      2.12   0.74     1.32
  SINCE DEC 1      6.36                      5.52   0.84     7.74
  SINCE JAN 1      2.86                      2.12   0.74     1.32

SNOWFALL (IN)
  YESTERDAY       MM
  MONTH TO DATE    T
  SINCE NOV 1      T
  SINCE JUL 1      T
  SNOW DEPTH       0

DEGREE DAYS
 HEATING
  YESTERDAY       17                        21     -4       12
  MONTH TO DATE  287                       336    -49      320
  SINCE DEC 1    825                       903    -78      524
  SINCE JUL 1   1220                      1330   -110      807

 COOLING
  YESTERDAY        0                         0      0        0
  MONTH TO DATE    0                         0      0        0
  SINCE DEC 1      0                         3     -3       49
  SINCE JAN 1      0                         0      0        0
..................................................................


WIND (MPH)
  HIGHEST WIND SPEED    10   HIGHEST WIND DIRECTION    NE (60)
  HIGHEST GUST SPEED    12   HIGHEST GUST DIRECTION    NE (50)
  AVERAGE WIND SPEED     4.7


SKY COVER
  POSSIBLE SUNSHINE  MM
  AVERAGE SKY COVER 1.0


WEATHER CONDITIONS
 THE FOLLOWING WEATHER WAS RECORDED YESTERDAY.
  LIGHT RAIN
  FOG


RELATIVE HUMIDITY (PERCENT)
 HIGHEST    89           600 AM
 LOWEST     64           200 PM
 AVERAGE    77

..........................................................


THE NEW BERN NC CLIMATE NORMALS FOR TODAY
                         NORMAL    RECORD    YEAR
 MAXIMUM TEMPERATURE (F)   54        78      1949
 MINIMUM TEMPERATURE (F)   34        10      1977


SUNRISE AND SUNSET
JANUARY 17 2017.......SUNRISE   715 AM EST   SUNSET   522 PM EST
JANUARY 18 2017.......SUNRISE   715 AM EST   SUNSET   523 PM EST


-  INDICATES NEGATIVE NUMBERS.
R  INDICATES RECORD WAS SET OR TIED.
MM INDICATES DATA IS MISSING.
T  INDICATES TRACE AMOUNT.




$$
