000
CDUS42 KMHX 210525
CLIEWN


CLIMATE REPORT
NATIONAL WEATHER SERVICE NEWPORT/MOREHEAD CITY NC
125 AM EDT MON APR 21 2014


...................................

...THE NEW BERN NC CLIMATE SUMMARY FOR APRIL 20 2014...

CLIMATE NORMAL PERIOD 1981 TO 2010
CLIMATE RECORD PERIOD 1948 TO 2014


WEATHER ITEM   OBSERVED TIME   RECORD YEAR NORMAL DEPARTURE LAST
                VALUE   (LST)  VALUE       VALUE  FROM      YEAR
                                                  NORMAL
..................................................................
TEMPERATURE (F)
 YESTERDAY
  MAXIMUM         58   1152 AM  92    1955  75    -17       68
  MINIMUM         52   1159 PM  32    1983  51      1       46
  AVERAGE         55                        63     -8       57

PRECIPITATION (IN)
  YESTERDAY        0.28          1.26 1991   0.10   0.18     0.34
  MONTH TO DATE    3.55                      2.08   1.47     1.72
  SINCE MAR 1      8.15                      6.47   1.68     2.89
  SINCE JAN 1     14.68                     14.15   0.53     9.03

SNOWFALL (IN)
  YESTERDAY        0.0
  MONTH TO DATE    0.0
  SINCE NOV 1     14.0
  SINCE JUL 1     14.0
  SNOW DEPTH       0

DEGREE DAYS
 HEATING
  YESTERDAY       10                         4      6        8
  MONTH TO DATE   88                       119    -31       99
  SINCE MAR 1    546                       488     58      581
  SINCE JUL 1   2620                      2634    -14     2507

 COOLING
  YESTERDAY        0                         2     -2        0
  MONTH TO DATE   43                        30     13       59
  SINCE MAR 1     46                        41      5       60
  SINCE JAN 1     51                        44      7       67
..................................................................


WIND (MPH)
  HIGHEST WIND SPEED    28   HIGHEST WIND DIRECTION    NE (30)
  HIGHEST GUST SPEED    43   HIGHEST GUST DIRECTION    NE (40)
  AVERAGE WIND SPEED    16.9


SKY COVER
  POSSIBLE SUNSHINE  MM
  AVERAGE SKY COVER 0.9


WEATHER CONDITIONS
 THE FOLLOWING WEATHER WAS RECORDED YESTERDAY.
  RAIN
  LIGHT RAIN
  FOG


RELATIVE HUMIDITY (PERCENT)
 HIGHEST    93          1000 AM
 LOWEST     71           900 PM
 AVERAGE    82

..........................................................


THE NEW BERN NC CLIMATE NORMALS FOR TODAY
                         NORMAL    RECORD    YEAR
 MAXIMUM TEMPERATURE (F)   75        92      1970
 MINIMUM TEMPERATURE (F)   52        32      1983


SUNRISE AND SUNSET
APRIL 21 2014.........SUNRISE   629 AM EDT   SUNSET   746 PM EDT
APRIL 22 2014.........SUNRISE   627 AM EDT   SUNSET   746 PM EDT


-  INDICATES NEGATIVE NUMBERS.
R  INDICATES RECORD WAS SET OR TIED.
MM INDICATES DATA IS MISSING.
T  INDICATES TRACE AMOUNT.




$$
