000
CDUS42 KMHX 260531
CLIEWN


CLIMATE REPORT
NATIONAL WEATHER SERVICE NEWPORT/MOREHEAD CITY NC
131 AM EDT MON SEP 26 2016


...................................

...THE NEW BERN NC CLIMATE SUMMARY FOR SEPTEMBER 25 2016...

CLIMATE NORMAL PERIOD 1981 TO 2010
CLIMATE RECORD PERIOD 1948 TO 2016


WEATHER ITEM   OBSERVED TIME   RECORD YEAR NORMAL DEPARTURE LAST
                VALUE   (LST)  VALUE       VALUE  FROM      YEAR
                                                  NORMAL
..................................................................
TEMPERATURE (F)
 YESTERDAY
  MAXIMUM         77    223 PM  93    1986  81     -4       75
  MINIMUM         67   1159 PM  46    1949  62      5       69
  AVERAGE         72                        71      1       72

PRECIPITATION (IN)
  YESTERDAY        0.00          2.83 1989   0.18  -0.18     1.35
  MONTH TO DATE   10.83                      4.98   5.85     3.86
  SINCE SEP 1     10.83                      4.98   5.85     3.86
  SINCE JAN 1     54.20                     41.78  12.42    45.08

SNOWFALL (IN)
  YESTERDAY        0.0
  MONTH TO DATE    0.0
  SINCE NOV 1      T
  SINCE JUL 1      0.0
  SNOW DEPTH       0

DEGREE DAYS
 HEATING
  YESTERDAY        0                         0      0        0
  MONTH TO DATE    0                         0      0        0
  SINCE SEP 1      0                         0      0        0
  SINCE JUL 1      0                         0      0        0

 COOLING
  YESTERDAY        7                         7      0        7
  MONTH TO DATE  319                       244     75      283
  SINCE SEP 1    319                       244     75      283
  SINCE JAN 1   2074                      1773    301     2004
..................................................................


WIND (MPH)
  HIGHEST WIND SPEED    13   HIGHEST WIND DIRECTION    NE (60)
  HIGHEST GUST SPEED    17   HIGHEST GUST DIRECTION    NE (60)
  AVERAGE WIND SPEED     8.0


SKY COVER
  POSSIBLE SUNSHINE  MM
  AVERAGE SKY COVER 0.9


WEATHER CONDITIONS
 THE FOLLOWING WEATHER WAS RECORDED YESTERDAY.
  NO SIGNIFICANT WEATHER WAS OBSERVED.


RELATIVE HUMIDITY (PERCENT)
 HIGHEST    93          1200 AM
 LOWEST     60           400 PM
 AVERAGE    77

..........................................................


THE NEW BERN NC CLIMATE NORMALS FOR TODAY
                         NORMAL    RECORD    YEAR
 MAXIMUM TEMPERATURE (F)   80        93      1986
 MINIMUM TEMPERATURE (F)   62        46      1967


SUNRISE AND SUNSET
SEPTEMBER 26 2016.....SUNRISE   700 AM EDT   SUNSET   658 PM EDT
SEPTEMBER 27 2016.....SUNRISE   700 AM EDT   SUNSET   657 PM EDT


-  INDICATES NEGATIVE NUMBERS.
R  INDICATES RECORD WAS SET OR TIED.
MM INDICATES DATA IS MISSING.
T  INDICATES TRACE AMOUNT.




$$
