000
CDUS42 KMHX 280531
CLIEWN


CLIMATE REPORT
NATIONAL WEATHER SERVICE NEWPORT/MOREHEAD CITY NC
130 AM EDT SAT MAR 28 2015


...................................

...THE NEW BERN NC CLIMATE SUMMARY FOR MARCH 27 2015...

CLIMATE NORMAL PERIOD 1981 TO 2010
CLIMATE RECORD PERIOD 1948 TO 2015


WEATHER ITEM   OBSERVED TIME   RECORD YEAR NORMAL DEPARTURE LAST
                VALUE   (LST)  VALUE       VALUE  FROM      YEAR
                                                  NORMAL
..................................................................
TEMPERATURE (F)
 YESTERDAY
  MAXIMUM         70    948 AM  84    2007  68      2       59
  MINIMUM         43   1159 PM  24    2014  45     -2       24
  AVERAGE         57                        57      0       42

PRECIPITATION (IN)
  YESTERDAY        0.98          1.03 1993   0.14   0.84     0.00
  MONTH TO DATE    3.36                      3.85  -0.49     3.87
  SINCE MAR 1      3.36                      3.85  -0.49     3.87
  SINCE JAN 1     11.73                     11.53   0.20    10.40

SNOWFALL (IN)
  YESTERDAY        0.0
  MONTH TO DATE    0.0
  SINCE NOV 1      3.0
  SINCE JUL 1      3.0
  SNOW DEPTH       0

DEGREE DAYS
 HEATING
  YESTERDAY        8                         9     -1       23
  MONTH TO DATE  278                       336    -58      433
  SINCE MAR 1    278                       336    -58      433
  SINCE JUL 1   2521                      2482     39     2507

 COOLING
  YESTERDAY        0                         1     -1        0
  MONTH TO DATE   23                         1     22        1
  SINCE MAR 1     23                         1     22        1
  SINCE JAN 1     30                         4     26        6
..................................................................


WIND (MPH)
  HIGHEST WIND SPEED    23   HIGHEST WIND DIRECTION     N (20)
  HIGHEST GUST SPEED    30   HIGHEST GUST DIRECTION     N (20)
  AVERAGE WIND SPEED    10.2


SKY COVER
  POSSIBLE SUNSHINE  MM
  AVERAGE SKY COVER 0.9


WEATHER CONDITIONS
 THE FOLLOWING WEATHER WAS RECORDED YESTERDAY.
  THUNDERSTORM
  HEAVY RAIN
  RAIN
  LIGHT RAIN
  FOG


RELATIVE HUMIDITY (PERCENT)
 HIGHEST    93           500 AM
 LOWEST     78          1000 AM
 AVERAGE    86

..........................................................


THE NEW BERN NC CLIMATE NORMALS FOR TODAY
                         NORMAL    RECORD    YEAR
 MAXIMUM TEMPERATURE (F)   69        84      2007
                                             1985
 MINIMUM TEMPERATURE (F)   45        28      1966


SUNRISE AND SUNSET
MARCH 28 2015.........SUNRISE   701 AM EDT   SUNSET   726 PM EDT
MARCH 29 2015.........SUNRISE   700 AM EDT   SUNSET   727 PM EDT


-  INDICATES NEGATIVE NUMBERS.
R  INDICATES RECORD WAS SET OR TIED.
MM INDICATES DATA IS MISSING.
T  INDICATES TRACE AMOUNT.




$$
