000
CDUS42 KMHX 040527
CLIEWN


CLIMATE REPORT
NATIONAL WEATHER SERVICE NEWPORT/MOREHEAD CITY NC
127 AM EDT TUE AUG 4 2015


...................................

...THE NEW BERN NC CLIMATE SUMMARY FOR AUGUST 3 2015...

CLIMATE NORMAL PERIOD 1981 TO 2010
CLIMATE RECORD PERIOD 1948 TO 2015


WEATHER ITEM   OBSERVED TIME   RECORD YEAR NORMAL DEPARTURE LAST
                VALUE   (LST)  VALUE       VALUE  FROM      YEAR
                                                  NORMAL
..................................................................
TEMPERATURE (F)
 YESTERDAY
  MAXIMUM         83    211 PM 100    2011  89     -6       75
  MINIMUM         72   1235 AM  63    1959  71      1       72
                                      1985
  AVERAGE         78                        80     -2       74

PRECIPITATION (IN)
  YESTERDAY        0.07          2.31 1976   0.22  -0.15     1.15
  MONTH TO DATE    0.07                      0.64  -0.57     3.37
  SINCE JUN 1     15.70                     11.40   4.30    13.37
  SINCE JAN 1     32.52                     30.79   1.73    31.25

SNOWFALL (IN)
  YESTERDAY        0.0
  MONTH TO DATE    0.0
  SINCE NOV 1      3.0
  SINCE JUL 1      0.0
  SNOW DEPTH       0

DEGREE DAYS
 HEATING
  YESTERDAY        0                         0      0        0
  MONTH TO DATE    0                         0      0        0
  SINCE JUN 1      0                         1     -1        0
  SINCE JUL 1      0                         0      0        0

 COOLING
  YESTERDAY       13                        15     -2        9
  MONTH TO DATE   50                        45      5       32
  SINCE JUN 1   1041                       892    149      936
  SINCE JAN 1   1339                      1135    204     1297
..................................................................


WIND (MPH)
  HIGHEST WIND SPEED    16   HIGHEST WIND DIRECTION    SW (210)
  HIGHEST GUST SPEED    21   HIGHEST GUST DIRECTION     S (180)
  AVERAGE WIND SPEED     6.0


SKY COVER
  POSSIBLE SUNSHINE  MM
  AVERAGE SKY COVER 0.4


WEATHER CONDITIONS
 THE FOLLOWING WEATHER WAS RECORDED YESTERDAY.
  RAIN
  LIGHT RAIN
  FOG
  HAZE


RELATIVE HUMIDITY (PERCENT)
 HIGHEST    94           900 PM
 LOWEST     74           200 PM
 AVERAGE    84

..........................................................


THE NEW BERN NC CLIMATE NORMALS FOR TODAY
                         NORMAL    RECORD    YEAR
 MAXIMUM TEMPERATURE (F)   89        99      1980
 MINIMUM TEMPERATURE (F)   71        61      1956


SUNRISE AND SUNSET
AUGUST  4 2015........SUNRISE   620 AM EDT   SUNSET   809 PM EDT
AUGUST  5 2015........SUNRISE   620 AM EDT   SUNSET   808 PM EDT


-  INDICATES NEGATIVE NUMBERS.
R  INDICATES RECORD WAS SET OR TIED.
MM INDICATES DATA IS MISSING.
T  INDICATES TRACE AMOUNT.




$$
