000
CDUS42 KMHX 150534
CLIEWN


CLIMATE REPORT
NATIONAL WEATHER SERVICE NEWPORT/MOREHEAD CITY NC
1233 AM EST FRI DEC 15 2017


...................................

...THE NEW BERN NC CLIMATE SUMMARY FOR DECEMBER 14 2017...

CLIMATE NORMAL PERIOD 1981 TO 2010
CLIMATE RECORD PERIOD 1948 TO 2017


WEATHER ITEM   OBSERVED TIME   RECORD YEAR NORMAL DEPARTURE LAST
                VALUE   (LST)  VALUE       VALUE  FROM      YEAR
                                                  NORMAL
..................................................................
TEMPERATURE (F)
 YESTERDAY
  MAXIMUM         59    259 PM  80    1991  58      1       52
  MINIMUM         31    934 PM  16    1962  36     -5       40
  AVERAGE         45                        47     -2       46

PRECIPITATION (IN)
  YESTERDAY        0.00          1.68 2003   0.11  -0.11     0.03
  MONTH TO DATE    2.67                      1.53   1.14     2.66
  SINCE DEC 1      2.67                      1.53   1.14     2.66
  SINCE JAN 1     49.71                     50.88  -1.17    64.47

SNOWFALL (IN)
  YESTERDAY        0.0
  MONTH TO DATE    0.0
  SINCE NOV 1      0.0
  SINCE JUL 1      0.0
  SNOW DEPTH       0

DEGREE DAYS
 HEATING
  YESTERDAY       20                        18      2       19
  MONTH TO DATE  261                       230     31      238
  SINCE DEC 1    261                       230     31      238
  SINCE JUL 1    700                       657     43      633

 COOLING
  YESTERDAY        0                         0      0        0
  MONTH TO DATE    0                         0      0        0
  SINCE DEC 1      0                         0      0        0
  SINCE JAN 1   2150                      1900    250     2260
..................................................................


WIND (MPH)
  HIGHEST WIND SPEED    16   HIGHEST WIND DIRECTION     W (250)
  HIGHEST GUST SPEED    24   HIGHEST GUST DIRECTION    SW (230)
  AVERAGE WIND SPEED     7.3


SKY COVER
  POSSIBLE SUNSHINE  MM
  AVERAGE SKY COVER 0.0


WEATHER CONDITIONS
 THE FOLLOWING WEATHER WAS RECORDED YESTERDAY.
  NO SIGNIFICANT WEATHER WAS OBSERVED.


RELATIVE HUMIDITY (PERCENT)
 HIGHEST    92           800 PM
 LOWEST     36           100 PM
 AVERAGE    64

..........................................................


THE NEW BERN NC CLIMATE NORMALS FOR TODAY
                         NORMAL    RECORD    YEAR
 MAXIMUM TEMPERATURE (F)   57        81      1971
 MINIMUM TEMPERATURE (F)   36        12      1962


SUNRISE AND SUNSET
DECEMBER 15 2017......SUNRISE   709 AM EST   SUNSET   458 PM EST
DECEMBER 16 2017......SUNRISE   710 AM EST   SUNSET   458 PM EST


-  INDICATES NEGATIVE NUMBERS.
R  INDICATES RECORD WAS SET OR TIED.
MM INDICATES DATA IS MISSING.
T  INDICATES TRACE AMOUNT.




$$
